
CREATE TABLE IF NOT EXISTS `AreaGroupBlockTypes` (
  `cID` int(10) unsigned NOT NULL DEFAULT '0',
  `arHandle` varchar(255) NOT NULL,
  `gID` int(10) unsigned NOT NULL DEFAULT '0',
  `uID` int(10) unsigned NOT NULL DEFAULT '0',
  `btID` int(10) unsigned NOT NULL DEFAULT '0',
  PRIMARY KEY (`cID`,`arHandle`,`gID`,`uID`,`btID`)
) ENGINE=MyISAM DEFAULT CHARSET=latin1;




CREATE TABLE IF NOT EXISTS `AreaGroups` (
  `cID` int(10) unsigned NOT NULL DEFAULT '0',
  `arHandle` varchar(255) NOT NULL,
  `gID` int(10) unsigned NOT NULL DEFAULT '0',
  `uID` int(10) unsigned NOT NULL DEFAULT '0',
  `agPermissions` varchar(64) NOT NULL,
  PRIMARY KEY (`cID`,`arHandle`,`gID`,`uID`)
) ENGINE=MyISAM DEFAULT CHARSET=latin1;




CREATE TABLE IF NOT EXISTS `Areas` (
  `arID` int(10) unsigned NOT NULL AUTO_INCREMENT,
  `cID` int(10) unsigned NOT NULL DEFAULT '0',
  `arHandle` varchar(255) NOT NULL,
  `arOverrideCollectionPermissions` tinyint(1) NOT NULL DEFAULT '0',
  `arInheritPermissionsFromAreaOnCID` int(10) unsigned NOT NULL DEFAULT '0',
  PRIMARY KEY (`arID`)
) ENGINE=MyISAM AUTO_INCREMENT=751 DEFAULT CHARSET=latin1;

INSERT INTO Areas VALUES(1,1,'Header Nav',0,0)
 ,(2,1,'Header',0,0)
 ,(3,1,'Sidebar',0,0)
 ,(4,1,'Main',0,0)
 ,(285,87,'Header',0,0)
 ,(281,101,'Header-nav',0,0)
 ,(280,101,'Footer',0,0)
 ,(279,101,'Header-left',0,0)
 ,(13,65,'Header Nav',0,0)
 ,(14,65,'Header',0,0)
 ,(15,65,'Main',0,0)
 ,(225,92,'Sidebar-Right',0,0)
 ,(224,92,'Main',0,0)
 ,(223,92,'Sidebar',0,0)
 ,(222,92,'Header-nav',0,0)
 ,(50,13,'Main',0,0)
 ,(58,36,'Francais',0,0)
 ,(59,1,'Header Top',0,0)
 ,(60,1,'Footer Left',0,0)
 ,(61,1,'Footer Middle',0,0)
 ,(62,1,'Footer Right',0,0)
 ,(221,92,'Header-right',0,0)
 ,(220,92,'Header',0,0)
 ,(219,92,'Header-left',0,0)
 ,(67,1,'Main : Layout 1 : Cell 1',0,0)
 ,(68,1,'Main : Layout 2 : Cell 1',0,0)
 ,(69,1,'Main : Layout 2 : Cell 2',0,0)
 ,(70,1,'Main : Layout 2 : Cell 3',0,0)
 ,(71,1,'Header logo',0,0)
 ,(72,1,'Header center',0,0)
 ,(73,1,'Header left',0,0)
 ,(74,1,'Col left',0,0)
 ,(75,1,'Col center',0,0)
 ,(76,1,'Col center left',0,0)
 ,(77,1,'Col center right',0,0)
 ,(78,1,'Col center bottom',0,0)
 ,(79,1,'Col right',0,0)
 ,(218,65,'Footer-2',0,0)
 ,(217,65,'Footer',0,0)
 ,(216,65,'Header-nav',0,0)
 ,(215,65,'Header-right',0,0)
 ,(214,65,'Header-left',0,0)
 ,(105,1,'Col center : Layout 1 : Cell 1',0,0)
 ,(106,1,'Col center : Layout 2 : Cell 1',0,0)
 ,(107,1,'Col center : Layout 2 : Cell 2',0,0)
 ,(108,1,'Header center : Layout 1 : Cell 1',0,0)
 ,(109,1,'Header center : Layout 1 : Cell 2',0,0)
 ,(110,1,'footer 1',0,0)
 ,(111,1,'footer 2',0,0)
 ,(227,92,'Footer-2',0,0)
 ,(226,92,'Footer',0,0)
 ,(204,85,'Footer-2',0,0)
 ,(203,85,'Footer',0,0)
 ,(143,13,'Header logo',0,0)
 ,(144,13,'Header center',0,0)
 ,(145,13,'Header left',0,0)
 ,(146,13,'Header nav',0,0)
 ,(147,13,'footer 1',0,0)
 ,(148,13,'footer 2',0,0)
 ,(149,1,'Sidebar-Right',0,0)
 ,(150,1,'Header-left',0,0)
 ,(151,1,'Header-right',0,0)
 ,(152,1,'Footer',0,0)
 ,(153,1,'Footer-2',0,0)
 ,(202,85,'Sidebar-Right',0,0)
 ,(201,85,'Main',0,0)
 ,(200,85,'Sidebar',0,0)
 ,(199,85,'Header-nav',0,0)
 ,(198,85,'Header-right',0,0)
 ,(197,85,'Header',0,0)
 ,(196,85,'Header-left',0,0)
 ,(162,1,'Header-nav',0,0)
 ,(278,101,'Footer-2',0,0)
 ,(277,101,'Sidebar',0,0)
 ,(276,101,'Header-right',0,0)
 ,(275,101,'Header',0,0)
 ,(284,87,'Header-left',0,0)
 ,(283,98,'Header',0,0)
 ,(282,98,'Main',0,0)
 ,(616,140,'Header-left',0,0)
 ,(396,115,'Header-nav',0,0)
 ,(395,115,'Header',0,0)
 ,(234,89,'Header-left',0,0)
 ,(235,89,'Header',0,0)
 ,(236,89,'Header-right',0,0)
 ,(237,89,'Header-nav',0,0)
 ,(238,89,'Sidebar',0,0)
 ,(239,89,'Main',0,0)
 ,(240,89,'Sidebar-Right',0,0)
 ,(241,89,'Footer',0,0)
 ,(242,89,'Footer-2',0,0)
 ,(394,115,'Footer',0,0)
 ,(393,115,'Header-left',0,0)
 ,(392,115,'Footer-2',0,0)
 ,(391,115,'Sidebar',0,0)
 ,(249,91,'Header-left',0,0)
 ,(250,91,'Header',0,0)
 ,(251,91,'Header-right',0,0)
 ,(252,91,'Header-nav',0,0)
 ,(253,91,'Sidebar',0,0)
 ,(254,91,'Main',0,0)
 ,(255,91,'Sidebar-Right',0,0)
 ,(256,91,'Footer',0,0)
 ,(257,91,'Footer-2',0,0)
 ,(467,125,'Header-nav',0,0)
 ,(466,125,'Header',0,0)
 ,(465,125,'Footer',0,0)
 ,(464,125,'Header-left',0,0)
 ,(463,125,'Footer-2',0,0)
 ,(462,125,'Header-right',0,0)
 ,(268,100,'Header',0,0)
 ,(269,100,'Header-right',0,0)
 ,(270,100,'Sidebar',0,0)
 ,(271,100,'Footer-2',0,0)
 ,(272,100,'Header-left',0,0)
 ,(273,100,'Footer',0,0)
 ,(274,100,'Header-nav',0,0)
 ,(286,87,'Header-right',0,0)
 ,(287,87,'Header-nav',0,0)
 ,(288,87,'Sidebar',0,0)
 ,(289,87,'Main',0,0)
 ,(290,87,'Sidebar-Right',0,0)
 ,(291,87,'Footer',0,0)
 ,(292,87,'Footer-2',0,0)
 ,(293,100,'Main',0,0)
 ,(294,100,'Sidebar-Right',0,0)
 ,(390,115,'Header-right',0,0)
 ,(296,100,'Main : Layout 1 : Cell 1',0,0)
 ,(297,100,'Main : Layout 1 : Cell 2',0,0)
 ,(460,124,'Footer-2',0,0)
 ,(454,123,'Sidebar',0,0)
 ,(453,123,'Footer-2',0,0)
 ,(452,123,'Header-left',0,0)
 ,(451,123,'Footer',0,0)
 ,(450,123,'Header',0,0)
 ,(459,124,'Header-left',0,0)
 ,(458,124,'Footer',0,0)
 ,(457,124,'Header',0,0)
 ,(456,124,'Header-nav',0,0)
 ,(455,124,'Header-right',0,0)
 ,(312,104,'Header',0,0)
 ,(313,104,'Header-right',0,0)
 ,(314,104,'Sidebar',0,0)
 ,(315,104,'Footer-2',0,0)
 ,(316,104,'Header-left',0,0)
 ,(317,104,'Footer',0,0)
 ,(318,105,'Header',0,0)
 ,(319,105,'Header-right',0,0)
 ,(320,105,'Sidebar',0,0)
 ,(321,105,'Footer-2',0,0)
 ,(322,105,'Header-left',0,0)
 ,(323,105,'Footer',0,0)
 ,(324,106,'Header',0,0)
 ,(325,106,'Header-right',0,0)
 ,(326,106,'Sidebar',0,0)
 ,(327,106,'Footer-2',0,0)
 ,(328,106,'Header-left',0,0)
 ,(329,106,'Footer',0,0)
 ,(330,90,'Header-left',0,0)
 ,(331,90,'Header',0,0)
 ,(332,90,'Header-right',0,0)
 ,(333,90,'Header-nav',0,0)
 ,(334,90,'Sidebar',0,0)
 ,(335,90,'Main',0,0)
 ,(336,90,'Sidebar-Right',0,0)
 ,(337,90,'Footer',0,0)
 ,(338,90,'Footer-2',0,0)
 ,(339,107,'Header-right',0,0)
 ,(340,107,'Sidebar',0,0)
 ,(341,107,'Footer-2',0,0)
 ,(342,107,'Header-left',0,0)
 ,(343,107,'Footer',0,0)
 ,(344,107,'Header',0,0)
 ,(345,107,'Header-nav',0,0)
 ,(449,123,'Header-nav',0,0)
 ,(448,123,'Header-right',0,0)
 ,(348,108,'Header',0,0)
 ,(349,108,'Header-right',0,0)
 ,(350,108,'Sidebar',0,0)
 ,(351,108,'Footer-2',0,0)
 ,(352,108,'Header-left',0,0)
 ,(353,108,'Footer',0,0)
 ,(354,109,'Header',0,0)
 ,(355,109,'Header-right',0,0)
 ,(356,109,'Sidebar',0,0)
 ,(357,109,'Footer-2',0,0)
 ,(358,109,'Header-left',0,0)
 ,(359,109,'Footer',0,0)
 ,(360,110,'Header',0,0)
 ,(361,110,'Header-right',0,0)
 ,(362,110,'Sidebar',0,0)
 ,(363,110,'Footer-2',0,0)
 ,(364,110,'Header-left',0,0)
 ,(365,110,'Footer',0,0)
 ,(366,111,'Header',0,0)
 ,(367,111,'Header-right',0,0)
 ,(368,111,'Sidebar',0,0)
 ,(369,111,'Footer-2',0,0)
 ,(370,111,'Header-left',0,0)
 ,(371,111,'Footer',0,0)
 ,(372,112,'Header',0,0)
 ,(373,112,'Header-right',0,0)
 ,(374,112,'Sidebar',0,0)
 ,(375,112,'Footer-2',0,0)
 ,(376,112,'Header-left',0,0)
 ,(377,112,'Footer',0,0)
 ,(378,113,'Header',0,0)
 ,(379,113,'Header-right',0,0)
 ,(380,113,'Sidebar',0,0)
 ,(381,113,'Footer-2',0,0)
 ,(382,113,'Header-left',0,0)
 ,(383,113,'Footer',0,0)
 ,(384,114,'Header',0,0)
 ,(385,114,'Header-right',0,0)
 ,(386,114,'Sidebar',0,0)
 ,(387,114,'Footer-2',0,0)
 ,(388,114,'Header-left',0,0)
 ,(389,114,'Footer',0,0)
 ,(615,140,'Footer',0,0)
 ,(614,140,'Header',0,0)
 ,(613,140,'Header-nav',0,0)
 ,(612,140,'Sidebar-Right',0,0)
 ,(611,140,'Header-right',0,0)
 ,(623,141,'Footer',0,0)
 ,(622,141,'Header',0,0)
 ,(621,141,'Header-nav',0,0)
 ,(620,141,'Sidebar-Right',0,0)
 ,(619,141,'Header-right',0,0)
 ,(631,142,'Footer',0,0)
 ,(630,142,'Header',0,0)
 ,(629,142,'Header-nav',0,0)
 ,(628,142,'Sidebar-Right',0,0)
 ,(627,142,'Header-right',0,0)
 ,(639,143,'Footer',0,0)
 ,(638,143,'Header',0,0)
 ,(637,143,'Header-nav',0,0)
 ,(636,143,'Sidebar-Right',0,0)
 ,(635,143,'Header-right',0,0)
 ,(425,120,'Header-right',0,0)
 ,(426,120,'Sidebar',0,0)
 ,(427,120,'Footer-2',0,0)
 ,(428,120,'Header-left',0,0)
 ,(429,120,'Footer',0,0)
 ,(430,120,'Header',0,0)
 ,(431,120,'Header-nav',0,0)
 ,(444,122,'Header',0,0)
 ,(443,122,'Footer',0,0)
 ,(442,122,'Header-left',0,0)
 ,(441,122,'Footer-2',0,0)
 ,(440,122,'Sidebar',0,0)
 ,(439,122,'Header-right',0,0)
 ,(445,122,'Header-nav',0,0)
 ,(446,107,'Main',0,0)
 ,(447,107,'Sidebar-Right',0,0)
 ,(461,124,'Sidebar',0,0)
 ,(468,125,'Sidebar',0,0)
 ,(586,136,'Sidebar',0,0)
 ,(585,136,'Footer-2',0,0)
 ,(584,136,'Header-left',0,0)
 ,(583,136,'Footer',0,0)
 ,(582,136,'Header',0,0)
 ,(581,136,'Header-nav',0,0)
 ,(570,134,'Sidebar',0,0)
 ,(569,134,'Footer-2',0,0)
 ,(568,134,'Header-left',0,0)
 ,(567,134,'Footer',0,0)
 ,(566,134,'Header',0,0)
 ,(565,134,'Header-nav',0,0)
 ,(575,135,'Footer',0,0)
 ,(574,135,'Header',0,0)
 ,(573,135,'Header-nav',0,0)
 ,(572,135,'Sidebar-Right',0,0)
 ,(571,135,'Header-right',0,0)
 ,(591,137,'Footer',0,0)
 ,(590,137,'Header',0,0)
 ,(589,137,'Header-nav',0,0)
 ,(588,137,'Sidebar-Right',0,0)
 ,(587,137,'Header-right',0,0)
 ,(599,138,'Footer',0,0)
 ,(598,138,'Header',0,0)
 ,(597,138,'Header-nav',0,0)
 ,(596,138,'Sidebar-Right',0,0)
 ,(595,138,'Header-right',0,0)
 ,(607,139,'Footer',0,0)
 ,(606,139,'Header',0,0)
 ,(605,139,'Header-nav',0,0)
 ,(604,139,'Sidebar-Right',0,0)
 ,(603,139,'Header-right',0,0)
 ,(511,115,'Main',0,0)
 ,(512,115,'Sidebar-Right',0,0)
 ,(513,132,'Header-right',0,0)
 ,(514,132,'Sidebar',0,0)
 ,(515,132,'Footer-2',0,0)
 ,(516,132,'Header-left',0,0)
 ,(517,132,'Footer',0,0)
 ,(518,132,'Header',0,0)
 ,(519,132,'Header-nav',0,0)
 ,(520,132,'Sidebar-Right',0,0)
 ,(521,133,'Header-right',0,0)
 ,(522,133,'Sidebar',0,0)
 ,(523,133,'Footer-2',0,0)
 ,(524,133,'Header-left',0,0)
 ,(525,133,'Footer',0,0)
 ,(526,133,'Header',0,0)
 ,(527,133,'Header-nav',0,0)
 ,(528,133,'Sidebar-Right',0,0)
 ,(529,110,'Header-nav',0,0)
 ,(530,110,'Main',0,0)
 ,(531,110,'Sidebar-Right',0,0)
 ,(532,123,'Main',0,0)
 ,(533,123,'Sidebar-Right',0,0)
 ,(534,133,'Main',0,0)
 ,(535,111,'Header-nav',0,0)
 ,(536,111,'Main',0,0)
 ,(537,111,'Sidebar-Right',0,0)
 ,(538,112,'Header-nav',0,0)
 ,(539,112,'Main',0,0)
 ,(540,112,'Sidebar-Right',0,0)
 ,(541,113,'Header-nav',0,0)
 ,(542,113,'Main',0,0)
 ,(543,113,'Sidebar-Right',0,0)
 ,(544,114,'Header-nav',0,0)
 ,(545,114,'Main',0,0)
 ,(546,114,'Sidebar-Right',0,0)
 ,(547,106,'Header-nav',0,0)
 ,(548,106,'Main',0,0)
 ,(549,106,'Sidebar-Right',0,0)
 ,(550,108,'Header-nav',0,0)
 ,(551,108,'Main',0,0)
 ,(552,108,'Sidebar-Right',0,0)
 ,(553,105,'Header-nav',0,0)
 ,(554,105,'Main',0,0)
 ,(555,105,'Sidebar-Right',0,0)
 ,(556,109,'Header-nav',0,0)
 ,(557,109,'Main',0,0)
 ,(558,109,'Sidebar-Right',0,0)
 ,(580,136,'Sidebar-Right',0,0)
 ,(579,136,'Header-right',0,0)
 ,(564,134,'Sidebar-Right',0,0)
 ,(563,134,'Header-right',0,0)
 ,(576,135,'Header-left',0,0)
 ,(577,135,'Footer-2',0,0)
 ,(578,135,'Sidebar',0,0)
 ,(592,137,'Header-left',0,0)
 ,(593,137,'Footer-2',0,0)
 ,(594,137,'Sidebar',0,0)
 ,(600,138,'Header-left',0,0)
 ,(601,138,'Footer-2',0,0)
 ,(602,138,'Sidebar',0,0)
 ,(608,139,'Header-left',0,0)
 ,(609,139,'Footer-2',0,0)
 ,(610,139,'Sidebar',0,0)
 ,(617,140,'Footer-2',0,0)
 ,(618,140,'Sidebar',0,0)
 ,(624,141,'Header-left',0,0)
 ,(625,141,'Footer-2',0,0)
 ,(626,141,'Sidebar',0,0)
 ,(632,142,'Header-left',0,0)
 ,(633,142,'Footer-2',0,0)
 ,(634,142,'Sidebar',0,0)
 ,(640,143,'Header-left',0,0)
 ,(641,140,'Main',0,0)
 ,(642,120,'Main',0,0)
 ,(643,120,'Sidebar-Right',0,0)
 ,(644,122,'Main',0,0)
 ,(645,122,'Sidebar-Right',0,0)
 ,(659,132,'Main',0,0)
 ,(658,104,'Sidebar-Right',0,0)
 ,(657,104,'Main',0,0)
 ,(656,104,'Header-nav',0,0)
 ,(655,101,'Sidebar-Right',0,0)
 ,(654,101,'Main',0,0)
 ,(660,125,'Main',0,0)
 ,(661,125,'Sidebar-Right',0,0)
 ,(662,134,'Main',0,0)
 ,(663,36,'Anglais',0,0)
 ,(664,141,'Main',0,0)
 ,(665,142,'Main',0,0)
 ,(666,143,'Sidebar',0,0)
 ,(667,143,'Main',0,0)
 ,(668,143,'Footer-2',0,0)
 ,(669,86,'Header-left',0,0)
 ,(670,86,'Header',0,0)
 ,(671,86,'Header-right',0,0)
 ,(672,86,'Header-nav',0,0)
 ,(673,86,'Sidebar',0,0)
 ,(674,86,'Main',0,0)
 ,(675,86,'Sidebar-Right',0,0)
 ,(676,86,'Footer',0,0)
 ,(677,86,'Footer-2',0,0)
 ,(678,93,'Header-left',0,0)
 ,(679,93,'Header',0,0)
 ,(680,93,'Header-right',0,0)
 ,(681,93,'Header-nav',0,0)
 ,(682,93,'Sidebar',0,0)
 ,(683,93,'Main',0,0)
 ,(684,93,'Sidebar-Right',0,0)
 ,(685,93,'Footer',0,0)
 ,(686,93,'Footer-2',0,0)
 ,(687,94,'Header-left',0,0)
 ,(688,94,'Header',0,0)
 ,(689,94,'Header-right',0,0)
 ,(690,94,'Header-nav',0,0)
 ,(691,94,'Sidebar',0,0)
 ,(692,94,'Main',0,0)
 ,(693,94,'Sidebar-Right',0,0)
 ,(694,94,'Footer',0,0)
 ,(695,94,'Footer-2',0,0)
 ,(729,157,'Header-right',0,0)
 ,(728,157,'Footer',0,0)
 ,(727,157,'Footer-2',0,0)
 ,(726,157,'Header',0,0)
 ,(725,157,'Header-nav',0,0)
 ,(724,157,'Sidebar',0,0)
 ,(723,157,'Header-left',0,0)
 ,(705,149,'Header-left',0,0)
 ,(706,149,'Header',0,0)
 ,(707,149,'Header-right',0,0)
 ,(708,149,'Header-nav',0,0)
 ,(709,149,'Sidebar',0,0)
 ,(710,149,'Main',0,0)
 ,(711,149,'Sidebar-Right',0,0)
 ,(712,149,'Footer',0,0)
 ,(713,149,'Footer-2',0,0)
 ,(714,152,'Header-left',0,0)
 ,(715,152,'Header',0,0)
 ,(716,152,'Header-right',0,0)
 ,(717,152,'Header-nav',0,0)
 ,(718,152,'Sidebar',0,0)
 ,(719,152,'Main',0,0)
 ,(720,152,'Sidebar-Right',0,0)
 ,(721,152,'Footer',0,0)
 ,(722,152,'Footer-2',0,0)
 ,(730,157,'Sidebar-Right',0,0)
 ,(731,158,'Header-left',0,0)
 ,(732,158,'Header',0,0)
 ,(733,158,'Header-right',0,0)
 ,(734,158,'Sidebar',0,0)
 ,(735,158,'Footer',0,0)
 ,(736,158,'Footer-2',0,0)
 ,(737,159,'Header-left',0,0)
 ,(738,159,'Header',0,0)
 ,(739,159,'Header-right',0,0)
 ,(740,159,'Sidebar',0,0)
 ,(741,159,'Footer',0,0)
 ,(742,159,'Footer-2',0,0)
 ,(743,159,'Header-nav',0,0)
 ,(744,159,'Main',0,0)
 ,(745,159,'Sidebar-Right',0,0)
 ,(746,89,'Main : Layout 1 : Cell 1',0,0)
 ,(747,89,'Main : Layout 1 : Cell 2',0,0)
 ,(748,158,'Header-nav',0,0)
 ,(749,158,'Main',0,0)
 ,(750,158,'Sidebar-Right',0,0);


CREATE TABLE IF NOT EXISTS `AttributeKeyCategories` (
  `akCategoryID` int(10) unsigned NOT NULL AUTO_INCREMENT,
  `akCategoryHandle` varchar(255) NOT NULL,
  `akCategoryAllowSets` smallint(4) NOT NULL DEFAULT '0',
  `pkgID` int(10) unsigned DEFAULT NULL,
  PRIMARY KEY (`akCategoryID`)
) ENGINE=MyISAM AUTO_INCREMENT=4 DEFAULT CHARSET=latin1;

INSERT INTO AttributeKeyCategories VALUES(1,'collection',0,NULL)
 ,(2,'user',0,NULL)
 ,(3,'file',0,NULL);


CREATE TABLE IF NOT EXISTS `AttributeKeys` (
  `akID` int(10) unsigned NOT NULL AUTO_INCREMENT,
  `akHandle` varchar(255) NOT NULL,
  `akName` varchar(255) NOT NULL,
  `akIsSearchable` tinyint(1) NOT NULL DEFAULT '0',
  `akIsSearchableIndexed` tinyint(1) NOT NULL DEFAULT '0',
  `akIsAutoCreated` tinyint(1) NOT NULL DEFAULT '0',
  `akIsColumnHeader` tinyint(1) NOT NULL DEFAULT '0',
  `akIsEditable` tinyint(1) NOT NULL DEFAULT '0',
  `atID` int(10) unsigned DEFAULT NULL,
  `akCategoryID` int(10) unsigned DEFAULT NULL,
  `pkgID` int(10) unsigned DEFAULT NULL,
  PRIMARY KEY (`akID`),
  UNIQUE KEY `akHandle` (`akHandle`,`akCategoryID`)
) ENGINE=MyISAM AUTO_INCREMENT=18 DEFAULT CHARSET=latin1;

INSERT INTO AttributeKeys VALUES(1,'meta_title','Meta Title',1,0,0,0,1,1,1,0)
 ,(2,'meta_description','Meta Description',1,0,0,0,1,2,1,0)
 ,(3,'meta_keywords','Meta Keywords',1,0,0,0,1,2,1,0)
 ,(4,'exclude_nav','Exclude From Nav',1,0,0,0,1,3,1,0)
 ,(5,'exclude_page_list','Exclude From Page List',1,0,0,0,1,3,1,0)
 ,(6,'header_extra_content','Header Extra Content',1,0,0,0,1,2,1,0)
 ,(7,'exclude_search_index','Exclude From Search Index',1,0,0,0,1,3,1,0)
 ,(8,'exclude_sitemapxml','Exclude From sitemap.xml',1,0,0,0,1,3,1,0)
 ,(9,'width','Width',1,0,1,0,0,6,3,0)
 ,(10,'height','Height',1,0,1,0,0,6,3,0)
 ,(11,'tags','Tags',0,0,0,0,1,8,1,0)
 ,(17,'dont_link','dont_link',0,0,0,0,1,3,1,0);


CREATE TABLE IF NOT EXISTS `AttributeSetKeys` (
  `akID` int(10) unsigned NOT NULL DEFAULT '0',
  `asID` int(10) unsigned NOT NULL DEFAULT '0',
  `displayOrder` int(10) unsigned NOT NULL DEFAULT '0',
  PRIMARY KEY (`akID`,`asID`)
) ENGINE=MyISAM DEFAULT CHARSET=latin1;




CREATE TABLE IF NOT EXISTS `AttributeSets` (
  `asID` int(10) unsigned NOT NULL AUTO_INCREMENT,
  `asName` varchar(255) DEFAULT NULL,
  `asHandle` varchar(255) NOT NULL,
  `akCategoryID` int(10) unsigned NOT NULL DEFAULT '0',
  `pkgID` int(10) unsigned NOT NULL DEFAULT '0',
  PRIMARY KEY (`asID`)
) ENGINE=MyISAM DEFAULT CHARSET=latin1;




CREATE TABLE IF NOT EXISTS `AttributeTypeCategories` (
  `atID` int(10) unsigned NOT NULL DEFAULT '0',
  `akCategoryID` int(10) unsigned NOT NULL DEFAULT '0',
  PRIMARY KEY (`atID`,`akCategoryID`)
) ENGINE=MyISAM DEFAULT CHARSET=latin1;

INSERT INTO AttributeTypeCategories VALUES(1,1)
 ,(1,2)
 ,(1,3)
 ,(2,1)
 ,(2,2)
 ,(2,3)
 ,(3,1)
 ,(3,2)
 ,(3,3)
 ,(4,1)
 ,(4,2)
 ,(4,3)
 ,(5,1)
 ,(6,1)
 ,(6,2)
 ,(6,3)
 ,(7,1)
 ,(7,3)
 ,(8,1)
 ,(8,2)
 ,(8,3)
 ,(9,2);


CREATE TABLE IF NOT EXISTS `AttributeTypes` (
  `atID` int(10) unsigned NOT NULL AUTO_INCREMENT,
  `atHandle` varchar(255) NOT NULL,
  `atName` varchar(255) NOT NULL,
  `pkgID` int(10) unsigned DEFAULT NULL,
  PRIMARY KEY (`atID`)
) ENGINE=MyISAM AUTO_INCREMENT=10 DEFAULT CHARSET=latin1;

INSERT INTO AttributeTypes VALUES(1,'text','Text',0)
 ,(2,'textarea','Text Area',0)
 ,(3,'boolean','Checkbox',0)
 ,(4,'date_time','Date/Time',0)
 ,(5,'image_file','Image/File',0)
 ,(6,'number','Number',0)
 ,(7,'rating','Rating',0)
 ,(8,'select','Select',0)
 ,(9,'address','Address',0);


CREATE TABLE IF NOT EXISTS `AttributeValues` (
  `avID` int(10) unsigned NOT NULL AUTO_INCREMENT,
  `akID` int(10) unsigned DEFAULT NULL,
  `avDateAdded` datetime NOT NULL DEFAULT '0000-00-00 00:00:00',
  `uID` int(10) unsigned DEFAULT NULL,
  `atID` int(10) unsigned DEFAULT NULL,
  PRIMARY KEY (`avID`)
) ENGINE=MyISAM AUTO_INCREMENT=560 DEFAULT CHARSET=latin1;

INSERT INTO AttributeValues VALUES(1,9,'2010-11-09 00:04:48',1,6)
 ,(2,10,'2010-11-09 00:04:48',1,6)
 ,(3,9,'2010-11-09 00:04:48',1,6)
 ,(4,10,'2010-11-09 00:04:48',1,6)
 ,(5,9,'2010-11-09 00:04:48',1,6)
 ,(6,10,'2010-11-09 00:04:48',1,6)
 ,(7,9,'2010-11-09 00:04:48',1,6)
 ,(8,10,'2010-11-09 00:04:48',1,6)
 ,(9,9,'2010-11-09 00:04:48',1,6)
 ,(10,10,'2010-11-09 00:04:48',1,6)
 ,(143,1,'2011-03-08 14:30:15',1,1)
 ,(142,4,'2011-03-08 14:28:48',1,3)
 ,(141,3,'2011-03-08 14:28:48',1,2)
 ,(140,2,'2011-03-08 14:28:48',1,2)
 ,(139,1,'2011-03-08 14:28:48',1,1)
 ,(138,4,'2011-03-08 14:27:37',1,3)
 ,(137,3,'2011-03-08 14:27:37',1,2)
 ,(136,2,'2011-03-08 14:27:37',1,2)
 ,(130,4,'2011-03-08 14:21:19',1,3)
 ,(129,3,'2011-03-08 14:21:19',1,2)
 ,(128,2,'2011-03-08 14:21:19',1,2)
 ,(127,1,'2011-03-08 14:21:19',1,1)
 ,(46,9,'2010-11-09 23:03:38',1,6)
 ,(47,10,'2010-11-09 23:03:40',1,6)
 ,(48,9,'2010-11-09 23:05:28',1,6)
 ,(49,10,'2010-11-09 23:05:28',1,6)
 ,(50,9,'2010-11-09 23:05:50',1,6)
 ,(51,10,'2010-11-09 23:05:50',1,6)
 ,(52,9,'2010-11-09 23:06:06',1,6)
 ,(53,10,'2010-11-09 23:06:07',1,6)
 ,(54,9,'2010-11-09 23:06:28',1,6)
 ,(55,10,'2010-11-09 23:06:28',1,6)
 ,(56,9,'2010-11-09 23:12:42',1,6)
 ,(57,10,'2010-11-09 23:12:42',1,6)
 ,(58,9,'2010-11-09 23:13:40',1,6)
 ,(59,10,'2010-11-09 23:13:40',1,6)
 ,(60,9,'2010-11-09 23:14:52',1,6)
 ,(61,10,'2010-11-09 23:14:52',1,6)
 ,(62,9,'2011-01-22 17:05:06',1,6)
 ,(63,10,'2011-01-22 17:05:06',1,6)
 ,(64,9,'2011-01-22 22:59:01',1,6)
 ,(65,10,'2011-01-22 22:59:01',1,6)
 ,(66,9,'2011-01-22 22:59:52',1,6)
 ,(67,10,'2011-01-22 22:59:53',1,6)
 ,(68,11,'2011-01-22 23:55:31',1,8)
 ,(69,11,'2011-01-22 23:58:30',1,8)
 ,(74,9,'2011-01-31 22:53:29',1,6)
 ,(75,10,'2011-01-31 22:53:30',1,6)
 ,(76,9,'2011-01-31 23:01:05',1,6)
 ,(77,10,'2011-01-31 23:01:05',1,6)
 ,(146,4,'2011-03-08 14:30:15',1,3)
 ,(145,3,'2011-03-08 14:30:15',1,2)
 ,(144,2,'2011-03-08 14:30:15',1,2)
 ,(174,1,'2011-03-09 18:31:43',1,1)
 ,(175,2,'2011-03-09 18:31:43',1,2)
 ,(176,3,'2011-03-09 18:31:43',1,2)
 ,(177,4,'2011-03-09 18:31:43',1,3)
 ,(86,9,'2011-03-02 17:47:56',1,6)
 ,(87,10,'2011-03-02 17:47:57',1,6)
 ,(88,9,'2011-03-02 17:48:56',1,6)
 ,(89,10,'2011-03-02 17:49:00',1,6)
 ,(90,9,'2011-03-02 17:52:23',1,6)
 ,(91,10,'2011-03-02 17:52:26',1,6)
 ,(92,9,'2011-03-02 19:26:56',1,6)
 ,(93,10,'2011-03-02 19:26:56',1,6)
 ,(94,9,'2011-03-02 19:27:00',1,6)
 ,(95,10,'2011-03-02 19:27:00',1,6)
 ,(96,9,'2011-03-02 19:30:46',1,6)
 ,(97,10,'2011-03-02 19:30:46',1,6)
 ,(98,9,'2011-03-02 19:42:27',1,6)
 ,(99,10,'2011-03-02 19:42:28',1,6)
 ,(100,9,'2011-03-02 19:42:31',1,6)
 ,(101,10,'2011-03-02 19:42:31',1,6)
 ,(102,9,'2011-03-02 19:42:32',1,6)
 ,(103,10,'2011-03-02 19:42:32',1,6)
 ,(104,9,'2011-03-02 19:42:34',1,6)
 ,(105,10,'2011-03-02 19:42:36',1,6)
 ,(106,9,'2011-03-02 19:52:08',1,6)
 ,(107,10,'2011-03-02 19:52:08',1,6)
 ,(135,1,'2011-03-08 14:27:37',1,1)
 ,(118,2,'2011-03-04 10:04:43',1,2)
 ,(117,1,'2011-03-04 10:04:43',1,1)
 ,(119,3,'2011-03-04 10:04:43',1,2)
 ,(120,4,'2011-03-04 10:04:43',1,3)
 ,(121,11,'2011-03-04 10:04:43',1,8)
 ,(147,9,'2011-03-08 18:06:55',1,6)
 ,(148,10,'2011-03-08 18:06:57',1,6)
 ,(149,9,'2011-03-08 18:07:47',1,6)
 ,(150,10,'2011-03-08 18:07:47',1,6)
 ,(151,9,'2011-03-08 18:08:44',1,6)
 ,(152,10,'2011-03-08 18:08:45',1,6)
 ,(153,9,'2011-03-08 18:28:30',1,6)
 ,(154,10,'2011-03-08 18:28:30',1,6)
 ,(155,9,'2011-03-08 18:28:54',1,6)
 ,(156,10,'2011-03-08 18:28:54',1,6)
 ,(182,4,'2011-03-10 11:36:12',1,3)
 ,(181,3,'2011-03-10 11:36:12',1,2)
 ,(180,2,'2011-03-10 11:36:12',1,2)
 ,(179,1,'2011-03-10 11:36:12',1,1)
 ,(267,4,'2011-03-10 13:36:15',1,3)
 ,(266,3,'2011-03-10 13:36:15',1,2)
 ,(265,2,'2011-03-10 13:36:15',1,2)
 ,(264,1,'2011-03-10 13:36:15',1,1)
 ,(312,4,'2011-03-10 14:16:57',1,3)
 ,(311,3,'2011-03-10 14:16:57',1,2)
 ,(310,2,'2011-03-10 14:16:57',1,2)
 ,(309,1,'2011-03-10 14:16:57',1,1)
 ,(169,1,'2011-03-09 18:28:26',1,1)
 ,(170,2,'2011-03-09 18:28:26',1,2)
 ,(171,3,'2011-03-09 18:28:26',1,2)
 ,(172,4,'2011-03-09 18:28:26',1,3)
 ,(173,17,'2011-03-09 18:28:26',1,3)
 ,(178,17,'2011-03-09 18:31:43',1,3)
 ,(183,17,'2011-03-10 11:36:12',1,3)
 ,(184,1,'2011-03-10 12:34:36',1,1)
 ,(185,2,'2011-03-10 12:34:36',1,2)
 ,(186,3,'2011-03-10 12:34:36',1,2)
 ,(187,4,'2011-03-10 12:34:36',1,3)
 ,(188,17,'2011-03-10 12:34:36',1,3)
 ,(189,1,'2011-03-10 12:34:54',1,1)
 ,(190,2,'2011-03-10 12:34:54',1,2)
 ,(191,3,'2011-03-10 12:34:54',1,2)
 ,(192,4,'2011-03-10 12:34:54',1,3)
 ,(193,17,'2011-03-10 12:34:54',1,3)
 ,(308,17,'2011-03-10 14:04:23',1,3)
 ,(307,4,'2011-03-10 14:04:23',1,3)
 ,(306,3,'2011-03-10 14:04:23',1,2)
 ,(305,2,'2011-03-10 14:04:23',1,2)
 ,(304,1,'2011-03-10 14:04:23',1,1)
 ,(395,2,'2011-03-10 16:30:42',1,2)
 ,(396,3,'2011-03-10 16:30:42',1,2)
 ,(397,4,'2011-03-10 16:30:42',1,3)
 ,(398,17,'2011-03-10 16:30:42',1,3)
 ,(313,17,'2011-03-10 14:16:57',1,3)
 ,(204,1,'2011-03-10 12:43:07',1,1)
 ,(205,2,'2011-03-10 12:43:07',1,2)
 ,(206,3,'2011-03-10 12:43:07',1,2)
 ,(207,4,'2011-03-10 12:43:07',1,3)
 ,(208,17,'2011-03-10 12:43:07',1,3)
 ,(209,1,'2011-03-10 12:43:47',1,1)
 ,(210,2,'2011-03-10 12:43:47',1,2)
 ,(211,3,'2011-03-10 12:43:47',1,2)
 ,(212,4,'2011-03-10 12:43:47',1,3)
 ,(213,17,'2011-03-10 12:43:47',1,3)
 ,(214,1,'2011-03-10 12:44:20',1,1)
 ,(215,2,'2011-03-10 12:44:20',1,2)
 ,(216,3,'2011-03-10 12:44:20',1,2)
 ,(217,4,'2011-03-10 12:44:20',1,3)
 ,(218,17,'2011-03-10 12:44:20',1,3)
 ,(219,1,'2011-03-10 12:48:30',1,1)
 ,(220,2,'2011-03-10 12:48:30',1,2)
 ,(221,3,'2011-03-10 12:48:30',1,2)
 ,(222,4,'2011-03-10 12:48:30',1,3)
 ,(223,17,'2011-03-10 12:48:30',1,3)
 ,(224,1,'2011-03-10 13:28:23',1,1)
 ,(225,2,'2011-03-10 13:28:23',1,2)
 ,(226,3,'2011-03-10 13:28:23',1,2)
 ,(227,4,'2011-03-10 13:28:23',1,3)
 ,(228,17,'2011-03-10 13:28:23',1,3)
 ,(229,1,'2011-03-10 13:29:16',1,1)
 ,(230,2,'2011-03-10 13:29:16',1,2)
 ,(231,3,'2011-03-10 13:29:16',1,2)
 ,(232,4,'2011-03-10 13:29:16',1,3)
 ,(233,17,'2011-03-10 13:29:16',1,3)
 ,(234,1,'2011-03-10 13:29:49',1,1)
 ,(235,2,'2011-03-10 13:29:49',1,2)
 ,(236,3,'2011-03-10 13:29:49',1,2)
 ,(237,4,'2011-03-10 13:29:49',1,3)
 ,(238,17,'2011-03-10 13:29:49',1,3)
 ,(239,1,'2011-03-10 13:31:29',1,1)
 ,(240,2,'2011-03-10 13:31:29',1,2)
 ,(241,3,'2011-03-10 13:31:29',1,2)
 ,(242,4,'2011-03-10 13:31:29',1,3)
 ,(243,17,'2011-03-10 13:31:29',1,3)
 ,(244,1,'2011-03-10 13:32:19',1,1)
 ,(245,2,'2011-03-10 13:32:19',1,2)
 ,(246,3,'2011-03-10 13:32:19',1,2)
 ,(247,4,'2011-03-10 13:32:19',1,3)
 ,(248,17,'2011-03-10 13:32:19',1,3)
 ,(249,1,'2011-03-10 13:33:12',1,1)
 ,(250,2,'2011-03-10 13:33:12',1,2)
 ,(251,3,'2011-03-10 13:33:12',1,2)
 ,(252,4,'2011-03-10 13:33:12',1,3)
 ,(253,17,'2011-03-10 13:33:12',1,3)
 ,(254,1,'2011-03-10 13:33:54',1,1)
 ,(255,2,'2011-03-10 13:33:54',1,2)
 ,(256,3,'2011-03-10 13:33:54',1,2)
 ,(257,4,'2011-03-10 13:33:54',1,3)
 ,(258,17,'2011-03-10 13:33:54',1,3)
 ,(259,1,'2011-03-10 13:34:31',1,1)
 ,(260,2,'2011-03-10 13:34:31',1,2)
 ,(261,3,'2011-03-10 13:34:31',1,2)
 ,(262,4,'2011-03-10 13:34:31',1,3)
 ,(263,17,'2011-03-10 13:34:31',1,3)
 ,(268,17,'2011-03-10 13:36:15',1,3)
 ,(393,17,'2011-03-10 16:09:59',1,3)
 ,(392,4,'2011-03-10 16:09:59',1,3)
 ,(391,3,'2011-03-10 16:09:59',1,2)
 ,(390,2,'2011-03-10 16:09:59',1,2)
 ,(389,1,'2011-03-10 16:09:59',1,1)
 ,(378,17,'2011-03-10 16:01:13',1,3)
 ,(377,4,'2011-03-10 16:01:13',1,3)
 ,(376,3,'2011-03-10 16:01:13',1,2)
 ,(375,2,'2011-03-10 16:01:13',1,2)
 ,(374,1,'2011-03-10 16:01:13',1,1)
 ,(388,17,'2011-03-10 16:08:15',1,3)
 ,(387,4,'2011-03-10 16:08:15',1,3)
 ,(386,3,'2011-03-10 16:08:15',1,2)
 ,(385,2,'2011-03-10 16:08:15',1,2)
 ,(384,1,'2011-03-10 16:08:15',1,1)
 ,(383,17,'2011-03-10 16:07:40',1,3)
 ,(382,4,'2011-03-10 16:07:40',1,3)
 ,(381,3,'2011-03-10 16:07:40',1,2)
 ,(380,2,'2011-03-10 16:07:40',1,2)
 ,(379,1,'2011-03-10 16:07:40',1,1)
 ,(289,1,'2011-03-10 13:41:01',1,1)
 ,(290,2,'2011-03-10 13:41:01',1,2)
 ,(291,3,'2011-03-10 13:41:01',1,2)
 ,(292,4,'2011-03-10 13:41:01',1,3)
 ,(293,17,'2011-03-10 13:41:02',1,3)
 ,(303,17,'2011-03-10 13:42:16',1,3)
 ,(302,4,'2011-03-10 13:42:16',1,3)
 ,(301,3,'2011-03-10 13:42:16',1,2)
 ,(300,2,'2011-03-10 13:42:16',1,2)
 ,(299,1,'2011-03-10 13:42:16',1,1)
 ,(394,1,'2011-03-10 16:30:42',1,1)
 ,(358,17,'2011-03-10 15:51:01',1,3)
 ,(357,4,'2011-03-10 15:51:01',1,3)
 ,(356,3,'2011-03-10 15:51:01',1,2)
 ,(355,2,'2011-03-10 15:51:01',1,2)
 ,(354,1,'2011-03-10 15:51:01',1,1)
 ,(363,17,'2011-03-10 15:52:03',1,3)
 ,(362,4,'2011-03-10 15:52:03',1,3)
 ,(361,3,'2011-03-10 15:52:03',1,2)
 ,(360,2,'2011-03-10 15:52:03',1,2)
 ,(359,1,'2011-03-10 15:52:03',1,1)
 ,(368,17,'2011-03-10 15:55:09',1,3)
 ,(367,4,'2011-03-10 15:55:09',1,3)
 ,(366,3,'2011-03-10 15:55:09',1,2)
 ,(365,2,'2011-03-10 15:55:09',1,2)
 ,(364,1,'2011-03-10 15:55:09',1,1)
 ,(373,17,'2011-03-10 15:57:52',1,3)
 ,(372,4,'2011-03-10 15:57:52',1,3)
 ,(371,3,'2011-03-10 15:57:52',1,2)
 ,(370,2,'2011-03-10 15:57:52',1,2)
 ,(369,1,'2011-03-10 15:57:52',1,1)
 ,(339,1,'2011-03-10 14:53:16',1,1)
 ,(340,2,'2011-03-10 14:53:16',1,2)
 ,(341,3,'2011-03-10 14:53:16',1,2)
 ,(342,4,'2011-03-10 14:53:16',1,3)
 ,(343,17,'2011-03-10 14:53:16',1,3)
 ,(344,1,'2011-03-10 14:54:36',1,1)
 ,(345,2,'2011-03-10 14:54:36',1,2)
 ,(346,3,'2011-03-10 14:54:36',1,2)
 ,(347,4,'2011-03-10 14:54:36',1,3)
 ,(348,17,'2011-03-10 14:54:36',1,3)
 ,(349,1,'2011-03-10 14:56:30',1,1)
 ,(350,2,'2011-03-10 14:56:30',1,2)
 ,(351,3,'2011-03-10 14:56:30',1,2)
 ,(352,4,'2011-03-10 14:56:30',1,3)
 ,(353,17,'2011-03-10 14:56:30',1,3)
 ,(399,1,'2011-03-10 16:36:54',1,1)
 ,(400,2,'2011-03-10 16:36:54',1,2)
 ,(401,3,'2011-03-10 16:36:54',1,2)
 ,(402,4,'2011-03-10 16:36:54',1,3)
 ,(403,17,'2011-03-10 16:36:54',1,3)
 ,(404,1,'2011-03-10 16:38:29',1,1)
 ,(405,2,'2011-03-10 16:38:29',1,2)
 ,(406,3,'2011-03-10 16:38:29',1,2)
 ,(407,4,'2011-03-10 16:38:29',1,3)
 ,(408,17,'2011-03-10 16:38:29',1,3)
 ,(409,1,'2011-03-10 16:58:58',1,1)
 ,(410,2,'2011-03-10 16:58:58',1,2)
 ,(411,3,'2011-03-10 16:58:58',1,2)
 ,(412,4,'2011-03-10 16:58:58',1,3)
 ,(413,17,'2011-03-10 16:58:58',1,3)
 ,(423,17,'2011-03-10 20:56:51',1,3)
 ,(422,4,'2011-03-10 20:56:51',1,3)
 ,(421,3,'2011-03-10 20:56:51',1,2)
 ,(420,2,'2011-03-10 20:56:51',1,2)
 ,(419,1,'2011-03-10 20:56:51',1,1)
 ,(424,1,'2011-03-10 20:59:19',1,1)
 ,(425,2,'2011-03-10 20:59:19',1,2)
 ,(426,3,'2011-03-10 20:59:19',1,2)
 ,(427,4,'2011-03-10 20:59:19',1,3)
 ,(428,17,'2011-03-10 20:59:19',1,3)
 ,(429,1,'2011-03-10 21:01:56',1,1)
 ,(430,2,'2011-03-10 21:01:56',1,2)
 ,(431,3,'2011-03-10 21:01:56',1,2)
 ,(432,4,'2011-03-10 21:01:56',1,3)
 ,(433,17,'2011-03-10 21:01:56',1,3)
 ,(434,1,'2011-03-10 21:02:45',1,1)
 ,(435,2,'2011-03-10 21:02:45',1,2)
 ,(436,3,'2011-03-10 21:02:45',1,2)
 ,(437,4,'2011-03-10 21:02:45',1,3)
 ,(438,17,'2011-03-10 21:02:45',1,3)
 ,(439,1,'2011-03-10 21:04:12',1,1)
 ,(440,2,'2011-03-10 21:04:12',1,2)
 ,(441,3,'2011-03-10 21:04:12',1,2)
 ,(442,4,'2011-03-10 21:04:12',1,3)
 ,(443,17,'2011-03-10 21:04:12',1,3)
 ,(444,1,'2011-03-10 21:04:55',1,1)
 ,(445,2,'2011-03-10 21:04:55',1,2)
 ,(446,3,'2011-03-10 21:04:55',1,2)
 ,(447,4,'2011-03-10 21:04:55',1,3)
 ,(448,17,'2011-03-10 21:04:55',1,3)
 ,(449,1,'2011-03-10 21:08:53',1,1)
 ,(450,2,'2011-03-10 21:08:53',1,2)
 ,(451,3,'2011-03-10 21:08:53',1,2)
 ,(452,4,'2011-03-10 21:08:53',1,3)
 ,(453,17,'2011-03-10 21:08:53',1,3)
 ,(454,1,'2011-03-10 21:19:53',1,1)
 ,(455,2,'2011-03-10 21:19:54',1,2)
 ,(456,3,'2011-03-10 21:19:54',1,2)
 ,(457,4,'2011-03-10 21:19:54',1,3)
 ,(458,17,'2011-03-10 21:19:54',1,3)
 ,(459,1,'2011-03-10 21:20:19',1,1)
 ,(460,2,'2011-03-10 21:20:19',1,2)
 ,(461,3,'2011-03-10 21:20:19',1,2)
 ,(462,4,'2011-03-10 21:20:19',1,3)
 ,(463,17,'2011-03-10 21:20:19',1,3)
 ,(464,1,'2011-03-10 21:22:01',1,1)
 ,(465,2,'2011-03-10 21:22:01',1,2)
 ,(466,3,'2011-03-10 21:22:01',1,2)
 ,(467,4,'2011-03-10 21:22:01',1,3)
 ,(468,17,'2011-03-10 21:22:01',1,3)
 ,(469,1,'2011-03-10 21:35:45',1,1)
 ,(470,2,'2011-03-10 21:35:45',1,2)
 ,(471,3,'2011-03-10 21:35:45',1,2)
 ,(472,4,'2011-03-10 21:35:45',1,3)
 ,(473,17,'2011-03-10 21:35:45',1,3)
 ,(474,1,'2011-03-10 21:41:15',1,1)
 ,(475,2,'2011-03-10 21:41:15',1,2)
 ,(476,3,'2011-03-10 21:41:15',1,2)
 ,(477,4,'2011-03-10 21:41:15',1,3)
 ,(478,17,'2011-03-10 21:41:15',1,3)
 ,(479,9,'2011-03-10 22:40:37',1,6)
 ,(480,10,'2011-03-10 22:40:37',1,6)
 ,(481,1,'2011-03-11 10:01:25',1,1)
 ,(482,2,'2011-03-11 10:01:25',1,2)
 ,(483,3,'2011-03-11 10:01:25',1,2)
 ,(484,4,'2011-03-11 10:01:25',1,3)
 ,(485,17,'2011-03-11 10:01:25',1,3)
 ,(486,1,'2011-03-11 10:02:23',1,1)
 ,(487,2,'2011-03-11 10:02:23',1,2)
 ,(488,3,'2011-03-11 10:02:23',1,2)
 ,(489,4,'2011-03-11 10:02:23',1,3)
 ,(490,17,'2011-03-11 10:02:23',1,3)
 ,(491,1,'2011-03-11 10:03:44',1,1)
 ,(492,2,'2011-03-11 10:03:44',1,2)
 ,(493,3,'2011-03-11 10:03:44',1,2)
 ,(494,4,'2011-03-11 10:03:44',1,3)
 ,(495,17,'2011-03-11 10:03:44',1,3)
 ,(496,1,'2011-03-11 10:16:25',1,1)
 ,(497,2,'2011-03-11 10:16:25',1,2)
 ,(498,3,'2011-03-11 10:16:25',1,2)
 ,(499,4,'2011-03-11 10:16:25',1,3)
 ,(500,17,'2011-03-11 10:16:25',1,3)
 ,(501,1,'2011-03-11 10:17:48',1,1)
 ,(502,2,'2011-03-11 10:17:48',1,2)
 ,(503,3,'2011-03-11 10:17:48',1,2)
 ,(504,4,'2011-03-11 10:17:48',1,3)
 ,(505,17,'2011-03-11 10:17:48',1,3)
 ,(506,1,'2011-03-11 10:18:43',1,1)
 ,(507,2,'2011-03-11 10:18:43',1,2)
 ,(508,3,'2011-03-11 10:18:43',1,2)
 ,(509,4,'2011-03-11 10:18:43',1,3)
 ,(510,17,'2011-03-11 10:18:43',1,3)
 ,(511,1,'2011-03-11 10:19:25',1,1)
 ,(512,2,'2011-03-11 10:19:25',1,2)
 ,(513,3,'2011-03-11 10:19:25',1,2)
 ,(514,4,'2011-03-11 10:19:25',1,3)
 ,(515,17,'2011-03-11 10:19:25',1,3)
 ,(516,1,'2011-03-11 10:20:00',1,1)
 ,(517,2,'2011-03-11 10:20:00',1,2)
 ,(518,3,'2011-03-11 10:20:00',1,2)
 ,(519,4,'2011-03-11 10:20:00',1,3)
 ,(520,17,'2011-03-11 10:20:00',1,3)
 ,(544,17,'2011-03-11 12:08:53',1,3)
 ,(543,4,'2011-03-11 12:08:53',1,3)
 ,(542,3,'2011-03-11 12:08:53',1,2)
 ,(541,2,'2011-03-11 12:08:53',1,2)
 ,(540,1,'2011-03-11 12:08:53',1,1)
 ,(554,17,'2011-03-11 12:10:34',1,3)
 ,(553,4,'2011-03-11 12:10:34',1,3)
 ,(552,3,'2011-03-11 12:10:34',1,2)
 ,(551,2,'2011-03-11 12:10:34',1,2)
 ,(550,1,'2011-03-11 12:10:34',1,1)
 ,(549,17,'2011-03-11 12:09:49',1,3)
 ,(548,4,'2011-03-11 12:09:49',1,3)
 ,(547,3,'2011-03-11 12:09:49',1,2)
 ,(546,2,'2011-03-11 12:09:49',1,2)
 ,(545,1,'2011-03-11 12:09:49',1,1)
 ,(536,9,'2011-03-11 10:38:31',1,6)
 ,(537,10,'2011-03-11 10:38:31',1,6)
 ,(538,9,'2011-03-11 10:39:25',1,6)
 ,(539,10,'2011-03-11 10:39:26',1,6)
 ,(555,1,'2011-03-11 12:39:34',1,1)
 ,(556,2,'2011-03-11 12:39:34',1,2)
 ,(557,3,'2011-03-11 12:39:34',1,2)
 ,(558,4,'2011-03-11 12:39:34',1,3)
 ,(559,17,'2011-03-11 12:39:34',1,3);


CREATE TABLE IF NOT EXISTS `BlockRelations` (
  `brID` int(10) unsigned NOT NULL AUTO_INCREMENT,
  `bID` int(10) unsigned NOT NULL DEFAULT '0',
  `originalBID` int(10) unsigned NOT NULL DEFAULT '0',
  `relationType` varchar(50) NOT NULL,
  PRIMARY KEY (`brID`)
) ENGINE=MyISAM AUTO_INCREMENT=176 DEFAULT CHARSET=latin1;

INSERT INTO BlockRelations VALUES(3,33,23,'DUPLICATE')
 ,(7,39,23,'DUPLICATE')
 ,(8,43,42,'DUPLICATE')
 ,(9,48,47,'DUPLICATE')
 ,(10,49,48,'DUPLICATE')
 ,(11,55,54,'DUPLICATE')
 ,(13,60,59,'DUPLICATE')
 ,(14,61,60,'DUPLICATE')
 ,(15,64,63,'DUPLICATE')
 ,(21,77,69,'DUPLICATE')
 ,(20,76,66,'DUPLICATE')
 ,(18,69,68,'DUPLICATE')
 ,(22,78,77,'DUPLICATE')
 ,(23,79,76,'DUPLICATE')
 ,(24,80,79,'DUPLICATE')
 ,(26,89,88,'DUPLICATE')
 ,(27,90,89,'DUPLICATE')
 ,(28,95,94,'DUPLICATE')
 ,(29,98,97,'DUPLICATE')
 ,(34,119,117,'DUPLICATE')
 ,(33,110,108,'DUPLICATE')
 ,(35,120,119,'DUPLICATE')
 ,(36,121,120,'DUPLICATE')
 ,(37,123,122,'DUPLICATE')
 ,(38,124,121,'DUPLICATE')
 ,(39,126,125,'DUPLICATE')
 ,(40,127,126,'DUPLICATE')
 ,(41,128,127,'DUPLICATE')
 ,(42,129,128,'DUPLICATE')
 ,(43,130,129,'DUPLICATE')
 ,(44,133,131,'DUPLICATE')
 ,(45,134,132,'DUPLICATE')
 ,(46,142,140,'DUPLICATE')
 ,(47,143,142,'DUPLICATE')
 ,(48,145,143,'DUPLICATE')
 ,(49,147,145,'DUPLICATE')
 ,(50,148,144,'DUPLICATE')
 ,(51,149,147,'DUPLICATE')
 ,(52,151,148,'DUPLICATE')
 ,(53,152,149,'DUPLICATE')
 ,(54,153,151,'DUPLICATE')
 ,(55,154,150,'DUPLICATE')
 ,(56,155,153,'DUPLICATE')
 ,(57,156,155,'DUPLICATE')
 ,(58,158,157,'DUPLICATE')
 ,(60,162,152,'DUPLICATE')
 ,(61,163,154,'DUPLICATE')
 ,(62,165,164,'DUPLICATE')
 ,(63,170,168,'DUPLICATE')
 ,(65,174,173,'DUPLICATE')
 ,(66,175,163,'DUPLICATE')
 ,(67,176,175,'DUPLICATE')
 ,(68,177,170,'DUPLICATE')
 ,(69,178,176,'DUPLICATE')
 ,(70,188,187,'DUPLICATE')
 ,(71,189,188,'DUPLICATE')
 ,(72,190,189,'DUPLICATE')
 ,(73,199,198,'DUPLICATE')
 ,(74,202,200,'DUPLICATE')
 ,(75,203,198,'DUPLICATE')
 ,(76,204,203,'DUPLICATE')
 ,(77,205,202,'DUPLICATE')
 ,(78,207,206,'DUPLICATE')
 ,(79,208,207,'DUPLICATE')
 ,(80,210,208,'DUPLICATE')
 ,(81,211,209,'DUPLICATE')
 ,(82,212,211,'DUPLICATE')
 ,(83,213,212,'DUPLICATE')
 ,(84,214,213,'DUPLICATE')
 ,(85,216,215,'DUPLICATE')
 ,(86,217,214,'DUPLICATE')
 ,(87,218,204,'DUPLICATE')
 ,(88,219,205,'DUPLICATE')
 ,(89,220,217,'DUPLICATE')
 ,(90,221,216,'DUPLICATE')
 ,(91,229,227,'DUPLICATE')
 ,(92,230,229,'DUPLICATE')
 ,(93,231,230,'DUPLICATE')
 ,(94,235,234,'DUPLICATE')
 ,(96,238,237,'DUPLICATE')
 ,(97,241,239,'DUPLICATE')
 ,(98,242,238,'DUPLICATE')
 ,(99,246,245,'DUPLICATE')
 ,(100,247,246,'DUPLICATE')
 ,(101,248,247,'DUPLICATE')
 ,(147,349,348,'DUPLICATE')
 ,(128,313,253,'DUPLICATE')
 ,(146,346,341,'DUPLICATE')
 ,(145,345,342,'DUPLICATE')
 ,(148,350,347,'DUPLICATE')
 ,(149,352,350,'DUPLICATE')
 ,(150,353,349,'DUPLICATE')
 ,(151,354,351,'DUPLICATE')
 ,(152,356,355,'DUPLICATE')
 ,(153,357,356,'DUPLICATE')
 ,(169,396,394,'DUPLICATE')
 ,(170,397,395,'DUPLICATE')
 ,(171,398,396,'DUPLICATE')
 ,(172,399,397,'DUPLICATE')
 ,(173,401,398,'DUPLICATE');


CREATE TABLE IF NOT EXISTS `BlockTypes` (
  `btID` int(10) unsigned NOT NULL AUTO_INCREMENT,
  `btHandle` varchar(32) NOT NULL,
  `btName` varchar(128) NOT NULL,
  `btDescription` text,
  `btActiveWhenAdded` tinyint(1) NOT NULL DEFAULT '1',
  `btCopyWhenPropagate` tinyint(1) NOT NULL DEFAULT '0',
  `btIncludeAll` tinyint(1) NOT NULL DEFAULT '0',
  `btIsInternal` tinyint(1) NOT NULL DEFAULT '0',
  `btInterfaceWidth` int(10) unsigned NOT NULL DEFAULT '400',
  `btInterfaceHeight` int(10) unsigned NOT NULL DEFAULT '400',
  `pkgID` int(10) unsigned NOT NULL DEFAULT '0',
  PRIMARY KEY (`btID`),
  UNIQUE KEY `btHandle` (`btHandle`)
) ENGINE=MyISAM AUTO_INCREMENT=141 DEFAULT CHARSET=latin1;

INSERT INTO BlockTypes VALUES(1,'content','Content','HTML/WYSIWYG Editor Content.',1,0,0,0,580,380,0)
 ,(2,'html','HTML','For adding HTML by hand.',1,0,0,0,600,465,0)
 ,(6,'page_list','Page List','List pages based on type, area.',1,0,0,0,500,350,0)
 ,(7,'file','File','Link to files stored in the asset library.',1,0,0,0,300,250,0)
 ,(8,'image','Image','Adds images and onstates from the library to pages.',1,0,0,0,300,440,0)
 ,(9,'flash_content','Flash Content','Embeds SWF files, including flash detection.',1,0,0,0,300,240,0)
 ,(11,'slideshow','Slideshow','Display a running loop of images.',1,0,0,0,550,400,0)
 ,(14,'video','Video Player','Embeds uploaded video into a web page. Supports AVI, WMV, Quicktime/MPEG4 and FLV formats.',1,0,0,0,300,200,0)
 ,(16,'youtube','Youtube Video','Embeds a Youtube Video in your web page.',1,0,0,0,400,170,0)
 ,(19,'next_previous','Next & Previous Nav','Navigate through sibling pages.',1,0,0,0,430,300,0)
 ,(138,'pic29_link','Pic29 lien','Creation d\'un lien.',1,0,0,0,800,500,44)
 ,(39,'cu3er','Cu3er Slideshow','Display a Flash-based slideshow with 3D transitions.',1,0,0,0,550,400,26)
 ,(137,'pic29_lightbox','Pic29 lightbox','Creation d\'un lien lightbox.',1,0,0,0,800,500,44)
 ,(136,'pic29_googlemap','Pic29 google map','Gestion de google map',1,0,0,0,900,500,44)
 ,(135,'pic29_multi_language','Pic29 multi langage','Gestion des langues',1,0,0,0,1000,400,44)
 ,(134,'pic29_ligne','Pic29 lignes','Creation d\'une entête.',1,0,0,0,1000,400,44)
 ,(133,'pic29_menu','Pic29 menu','Création d\'un menu.',1,0,0,0,500,400,44)
 ,(139,'travisn_spacer','tnSpacer','Add spacers to your webpage without editing code.',1,0,0,0,400,90,45)
 ,(132,'pic29_button_block','Pic29 Bouton Block','Creates a simple button block link.',1,0,0,0,500,400,44)
 ,(140,'content_around_image','Content Around Image','HTML/WYSIWYG Editor Content Wrapping a Captioned Image.',1,0,0,0,600,465,46);


CREATE TABLE IF NOT EXISTS `Blocks` (
  `bID` int(10) unsigned NOT NULL AUTO_INCREMENT,
  `bName` varchar(60) DEFAULT NULL,
  `bDateAdded` datetime NOT NULL DEFAULT '0000-00-00 00:00:00',
  `bDateModified` datetime NOT NULL DEFAULT '0000-00-00 00:00:00',
  `bFilename` varchar(32) DEFAULT NULL,
  `bIsActive` varchar(1) NOT NULL DEFAULT '1',
  `btID` int(10) unsigned NOT NULL DEFAULT '0',
  `uID` int(10) unsigned DEFAULT NULL,
  PRIMARY KEY (`bID`)
) ENGINE=MyISAM AUTO_INCREMENT=406 DEFAULT CHARSET=latin1;

INSERT INTO Blocks VALUES(1,NULL,'2010-11-09 00:04:48','2010-11-09 00:04:48','header_menu.php','1',3,1)
 ,(253,NULL,'2011-03-08 14:47:26','2011-03-08 14:47:26',NULL,'1',135,1)
 ,(3,NULL,'2010-11-09 00:04:48','2010-11-09 00:04:48',NULL,'1',3,1)
 ,(4,NULL,'2010-11-09 00:04:48','2010-11-09 00:04:48',NULL,'1',1,1)
 ,(5,NULL,'2010-11-09 00:04:48','2011-03-08 14:45:54','','1',1,1)
 ,(6,NULL,'2010-11-09 00:04:48','2010-11-09 00:04:48',NULL,'1',16,1)
 ,(7,NULL,'2010-11-09 00:04:48','2010-11-09 00:04:48','header_menu.php','1',3,1)
 ,(9,NULL,'2010-11-09 00:04:48','2010-11-09 00:04:48',NULL,'1',3,1)
 ,(10,NULL,'2010-11-09 00:04:48','2010-11-09 00:04:48','header_menu.php','1',3,1)
 ,(254,NULL,'2011-03-08 15:32:07','2011-03-08 15:32:07',NULL,'1',138,1)
 ,(12,NULL,'2010-11-09 00:04:48','2010-11-09 00:04:48','header_menu.php','1',3,1)
 ,(14,NULL,'2010-11-09 00:04:48','2010-11-09 00:04:48','breadcrumb.php','1',3,1)
 ,(17,NULL,'2010-11-09 00:04:48','2010-11-09 00:04:48',NULL,'1',10,1)
 ,(18,NULL,'2010-11-09 00:04:48','2010-11-09 00:04:48',NULL,'1',18,1)
 ,(19,NULL,'2010-11-09 00:04:48','2010-11-09 00:04:48',NULL,'1',12,1)
 ,(20,NULL,'2010-11-09 00:04:48','2010-11-09 00:04:48',NULL,'1',3,1)
 ,(22,NULL,'2010-11-09 00:04:48','2010-11-09 00:04:48',NULL,'1',12,1)
 ,(23,NULL,'2010-11-09 00:04:48','2010-11-09 00:04:48',NULL,'1',20,1)
 ,(27,NULL,'2010-11-09 00:04:48','2010-11-09 00:04:48',NULL,'1',10,1)
 ,(28,NULL,'2010-11-09 00:04:48','2010-11-09 00:04:48',NULL,'1',18,1)
 ,(29,NULL,'2010-11-09 00:04:48','2010-11-09 00:04:48','tag_cloud','1',12,1)
 ,(318,'Entête Marine','2011-03-10 12:04:17','2011-03-10 12:14:35',NULL,'1',1,1)
 ,(33,NULL,'2010-11-09 00:04:48','2010-11-09 00:04:48',NULL,'1',20,1)
 ,(37,NULL,'2010-11-09 00:04:48','2010-11-09 00:04:48',NULL,'1',17,1)
 ,(39,NULL,'2010-11-09 00:04:48','2010-11-09 00:04:48',NULL,'1',20,1)
 ,(40,NULL,'2010-11-09 00:04:48','2010-11-09 00:04:48',NULL,'1',19,1)
 ,(42,NULL,'2010-11-09 00:07:34','2010-11-09 00:07:34',NULL,'1',21,1)
 ,(43,NULL,'2010-11-09 00:24:42','2010-11-09 00:25:06',NULL,'1',21,1)
 ,(44,NULL,'2010-11-09 00:26:17','2010-11-09 00:26:17',NULL,'1',22,1)
 ,(45,NULL,'2010-11-09 22:54:24','2010-11-09 22:54:24',NULL,'1',21,1)
 ,(46,NULL,'2010-11-09 22:56:50','2010-11-09 22:56:50',NULL,'1',23,1)
 ,(47,NULL,'2010-11-09 23:08:20','2010-11-09 23:08:20',NULL,'1',11,1)
 ,(48,NULL,'2010-11-09 23:16:07','2010-11-09 23:16:07',NULL,'1',11,1)
 ,(49,NULL,'2010-11-09 23:16:57','2010-11-09 23:16:57',NULL,'1',11,1)
 ,(53,NULL,'2010-11-27 12:08:06','2010-11-27 12:08:06',NULL,'1',27,1)
 ,(54,NULL,'2010-11-28 20:13:46','2010-11-28 20:14:15',NULL,'1',28,1)
 ,(55,NULL,'2010-11-28 20:20:21','2010-11-28 20:20:21',NULL,'1',28,1)
 ,(57,NULL,'2010-12-05 12:02:09','2010-12-05 12:02:09',NULL,'1',28,1)
 ,(58,NULL,'2011-01-16 23:05:56','2011-01-16 23:05:56',NULL,'1',1,1)
 ,(59,NULL,'2011-01-16 23:12:44','2011-01-16 23:12:44',NULL,'1',1,1)
 ,(60,NULL,'2011-01-16 23:24:29','2011-01-16 23:24:29',NULL,'1',1,1)
 ,(61,NULL,'2011-01-16 23:35:10','2011-01-16 23:35:10',NULL,'1',1,1)
 ,(62,NULL,'2011-01-16 23:37:52','2011-01-16 23:37:52',NULL,'1',1,1)
 ,(63,NULL,'2011-01-22 17:07:47','2011-01-22 17:07:47',NULL,'1',8,1)
 ,(64,NULL,'2011-01-22 17:11:43','2011-01-22 17:11:43',NULL,'1',8,1)
 ,(74,NULL,'2011-01-22 23:55:31','2011-01-22 23:55:53',NULL,'1',20,1)
 ,(66,NULL,'2011-01-22 17:35:40','2011-01-22 17:35:40',NULL,'1',3,1)
 ,(75,NULL,'2011-01-22 23:58:30','2011-01-22 23:58:30',NULL,'1',20,1)
 ,(68,NULL,'2011-01-22 18:22:24','2011-01-22 18:22:24',NULL,'1',3,1)
 ,(69,NULL,'2011-01-22 18:38:07','2011-01-22 18:38:07',NULL,'1',3,1)
 ,(70,NULL,'2011-01-22 23:00:23','2011-01-22 23:00:23',NULL,'1',8,1)
 ,(71,NULL,'2011-01-22 23:00:49','2011-01-22 23:00:49',NULL,'1',8,1)
 ,(72,NULL,'2011-01-22 23:11:21','2011-01-22 23:11:21',NULL,'1',1,1)
 ,(76,NULL,'2011-01-23 12:06:03','2011-01-23 22:56:33','main_menu.php','1',3,1)
 ,(77,NULL,'2011-01-23 15:42:44','2011-01-23 15:42:44',NULL,'1',3,1)
 ,(78,NULL,'2011-01-23 17:30:50','2011-01-26 21:03:52','sub_menu.php','1',3,1)
 ,(79,NULL,'2011-01-23 23:08:33','2011-01-23 23:47:37','main_menu_blue.php','1',3,1)
 ,(80,NULL,'2011-01-23 23:56:01','2011-01-23 23:56:01','main_menu_blue.php','1',3,1)
 ,(81,NULL,'2011-01-24 22:42:08','2011-01-24 22:42:08',NULL,'1',28,1)
 ,(82,NULL,'2011-01-24 23:04:46','2011-01-24 23:29:04',NULL,'1',31,1)
 ,(89,NULL,'2011-01-26 23:28:05','2011-01-26 23:38:27','main_menu_blue.php','1',33,1)
 ,(88,NULL,'2011-01-26 22:43:11','2011-01-26 23:01:23','main_menu_blue.php','1',33,1)
 ,(87,NULL,'2011-01-26 22:41:52','2011-01-26 22:41:52',NULL,'1',33,1)
 ,(90,NULL,'2011-01-26 23:47:29','2011-01-26 23:47:30','main_menu_blue.php','1',33,1)
 ,(91,NULL,'2011-01-27 23:05:13','2011-01-27 23:05:39','main_menu_blue.php','1',34,1)
 ,(92,NULL,'2011-01-27 23:41:01','2011-01-27 23:41:16','main_menu_blue.php','1',35,1)
 ,(94,NULL,'2011-01-29 10:20:19','2011-01-29 13:04:49',NULL,'1',36,1)
 ,(95,NULL,'2011-01-29 13:59:10','2011-01-29 17:05:00',NULL,'1',36,1)
 ,(97,NULL,'2011-01-29 18:42:23','2011-01-29 23:20:46',NULL,'1',37,1)
 ,(98,NULL,'2011-01-30 00:22:28','2011-01-30 00:43:09',NULL,'1',37,1)
 ,(99,NULL,'2011-01-30 10:13:14','2011-01-30 10:13:14',NULL,'1',38,1)
 ,(106,NULL,'2011-01-31 22:56:39','2011-01-31 23:02:59',NULL,'1',39,1)
 ,(105,NULL,'2011-01-31 22:04:34','2011-01-31 22:04:34',NULL,'1',39,1)
 ,(104,'Global 104','2011-01-30 11:55:11','2011-01-30 16:41:33',NULL,'1',38,1)
 ,(107,NULL,'2011-02-02 00:00:03','2011-02-02 00:18:13',NULL,'1',41,1)
 ,(108,NULL,'2011-02-02 00:32:34','2011-02-05 18:52:08',NULL,'1',43,1)
 ,(109,NULL,'2011-02-05 17:52:07','2011-02-05 17:52:07',NULL,'1',42,1)
 ,(110,NULL,'2011-02-05 18:53:31','2011-02-05 18:55:12',NULL,'1',43,1)
 ,(111,NULL,'2011-02-05 19:27:38','2011-02-06 10:45:31',NULL,'1',45,1)
 ,(112,NULL,'2011-02-06 10:49:52','2011-02-06 10:49:52',NULL,'1',44,1)
 ,(113,NULL,'2011-02-06 10:53:26','2011-02-06 10:53:26',NULL,'1',45,1)
 ,(114,NULL,'2011-02-06 17:48:58','2011-02-06 17:48:58',NULL,'1',48,1)
 ,(115,NULL,'2011-02-06 17:50:55','2011-02-06 17:50:55',NULL,'1',48,1)
 ,(116,NULL,'2011-02-06 17:57:33','2011-02-06 17:57:33',NULL,'1',48,1)
 ,(117,NULL,'2011-02-06 18:03:34','2011-02-06 18:03:34',NULL,'1',51,1)
 ,(118,NULL,'2011-02-06 18:08:44','2011-02-06 18:08:44',NULL,'1',49,1)
 ,(119,NULL,'2011-02-08 21:28:19','2011-02-08 21:28:19',NULL,'1',51,1)
 ,(120,NULL,'2011-02-08 21:30:19','2011-02-08 21:30:19',NULL,'1',51,1)
 ,(121,NULL,'2011-02-08 21:57:09','2011-02-08 22:11:25',NULL,'1',51,1)
 ,(122,NULL,'2011-02-08 22:31:17','2011-02-08 23:26:42',NULL,'1',50,1)
 ,(123,NULL,'2011-02-08 23:29:57','2011-02-08 23:41:13',NULL,'1',50,1)
 ,(124,NULL,'2011-02-08 23:32:45','2011-02-08 23:40:30',NULL,'1',51,1)
 ,(125,NULL,'2011-02-12 12:02:52','2011-02-12 12:02:52',NULL,'1',58,1)
 ,(126,NULL,'2011-02-12 12:04:53','2011-02-12 12:04:53',NULL,'1',58,1)
 ,(127,NULL,'2011-02-12 12:06:19','2011-02-12 12:58:55',NULL,'1',58,1)
 ,(128,NULL,'2011-02-12 13:13:42','2011-02-12 13:13:59',NULL,'1',58,1)
 ,(129,NULL,'2011-02-12 15:13:57','2011-02-12 15:13:57',NULL,'1',58,1)
 ,(130,NULL,'2011-02-12 15:15:06','2011-02-12 15:26:10',NULL,'1',58,1)
 ,(131,NULL,'2011-02-12 15:36:29','2011-02-12 15:36:29',NULL,'1',58,1)
 ,(132,NULL,'2011-02-12 15:39:51','2011-02-12 15:39:51',NULL,'1',58,1)
 ,(133,NULL,'2011-02-12 15:42:28','2011-02-12 15:42:28',NULL,'1',58,1)
 ,(134,NULL,'2011-02-12 15:45:26','2011-02-12 15:45:26',NULL,'1',58,1)
 ,(135,NULL,'2011-02-12 16:01:40','2011-02-12 16:01:40',NULL,'1',57,1)
 ,(136,NULL,'2011-02-12 16:05:16','2011-02-12 16:05:16',NULL,'1',56,1)
 ,(137,NULL,'2011-02-12 16:15:40','2011-02-12 16:15:40',NULL,'1',55,1)
 ,(138,NULL,'2011-02-12 16:27:12','2011-02-12 16:34:23','pic29_rouncorner_blue.php','1',1,1)
 ,(139,NULL,'2011-02-13 10:18:55','2011-02-13 10:18:55',NULL,'1',59,1)
 ,(140,NULL,'2011-02-13 11:08:20','2011-02-13 18:56:04',NULL,'1',63,1)
 ,(141,NULL,'2011-02-13 19:10:32','2011-02-13 19:10:32',NULL,'1',63,1)
 ,(142,NULL,'2011-02-17 21:50:11','2011-02-17 21:50:11',NULL,'1',63,1)
 ,(143,NULL,'2011-02-17 22:33:27','2011-02-17 22:33:28',NULL,'1',63,1)
 ,(144,NULL,'2011-02-17 22:34:16','2011-02-17 22:34:16',NULL,'1',63,1)
 ,(145,NULL,'2011-02-17 22:59:55','2011-02-17 22:59:56',NULL,'1',63,1)
 ,(146,NULL,'2011-02-20 12:48:18','2011-02-20 12:48:18',NULL,'1',60,1)
 ,(147,NULL,'2011-02-20 13:12:32','2011-02-20 13:20:15',NULL,'1',63,1)
 ,(148,NULL,'2011-02-20 13:21:27','2011-02-20 13:21:27',NULL,'1',63,1)
 ,(149,NULL,'2011-02-20 13:21:40','2011-02-20 13:21:40',NULL,'1',63,1)
 ,(150,NULL,'2011-02-20 13:23:48','2011-02-20 13:23:48',NULL,'1',62,1)
 ,(151,NULL,'2011-02-20 16:48:54','2011-02-20 16:53:43',NULL,'1',63,1)
 ,(152,NULL,'2011-02-20 16:49:36','2011-02-20 16:49:36',NULL,'1',63,1)
 ,(153,NULL,'2011-02-20 17:10:44','2011-02-20 17:10:44',NULL,'1',63,1)
 ,(154,NULL,'2011-03-01 10:09:26','2011-03-01 10:15:52',NULL,'1',62,1)
 ,(155,NULL,'2011-03-01 11:39:28','2011-03-01 12:21:56',NULL,'1',63,1)
 ,(156,NULL,'2011-03-01 12:24:20','2011-03-01 12:24:20',NULL,'1',63,1)
 ,(157,NULL,'2011-03-01 12:34:40','2011-03-01 12:34:56',NULL,'1',39,1)
 ,(158,NULL,'2011-03-01 12:36:23','2011-03-01 12:37:03',NULL,'1',39,1)
 ,(164,NULL,'2011-03-01 14:27:51','2011-03-01 14:38:39',NULL,'1',32,1)
 ,(162,NULL,'2011-03-01 14:20:02','2011-03-01 14:25:39',NULL,'1',63,1)
 ,(163,NULL,'2011-03-01 14:23:26','2011-03-01 14:23:26',NULL,'1',62,1)
 ,(165,NULL,'2011-03-01 14:42:07','2011-03-01 14:42:07',NULL,'1',32,1)
 ,(166,NULL,'2011-03-01 14:48:08','2011-03-01 14:48:08',NULL,'1',61,1)
 ,(167,NULL,'2011-03-01 14:49:18','2011-03-01 14:49:18',NULL,'1',1,1)
 ,(168,NULL,'2011-03-01 14:52:01','2011-03-01 14:52:01',NULL,'1',61,1)
 ,(169,NULL,'2011-03-01 14:52:43','2011-03-01 14:52:43',NULL,'1',2,1)
 ,(170,NULL,'2011-03-01 14:54:36','2011-03-01 14:54:36',NULL,'1',61,1)
 ,(172,NULL,'2011-03-01 15:03:12','2011-03-01 15:03:33',NULL,'1',1,1)
 ,(173,NULL,'2011-03-01 15:11:04','2011-03-01 15:12:44',NULL,'1',2,1)
 ,(174,NULL,'2011-03-01 15:14:42','2011-03-01 15:14:43',NULL,'1',2,1)
 ,(175,NULL,'2011-03-01 15:17:57','2011-03-01 15:27:46',NULL,'1',62,1)
 ,(176,NULL,'2011-03-01 15:33:00','2011-03-01 15:39:37',NULL,'1',62,1)
 ,(177,NULL,'2011-03-01 15:44:54','2011-03-01 15:44:54',NULL,'1',61,1)
 ,(178,NULL,'2011-03-01 15:54:38','2011-03-01 15:54:38',NULL,'1',62,1)
 ,(179,NULL,'2011-03-01 16:21:48','2011-03-01 16:28:04','pic29_footer.php','1',1,1)
 ,(180,NULL,'2011-03-01 16:30:18','2011-03-01 16:30:32','pic29_footer.php','1',1,1)
 ,(181,NULL,'2011-03-01 16:58:00','2011-03-01 17:29:04',NULL,'1',63,1)
 ,(183,NULL,'2011-03-02 09:58:16','2011-03-02 09:58:16',NULL,'1',69,1)
 ,(184,NULL,'2011-03-02 11:08:41','2011-03-02 11:11:53',NULL,'1',75,1)
 ,(185,NULL,'2011-03-02 11:12:52','2011-03-02 11:12:52',NULL,'1',75,1)
 ,(186,NULL,'2011-03-02 11:38:05','2011-03-02 11:38:05',NULL,'1',75,1)
 ,(187,NULL,'2011-03-02 12:01:52','2011-03-02 12:05:56','pic29_text_blue.php','1',1,1)
 ,(188,NULL,'2011-03-02 12:22:40','2011-03-02 12:22:40','pic29_text_blue.php','1',1,1)
 ,(189,NULL,'2011-03-02 12:32:06','2011-03-02 12:32:06','pic29_text_blue.php','1',1,1)
 ,(190,NULL,'2011-03-02 12:39:42','2011-03-02 15:27:43','pic29_text_blue.php','1',1,1)
 ,(197,NULL,'2011-03-02 15:34:51','2011-03-02 15:34:51',NULL,'1',74,1)
 ,(191,NULL,'2011-03-02 14:24:43','2011-03-02 14:26:50',NULL,'1',74,1)
 ,(192,NULL,'2011-03-02 15:21:10','2011-03-02 15:21:10',NULL,'1',74,1)
 ,(193,NULL,'2011-03-02 15:22:19','2011-03-02 15:22:19',NULL,'1',70,1)
 ,(194,NULL,'2011-03-02 15:23:43','2011-03-02 15:23:43',NULL,'1',74,1)
 ,(195,NULL,'2011-03-02 15:24:26','2011-03-02 15:24:26',NULL,'1',74,1)
 ,(196,NULL,'2011-03-02 15:25:25','2011-03-02 15:25:25',NULL,'1',74,1)
 ,(198,NULL,'2011-03-02 15:45:43','2011-03-02 15:45:43',NULL,'1',73,1)
 ,(199,NULL,'2011-03-02 15:49:33','2011-03-02 15:49:58',NULL,'1',73,1)
 ,(200,NULL,'2011-03-02 15:53:17','2011-03-02 15:53:17',NULL,'1',73,1)
 ,(201,NULL,'2011-03-02 15:56:19','2011-03-02 15:56:19',NULL,'1',70,1)
 ,(202,NULL,'2011-03-02 16:02:52','2011-03-02 16:02:52',NULL,'1',73,1)
 ,(203,NULL,'2011-03-02 16:03:28','2011-03-02 16:03:29',NULL,'1',73,1)
 ,(204,NULL,'2011-03-02 16:07:12','2011-03-02 16:07:12',NULL,'1',73,1)
 ,(205,NULL,'2011-03-02 16:07:44','2011-03-02 16:07:45',NULL,'1',73,1)
 ,(206,NULL,'2011-03-02 16:27:27','2011-03-02 16:39:03','pic29_text_greyborder.php','1',1,1)
 ,(207,NULL,'2011-03-02 16:43:52','2011-03-02 16:47:26','pic29_text_actu.php','1',1,1)
 ,(208,NULL,'2011-03-02 17:08:12','2011-03-02 17:08:12','pic29_text_actu.php','1',1,1)
 ,(209,NULL,'2011-03-02 17:49:46','2011-03-02 17:49:46',NULL,'1',72,1)
 ,(210,NULL,'2011-03-02 17:53:33','2011-03-02 17:53:33','pic29_text_actu.php','1',1,1)
 ,(211,NULL,'2011-03-02 18:02:23','2011-03-02 18:02:23',NULL,'1',72,1)
 ,(212,NULL,'2011-03-02 19:27:50','2011-03-02 19:27:50',NULL,'1',72,1)
 ,(213,NULL,'2011-03-02 19:31:10','2011-03-02 19:31:10',NULL,'1',72,1)
 ,(214,NULL,'2011-03-02 19:43:11','2011-03-02 19:43:34',NULL,'1',72,1)
 ,(215,NULL,'2011-03-02 19:45:34','2011-03-02 19:45:34',NULL,'1',72,1)
 ,(216,NULL,'2011-03-02 19:52:32','2011-03-02 19:52:33',NULL,'1',72,1)
 ,(217,NULL,'2011-03-02 19:54:03','2011-03-02 19:54:03',NULL,'1',72,1)
 ,(218,NULL,'2011-03-02 20:06:21','2011-03-02 21:40:50',NULL,'1',73,1)
 ,(219,NULL,'2011-03-02 21:44:00','2011-03-02 21:44:23',NULL,'1',73,1)
 ,(220,NULL,'2011-03-02 23:02:12','2011-03-02 23:02:12',NULL,'1',72,1)
 ,(221,NULL,'2011-03-02 23:03:08','2011-03-02 23:03:08',NULL,'1',72,1)
 ,(222,NULL,'2011-03-03 09:15:51','2011-03-03 09:15:51',NULL,'1',71,1)
 ,(223,NULL,'2011-03-03 21:33:27','2011-03-03 21:33:27',NULL,'1',72,1)
 ,(224,NULL,'2011-03-03 21:34:00','2011-03-03 21:34:00',NULL,'1',70,1)
 ,(225,NULL,'2011-03-04 13:41:11','2011-03-04 13:41:11',NULL,'1',70,1)
 ,(226,NULL,'2011-03-04 14:13:38','2011-03-04 14:13:38',NULL,'1',3,1)
 ,(227,NULL,'2011-03-04 15:02:51','2011-03-04 15:34:23',NULL,'1',74,1)
 ,(229,NULL,'2011-03-04 15:43:12','2011-03-04 15:43:12',NULL,'1',74,1)
 ,(230,NULL,'2011-03-04 16:14:59','2011-03-04 16:15:00',NULL,'1',74,1)
 ,(231,NULL,'2011-03-04 16:30:00','2011-03-04 16:30:00',NULL,'1',74,1)
 ,(232,NULL,'2011-03-04 17:41:27','2011-03-04 17:41:27',NULL,'1',94,1)
 ,(233,NULL,'2011-03-04 17:43:20','2011-03-04 17:46:28',NULL,'1',94,1)
 ,(234,NULL,'2011-03-05 16:12:32','2011-03-05 16:12:46',NULL,'1',102,1)
 ,(235,NULL,'2011-03-05 16:54:05','2011-03-05 16:54:05',NULL,'1',102,1)
 ,(237,NULL,'2011-03-06 13:59:41','2011-03-06 13:59:41',NULL,'1',102,1)
 ,(238,NULL,'2011-03-06 14:01:58','2011-03-06 14:34:31',NULL,'1',102,1)
 ,(239,NULL,'2011-03-06 14:34:15','2011-03-06 14:35:29',NULL,'1',102,1)
 ,(240,NULL,'2011-03-06 14:36:52','2011-03-06 14:36:52',NULL,'1',13,1)
 ,(241,NULL,'2011-03-07 09:33:54','2011-03-07 14:05:12',NULL,'1',102,1)
 ,(242,NULL,'2011-03-07 09:34:56','2011-03-07 11:24:15',NULL,'1',102,1)
 ,(243,NULL,'2011-03-07 15:35:56','2011-03-07 15:35:56',NULL,'1',8,1)
 ,(244,NULL,'2011-03-07 15:38:22','2011-03-07 15:38:22',NULL,'1',97,1)
 ,(245,NULL,'2011-03-07 15:51:40','2011-03-07 15:51:40',NULL,'1',111,1)
 ,(246,NULL,'2011-03-07 15:54:10','2011-03-07 17:02:33',NULL,'1',111,1)
 ,(247,NULL,'2011-03-07 22:50:14','2011-03-07 22:50:15',NULL,'1',111,1)
 ,(248,NULL,'2011-03-07 22:55:56','2011-03-07 23:12:43',NULL,'1',111,1)
 ,(249,NULL,'2011-03-08 07:16:19','2011-03-08 10:52:14',NULL,'1',120,1)
 ,(250,NULL,'2011-03-08 11:41:42','2011-03-08 12:10:58',NULL,'1',130,1)
 ,(251,NULL,'2011-03-08 12:42:24','2011-03-08 12:42:24',NULL,'1',138,1)
 ,(252,NULL,'2011-03-08 12:45:19','2011-03-08 12:45:19',NULL,'1',137,1)
 ,(260,'Entête Accueil','2011-03-08 18:14:14','2011-03-08 18:14:14',NULL,'1',134,1)
 ,(262,'Entête Téléphone Mail','2011-03-08 18:25:12','2011-03-11 14:09:11',NULL,'1',134,1)
 ,(264,'Icône  vers site Anglais','2011-03-08 18:30:47','2011-03-08 18:34:00',NULL,'1',138,1)
 ,(273,'Menu Société','2011-03-08 22:37:37','2011-03-09 18:39:06',NULL,'1',133,1)
 ,(340,'Secteurs marine','2011-03-10 14:56:59','2011-03-10 14:56:59',NULL,'1',133,1)
 ,(272,'Global 272','2011-03-08 22:37:26','2011-03-08 22:37:26',NULL,'1',131,1)
 ,(274,'Menu pied de page','2011-03-08 22:37:48','2011-03-10 12:54:24',NULL,'1',133,1)
 ,(313,NULL,'2011-03-10 11:34:46','2011-03-10 11:34:46',NULL,'1',135,1)
 ,(336,'Bouton vers Marine','2011-03-10 14:12:25','2011-03-10 15:17:40',NULL,'1',138,1)
 ,(322,'Menu Terrestre','2011-03-10 12:13:38','2011-03-10 14:30:53',NULL,'1',133,1)
 ,(310,NULL,'2011-03-10 10:44:23','2011-03-10 10:46:49',NULL,'1',8,1)
 ,(331,'Bouton vers terrestre','2011-03-10 13:46:37','2011-03-10 14:51:43',NULL,'1',138,1)
 ,(321,'Entête Terrestre','2011-03-10 12:13:29','2011-03-10 16:23:47',NULL,'1',1,1)
 ,(290,'Entête Logo','2011-03-09 18:06:34','2011-03-10 14:45:31',NULL,'1',138,1)
 ,(297,'Informations Pied de page','2011-03-09 18:22:39','2011-03-11 14:09:45',NULL,'1',134,1)
 ,(328,'Menu Marine','2011-03-10 12:50:56','2011-03-10 14:51:17',NULL,'1',133,1)
 ,(341,NULL,'2011-03-10 15:05:26','2011-03-10 15:06:04',NULL,'1',132,1)
 ,(342,NULL,'2011-03-10 15:09:30','2011-03-10 15:09:30',NULL,'1',132,1)
 ,(343,NULL,'2011-03-10 16:26:44','2011-03-10 16:26:44',NULL,'1',133,1)
 ,(338,'Secteurs terrestres','2011-03-10 14:33:45','2011-03-10 14:33:45',NULL,'1',133,1)
 ,(344,NULL,'2011-03-10 16:27:40','2011-03-10 16:27:40',NULL,'1',1,1)
 ,(345,NULL,'2011-03-10 21:58:54','2011-03-10 21:58:54',NULL,'1',132,1)
 ,(346,NULL,'2011-03-10 22:01:08','2011-03-10 22:01:08',NULL,'1',132,1)
 ,(347,NULL,'2011-03-10 22:08:09','2011-03-10 22:09:10',NULL,'1',1,1)
 ,(348,NULL,'2011-03-10 22:11:58','2011-03-10 22:12:26',NULL,'1',140,1)
 ,(349,NULL,'2011-03-10 22:17:33','2011-03-10 22:17:33',NULL,'1',140,1)
 ,(350,NULL,'2011-03-10 22:18:45','2011-03-10 22:20:04','','1',1,1)
 ,(351,NULL,'2011-03-10 22:21:39','2011-03-10 22:21:39',NULL,'1',1,1)
 ,(352,NULL,'2011-03-10 22:23:06','2011-03-10 22:23:06','','1',1,1)
 ,(353,NULL,'2011-03-10 22:28:40','2011-03-10 22:28:43',NULL,'1',140,1)
 ,(354,NULL,'2011-03-10 22:28:58','2011-03-10 22:28:58',NULL,'1',1,1)
 ,(355,NULL,'2011-03-10 22:44:38','2011-03-10 22:44:58','pic29_text_actu.php','1',1,1)
 ,(356,NULL,'2011-03-10 22:47:21','2011-03-10 22:49:14','pic29_text_actu.php','1',1,1)
 ,(357,NULL,'2011-03-10 22:50:58','2011-03-10 22:50:58','pic29_text_actu.php','1',1,1)
 ,(358,NULL,'2011-03-11 09:22:22','2011-03-11 09:22:22',NULL,'1',133,1)
 ,(359,NULL,'2011-03-11 09:24:21','2011-03-11 09:24:54',NULL,'1',1,1)
 ,(360,NULL,'2011-03-11 09:39:49','2011-03-11 09:40:04','pic29_text_blue.php','1',1,1)
 ,(361,NULL,'2011-03-11 09:57:16','2011-03-11 09:57:16',NULL,'1',133,1)
 ,(362,NULL,'2011-03-11 09:59:01','2011-03-11 09:59:01',NULL,'1',1,1)
 ,(364,'Entête Logo','2011-03-11 10:28:42','2011-03-11 10:28:42',NULL,'1',138,1)
 ,(366,'Entête Accueil','2011-03-11 10:31:36','2011-03-11 10:31:36',NULL,'1',134,1)
 ,(368,'Entête Téléphone Mail','2011-03-11 10:37:17','2011-03-11 14:12:05',NULL,'1',134,1)
 ,(370,'Icône  vers site Français','2011-03-11 10:41:10','2011-03-11 10:41:10',NULL,'1',138,1)
 ,(372,'About Us','2011-03-11 10:42:46','2011-03-11 10:42:46',NULL,'1',133,1)
 ,(374,'Adresse pied de page','2011-03-11 10:44:03','2011-03-11 14:11:32',NULL,'1',134,1)
 ,(387,'Entête Terrestre','2011-03-11 11:04:08','2011-03-11 11:04:08',NULL,'1',1,1)
 ,(377,'Entête Marine','2011-03-11 10:52:35','2011-03-11 10:52:35',NULL,'1',1,1)
 ,(379,'Menu Marine','2011-03-11 10:53:49','2011-03-11 10:53:49',NULL,'1',133,1)
 ,(381,'Menu Marine Sectors','2011-03-11 10:54:55','2011-03-11 10:54:55',NULL,'1',133,1)
 ,(383,'Bouton vers terrestre','2011-03-11 10:56:37','2011-03-11 10:56:37',NULL,'1',138,1)
 ,(385,'Menu pied de page','2011-03-11 10:59:15','2011-03-11 10:59:15',NULL,'1',133,1)
 ,(389,'Menu Terrestre','2011-03-11 11:05:44','2011-03-11 11:05:44',NULL,'1',133,1)
 ,(393,'Bouton vers Marine','2011-03-11 11:12:01','2011-03-11 11:12:01',NULL,'1',138,1)
 ,(392,'Menu Terrestre Sectors','2011-03-11 11:07:34','2011-03-11 11:14:09',NULL,'1',133,1)
 ,(394,NULL,'2011-03-11 12:21:03','2011-03-11 12:21:03',NULL,'1',132,1)
 ,(395,NULL,'2011-03-11 12:24:04','2011-03-11 12:24:50',NULL,'1',132,1)
 ,(396,NULL,'2011-03-11 12:26:47','2011-03-11 12:26:47',NULL,'1',132,1)
 ,(397,NULL,'2011-03-11 12:27:13','2011-03-11 12:27:15',NULL,'1',132,1)
 ,(398,NULL,'2011-03-11 12:30:33','2011-03-11 12:31:11',NULL,'1',132,1)
 ,(399,NULL,'2011-03-11 12:30:53','2011-03-11 12:30:53',NULL,'1',132,1)
 ,(400,NULL,'2011-03-11 12:38:10','2011-03-11 12:38:10',NULL,'1',133,1)
 ,(401,NULL,'2011-03-11 12:41:13','2011-03-11 12:41:13',NULL,'1',132,1)
 ,(403,'Fil d\'Ariane','2011-03-11 13:45:55','2011-03-11 13:45:55',NULL,'1',133,1)
 ,(405,'Fil d\'Ariane','2011-03-11 13:51:33','2011-03-11 13:51:33',NULL,'1',133,1);


CREATE TABLE IF NOT EXISTS `CollectionAttributeValues` (
  `cID` int(10) unsigned NOT NULL DEFAULT '0',
  `cvID` int(10) unsigned NOT NULL DEFAULT '0',
  `akID` int(10) unsigned NOT NULL DEFAULT '0',
  `avID` int(10) unsigned NOT NULL DEFAULT '0',
  PRIMARY KEY (`cID`,`cvID`,`akID`,`avID`)
) ENGINE=MyISAM DEFAULT CHARSET=latin1;

INSERT INTO CollectionAttributeValues VALUES(1,34,11,68)
 ,(1,35,11,69)
 ,(1,36,11,69)
 ,(1,37,11,69)
 ,(1,38,11,69)
 ,(1,39,11,69)
 ,(1,40,11,69)
 ,(1,41,11,69)
 ,(1,42,11,69)
 ,(1,43,11,69)
 ,(1,44,11,69)
 ,(1,45,11,69)
 ,(1,46,11,69)
 ,(1,47,11,69)
 ,(1,48,11,69)
 ,(1,49,11,69)
 ,(1,50,11,69)
 ,(1,51,11,69)
 ,(1,52,11,69)
 ,(1,53,11,69)
 ,(1,54,11,69)
 ,(1,55,11,69)
 ,(1,56,11,69)
 ,(1,57,11,69)
 ,(1,58,11,69)
 ,(1,59,11,69)
 ,(1,60,11,69)
 ,(1,61,11,69)
 ,(1,62,11,69)
 ,(1,63,11,69)
 ,(1,64,11,69)
 ,(1,65,11,69)
 ,(1,66,11,69)
 ,(1,67,11,69)
 ,(1,68,11,69)
 ,(1,69,11,69)
 ,(1,70,11,69)
 ,(1,71,11,69)
 ,(1,72,11,69)
 ,(1,73,11,69)
 ,(1,74,11,69)
 ,(1,75,11,69)
 ,(1,76,11,69)
 ,(1,77,11,69)
 ,(1,78,11,69)
 ,(1,79,11,69)
 ,(1,80,11,69)
 ,(1,81,11,69)
 ,(1,82,11,69)
 ,(1,83,11,69)
 ,(1,84,11,69)
 ,(1,85,11,69)
 ,(1,86,11,69)
 ,(1,87,11,69)
 ,(1,88,11,69)
 ,(1,89,11,69)
 ,(1,90,11,69)
 ,(1,91,11,69)
 ,(1,92,11,69)
 ,(1,93,11,69)
 ,(1,94,11,69)
 ,(1,95,11,69)
 ,(1,96,11,69)
 ,(1,97,11,69)
 ,(1,98,11,69)
 ,(1,99,11,69)
 ,(1,100,11,69)
 ,(1,101,11,69)
 ,(1,102,11,69)
 ,(1,103,11,69)
 ,(1,104,11,69)
 ,(1,105,11,69)
 ,(1,106,11,69)
 ,(1,107,11,69)
 ,(1,108,11,69)
 ,(1,109,11,69)
 ,(1,110,11,69)
 ,(1,111,11,69)
 ,(1,112,11,69)
 ,(1,113,11,69)
 ,(1,114,11,69)
 ,(1,115,11,69)
 ,(1,116,11,69)
 ,(1,117,11,69)
 ,(1,118,11,69)
 ,(1,119,11,69)
 ,(1,120,11,69)
 ,(1,121,11,69)
 ,(1,122,11,69)
 ,(1,123,11,69)
 ,(1,124,11,69)
 ,(1,125,11,69)
 ,(1,126,11,69)
 ,(1,127,11,69)
 ,(1,128,11,69)
 ,(1,129,11,69)
 ,(1,130,11,69)
 ,(1,131,11,69)
 ,(1,132,11,69)
 ,(1,133,11,69)
 ,(1,134,1,117)
 ,(1,134,2,118)
 ,(1,134,3,119)
 ,(1,134,4,120)
 ,(1,134,11,121)
 ,(1,135,1,117)
 ,(1,135,2,118)
 ,(1,135,3,119)
 ,(1,135,4,120)
 ,(1,135,11,121)
 ,(1,136,1,117)
 ,(1,136,2,118)
 ,(1,136,3,119)
 ,(1,136,4,120)
 ,(1,136,11,121)
 ,(1,137,1,117)
 ,(1,137,2,118)
 ,(1,137,3,119)
 ,(1,137,4,120)
 ,(1,137,11,121)
 ,(1,138,1,117)
 ,(1,138,2,118)
 ,(1,138,3,119)
 ,(1,138,4,120)
 ,(1,138,11,121)
 ,(1,139,1,117)
 ,(1,139,2,118)
 ,(1,139,3,119)
 ,(1,139,4,120)
 ,(1,139,11,121)
 ,(1,140,1,117)
 ,(1,140,2,118)
 ,(1,140,3,119)
 ,(1,140,4,120)
 ,(1,140,11,121)
 ,(1,141,1,117)
 ,(1,141,2,118)
 ,(1,141,3,119)
 ,(1,141,4,120)
 ,(1,141,11,121)
 ,(1,142,1,117)
 ,(1,142,2,118)
 ,(1,142,3,119)
 ,(1,142,4,120)
 ,(1,142,11,121)
 ,(1,143,1,117)
 ,(1,143,2,118)
 ,(1,143,3,119)
 ,(1,143,4,120)
 ,(1,143,11,121)
 ,(1,144,1,117)
 ,(1,144,2,118)
 ,(1,144,3,119)
 ,(1,144,4,120)
 ,(1,144,11,121)
 ,(1,145,1,117)
 ,(1,145,2,118)
 ,(1,145,3,119)
 ,(1,145,4,120)
 ,(1,145,11,121)
 ,(1,146,1,117)
 ,(1,146,2,118)
 ,(1,146,3,119)
 ,(1,146,4,120)
 ,(1,146,11,121)
 ,(1,147,1,117)
 ,(1,147,2,118)
 ,(1,147,3,119)
 ,(1,147,4,120)
 ,(1,147,11,121)
 ,(1,148,1,117)
 ,(1,148,2,118)
 ,(1,148,3,119)
 ,(1,148,4,120)
 ,(1,148,11,121)
 ,(1,149,1,117)
 ,(1,149,2,118)
 ,(1,149,3,119)
 ,(1,149,4,120)
 ,(1,149,11,121)
 ,(1,150,1,117)
 ,(1,150,2,118)
 ,(1,150,3,119)
 ,(1,150,4,120)
 ,(1,150,11,121)
 ,(1,151,1,127)
 ,(1,151,2,128)
 ,(1,151,3,129)
 ,(1,151,4,130)
 ,(1,152,1,127)
 ,(1,152,2,128)
 ,(1,152,3,129)
 ,(1,152,4,130)
 ,(1,153,1,127)
 ,(1,153,2,128)
 ,(1,153,3,129)
 ,(1,153,4,130)
 ,(89,2,1,135)
 ,(89,2,2,136)
 ,(89,2,3,137)
 ,(89,2,4,138)
 ,(89,3,1,135)
 ,(89,3,2,136)
 ,(89,3,3,137)
 ,(89,3,4,138)
 ,(89,4,1,419)
 ,(89,4,2,420)
 ,(89,4,3,421)
 ,(89,4,4,422)
 ,(89,4,17,423)
 ,(89,5,1,429)
 ,(89,5,2,430)
 ,(89,5,3,431)
 ,(89,5,4,432)
 ,(89,5,17,433)
 ,(89,6,1,434)
 ,(89,6,2,435)
 ,(89,6,3,436)
 ,(89,6,4,437)
 ,(89,6,17,438)
 ,(89,7,1,439)
 ,(89,7,2,440)
 ,(89,7,3,441)
 ,(89,7,4,442)
 ,(89,7,17,443)
 ,(89,8,1,439)
 ,(89,8,2,440)
 ,(89,8,3,441)
 ,(89,8,4,442)
 ,(89,8,17,443)
 ,(89,9,1,439)
 ,(89,9,2,440)
 ,(89,9,3,441)
 ,(89,9,4,442)
 ,(89,9,17,443)
 ,(89,10,1,439)
 ,(89,10,2,440)
 ,(89,10,3,441)
 ,(89,10,4,442)
 ,(89,10,17,443)
 ,(89,11,1,439)
 ,(89,11,2,440)
 ,(89,11,3,441)
 ,(89,11,4,442)
 ,(89,11,17,443)
 ,(89,12,1,439)
 ,(89,12,2,440)
 ,(89,12,3,441)
 ,(89,12,4,442)
 ,(89,12,17,443)
 ,(90,2,1,139)
 ,(90,2,2,140)
 ,(90,2,3,141)
 ,(90,2,4,142)
 ,(90,3,1,184)
 ,(90,3,2,185)
 ,(90,3,3,186)
 ,(90,3,4,187)
 ,(90,3,17,188)
 ,(90,4,1,399)
 ,(90,4,2,400)
 ,(90,4,3,401)
 ,(90,4,4,402)
 ,(90,4,17,403)
 ,(90,5,1,399)
 ,(90,5,2,400)
 ,(90,5,3,401)
 ,(90,5,4,402)
 ,(90,5,17,403)
 ,(91,2,1,143)
 ,(91,2,2,144)
 ,(91,2,3,145)
 ,(91,2,4,146)
 ,(91,3,1,189)
 ,(91,3,2,190)
 ,(91,3,3,191)
 ,(91,3,4,192)
 ,(91,3,17,193)
 ,(91,4,1,404)
 ,(91,4,2,405)
 ,(91,4,3,406)
 ,(91,4,4,407)
 ,(91,4,17,408)
 ,(91,5,1,404)
 ,(91,5,2,405)
 ,(91,5,3,406)
 ,(91,5,4,407)
 ,(91,5,17,408)
 ,(100,2,1,169)
 ,(100,2,2,170)
 ,(100,2,3,171)
 ,(100,2,4,172)
 ,(100,2,17,173)
 ,(100,3,1,179)
 ,(100,3,2,180)
 ,(100,3,3,181)
 ,(100,3,4,182)
 ,(100,3,17,183)
 ,(100,4,1,179)
 ,(100,4,2,180)
 ,(100,4,3,181)
 ,(100,4,4,182)
 ,(100,4,17,183)
 ,(100,5,1,179)
 ,(100,5,2,180)
 ,(100,5,3,181)
 ,(100,5,4,182)
 ,(100,5,17,183)
 ,(100,6,1,394)
 ,(100,6,2,395)
 ,(100,6,3,396)
 ,(100,6,4,397)
 ,(100,6,17,398)
 ,(100,7,1,454)
 ,(100,7,2,455)
 ,(100,7,3,456)
 ,(100,7,4,457)
 ,(100,7,17,458)
 ,(100,8,1,459)
 ,(100,8,2,460)
 ,(100,8,3,461)
 ,(100,8,4,462)
 ,(100,8,17,463)
 ,(100,9,1,459)
 ,(100,9,2,460)
 ,(100,9,3,461)
 ,(100,9,4,462)
 ,(100,9,17,463)
 ,(101,2,1,174)
 ,(101,2,2,175)
 ,(101,2,3,176)
 ,(101,2,4,177)
 ,(101,2,17,178)
 ,(101,3,1,174)
 ,(101,3,2,175)
 ,(101,3,3,176)
 ,(101,3,4,177)
 ,(101,3,17,178)
 ,(104,2,1,204)
 ,(104,2,2,205)
 ,(104,2,3,206)
 ,(104,2,4,207)
 ,(104,2,17,208)
 ,(104,3,1,224)
 ,(104,3,2,225)
 ,(104,3,3,226)
 ,(104,3,4,227)
 ,(104,3,17,228)
 ,(104,4,1,224)
 ,(104,4,2,225)
 ,(104,4,3,226)
 ,(104,4,4,227)
 ,(104,4,17,228)
 ,(105,2,1,209)
 ,(105,2,2,210)
 ,(105,2,3,211)
 ,(105,2,4,212)
 ,(105,2,17,213)
 ,(105,3,1,209)
 ,(105,3,2,210)
 ,(105,3,3,211)
 ,(105,3,4,212)
 ,(105,3,17,213)
 ,(105,4,1,209)
 ,(105,4,2,210)
 ,(105,4,3,211)
 ,(105,4,4,212)
 ,(105,4,17,213)
 ,(106,2,1,214)
 ,(106,2,2,215)
 ,(106,2,3,216)
 ,(106,2,4,217)
 ,(106,2,17,218)
 ,(106,3,1,214)
 ,(106,3,2,215)
 ,(106,3,3,216)
 ,(106,3,4,217)
 ,(106,3,17,218)
 ,(107,2,1,219)
 ,(107,2,2,220)
 ,(107,2,3,221)
 ,(107,2,4,222)
 ,(107,2,17,223)
 ,(107,3,1,219)
 ,(107,3,2,220)
 ,(107,3,3,221)
 ,(107,3,4,222)
 ,(107,3,17,223)
 ,(107,4,1,219)
 ,(107,4,2,220)
 ,(107,4,3,221)
 ,(107,4,4,222)
 ,(107,4,17,223)
 ,(107,5,1,464)
 ,(107,5,2,465)
 ,(107,5,3,466)
 ,(107,5,4,467)
 ,(107,5,17,468)
 ,(107,6,1,469)
 ,(107,6,2,470)
 ,(107,6,3,471)
 ,(107,6,4,472)
 ,(107,6,17,473)
 ,(107,7,1,469)
 ,(107,7,2,470)
 ,(107,7,3,471)
 ,(107,7,4,472)
 ,(107,7,17,473)
 ,(108,2,1,229)
 ,(108,2,2,230)
 ,(108,2,3,231)
 ,(108,2,4,232)
 ,(108,2,17,233)
 ,(108,3,1,229)
 ,(108,3,2,230)
 ,(108,3,3,231)
 ,(108,3,4,232)
 ,(108,3,17,233)
 ,(109,2,1,234)
 ,(109,2,2,235)
 ,(109,2,3,236)
 ,(109,2,4,237)
 ,(109,2,17,238)
 ,(109,3,1,234)
 ,(109,3,2,235)
 ,(109,3,3,236)
 ,(109,3,4,237)
 ,(109,3,17,238)
 ,(110,2,1,239)
 ,(110,2,2,240)
 ,(110,2,3,241)
 ,(110,2,4,242)
 ,(110,2,17,243)
 ,(110,3,1,239)
 ,(110,3,2,240)
 ,(110,3,3,241)
 ,(110,3,4,242)
 ,(110,3,17,243)
 ,(110,4,1,239)
 ,(110,4,2,240)
 ,(110,4,3,241)
 ,(110,4,4,242)
 ,(110,4,17,243)
 ,(110,5,1,239)
 ,(110,5,2,240)
 ,(110,5,3,241)
 ,(110,5,4,242)
 ,(110,5,17,243)
 ,(110,6,1,239)
 ,(110,6,2,240)
 ,(110,6,3,241)
 ,(110,6,4,242)
 ,(110,6,17,243)
 ,(110,7,1,239)
 ,(110,7,2,240)
 ,(110,7,3,241)
 ,(110,7,4,242)
 ,(110,7,17,243)
 ,(110,8,1,239)
 ,(110,8,2,240)
 ,(110,8,3,241)
 ,(110,8,4,242)
 ,(110,8,17,243)
 ,(110,9,1,239)
 ,(110,9,2,240)
 ,(110,9,3,241)
 ,(110,9,4,242)
 ,(110,9,17,243)
 ,(110,10,1,239)
 ,(110,10,2,240)
 ,(110,10,3,241)
 ,(110,10,4,242)
 ,(110,10,17,243)
 ,(110,11,1,239)
 ,(110,11,2,240)
 ,(110,11,3,241)
 ,(110,11,4,242)
 ,(110,11,17,243)
 ,(110,12,1,239)
 ,(110,12,2,240)
 ,(110,12,3,241)
 ,(110,12,4,242)
 ,(110,12,17,243)
 ,(111,2,1,244)
 ,(111,2,2,245)
 ,(111,2,3,246)
 ,(111,2,4,247)
 ,(111,2,17,248)
 ,(111,3,1,244)
 ,(111,3,2,245)
 ,(111,3,3,246)
 ,(111,3,4,247)
 ,(111,3,17,248)
 ,(112,2,1,249)
 ,(112,2,2,250)
 ,(112,2,3,251)
 ,(112,2,4,252)
 ,(112,2,17,253)
 ,(112,3,1,249)
 ,(112,3,2,250)
 ,(112,3,3,251)
 ,(112,3,4,252)
 ,(112,3,17,253)
 ,(113,2,1,254)
 ,(113,2,2,255)
 ,(113,2,3,256)
 ,(113,2,4,257)
 ,(113,2,17,258)
 ,(113,3,1,254)
 ,(113,3,2,255)
 ,(113,3,3,256)
 ,(113,3,4,257)
 ,(113,3,17,258)
 ,(114,2,1,259)
 ,(114,2,2,260)
 ,(114,2,3,261)
 ,(114,2,4,262)
 ,(114,2,17,263)
 ,(114,3,1,259)
 ,(114,3,2,260)
 ,(114,3,3,261)
 ,(114,3,4,262)
 ,(114,3,17,263)
 ,(115,2,1,264)
 ,(115,2,2,265)
 ,(115,2,3,266)
 ,(115,2,4,267)
 ,(115,2,17,268)
 ,(115,3,1,264)
 ,(115,3,2,265)
 ,(115,3,3,266)
 ,(115,3,4,267)
 ,(115,3,17,268)
 ,(115,4,1,409)
 ,(115,4,2,410)
 ,(115,4,3,411)
 ,(115,4,4,412)
 ,(115,4,17,413)
 ,(115,5,1,474)
 ,(115,5,2,475)
 ,(115,5,3,476)
 ,(115,5,4,477)
 ,(115,5,17,478)
 ,(120,2,1,289)
 ,(120,2,2,290)
 ,(120,2,3,291)
 ,(120,2,4,292)
 ,(120,2,17,293)
 ,(120,3,1,289)
 ,(120,3,2,290)
 ,(120,3,3,291)
 ,(120,3,4,292)
 ,(120,3,17,293)
 ,(122,2,1,299)
 ,(122,2,2,300)
 ,(122,2,3,301)
 ,(122,2,4,302)
 ,(122,2,17,303)
 ,(122,3,1,299)
 ,(122,3,2,300)
 ,(122,3,3,301)
 ,(122,3,4,302)
 ,(122,3,17,303)
 ,(123,2,1,304)
 ,(123,2,2,305)
 ,(123,2,3,306)
 ,(123,2,4,307)
 ,(123,2,17,308)
 ,(123,3,1,304)
 ,(123,3,2,305)
 ,(123,3,3,306)
 ,(123,3,4,307)
 ,(123,3,17,308)
 ,(123,4,1,304)
 ,(123,4,2,305)
 ,(123,4,3,306)
 ,(123,4,4,307)
 ,(123,4,17,308)
 ,(123,5,1,304)
 ,(123,5,2,305)
 ,(123,5,3,306)
 ,(123,5,4,307)
 ,(123,5,17,308)
 ,(125,2,1,309)
 ,(125,2,2,310)
 ,(125,2,3,311)
 ,(125,2,4,312)
 ,(125,2,17,313)
 ,(125,3,1,309)
 ,(125,3,2,310)
 ,(125,3,3,311)
 ,(125,3,4,312)
 ,(125,3,17,313)
 ,(132,2,1,339)
 ,(132,2,2,340)
 ,(132,2,3,341)
 ,(132,2,4,342)
 ,(132,2,17,343)
 ,(132,3,1,349)
 ,(132,3,2,350)
 ,(132,3,3,351)
 ,(132,3,4,352)
 ,(132,3,17,353)
 ,(132,4,1,349)
 ,(132,4,2,350)
 ,(132,4,3,351)
 ,(132,4,4,352)
 ,(132,4,17,353)
 ,(133,2,1,344)
 ,(133,2,2,345)
 ,(133,2,3,346)
 ,(133,2,4,347)
 ,(133,2,17,348)
 ,(133,3,1,344)
 ,(133,3,2,345)
 ,(133,3,3,346)
 ,(133,3,4,347)
 ,(133,3,17,348)
 ,(134,2,1,354)
 ,(134,2,2,355)
 ,(134,2,3,356)
 ,(134,2,4,357)
 ,(134,2,17,358)
 ,(135,2,1,359)
 ,(135,2,2,360)
 ,(135,2,3,361)
 ,(135,2,4,362)
 ,(135,2,17,363)
 ,(137,2,1,364)
 ,(137,2,2,365)
 ,(137,2,3,366)
 ,(137,2,4,367)
 ,(137,2,17,368)
 ,(139,2,1,369)
 ,(139,2,2,370)
 ,(139,2,3,371)
 ,(139,2,4,372)
 ,(139,2,17,373)
 ,(140,2,1,379)
 ,(140,2,2,380)
 ,(140,2,3,381)
 ,(140,2,4,382)
 ,(140,2,17,383)
 ,(141,2,1,374)
 ,(141,2,2,375)
 ,(141,2,3,376)
 ,(141,2,4,377)
 ,(141,2,17,378)
 ,(142,2,1,384)
 ,(142,2,2,385)
 ,(142,2,3,386)
 ,(142,2,4,387)
 ,(142,2,17,388)
 ,(143,2,1,389)
 ,(143,2,2,390)
 ,(143,2,3,391)
 ,(143,2,4,392)
 ,(143,2,17,393)
 ,(143,3,1,389)
 ,(143,3,2,390)
 ,(143,3,3,391)
 ,(143,3,4,392)
 ,(143,3,17,393)
 ,(143,4,1,389)
 ,(143,4,2,390)
 ,(143,4,3,391)
 ,(143,4,4,392)
 ,(143,4,17,393)
 ,(145,2,1,424)
 ,(145,2,2,425)
 ,(145,2,3,426)
 ,(145,2,4,427)
 ,(145,2,17,428)
 ,(145,3,1,444)
 ,(145,3,2,445)
 ,(145,3,3,446)
 ,(145,3,4,447)
 ,(145,3,17,448)
 ,(145,4,1,449)
 ,(145,4,2,450)
 ,(145,4,3,451)
 ,(145,4,4,452)
 ,(145,4,17,453)
 ,(146,2,1,481)
 ,(146,2,2,482)
 ,(146,2,3,483)
 ,(146,2,4,484)
 ,(146,2,17,485)
 ,(146,3,1,555)
 ,(146,3,2,556)
 ,(146,3,3,557)
 ,(146,3,4,558)
 ,(146,3,17,559)
 ,(147,2,1,486)
 ,(147,2,2,487)
 ,(147,2,3,488)
 ,(147,2,4,489)
 ,(147,2,17,490)
 ,(148,2,1,491)
 ,(148,2,2,492)
 ,(148,2,3,493)
 ,(148,2,4,494)
 ,(148,2,17,495)
 ,(149,2,1,496)
 ,(149,2,2,497)
 ,(149,2,3,498)
 ,(149,2,4,499)
 ,(149,2,17,500)
 ,(149,3,1,496)
 ,(149,3,2,497)
 ,(149,3,3,498)
 ,(149,3,4,499)
 ,(149,3,17,500)
 ,(149,4,1,496)
 ,(149,4,2,497)
 ,(149,4,3,498)
 ,(149,4,4,499)
 ,(149,4,17,500)
 ,(150,2,1,501)
 ,(150,2,2,502)
 ,(150,2,3,503)
 ,(150,2,4,504)
 ,(150,2,17,505)
 ,(151,2,1,506)
 ,(151,2,2,507)
 ,(151,2,3,508)
 ,(151,2,4,509)
 ,(151,2,17,510)
 ,(152,2,1,511)
 ,(152,2,2,512)
 ,(152,2,3,513)
 ,(152,2,4,514)
 ,(152,2,17,515)
 ,(152,3,1,511)
 ,(152,3,2,512)
 ,(152,3,3,513)
 ,(152,3,4,514)
 ,(152,3,17,515)
 ,(153,2,1,516)
 ,(153,2,2,517)
 ,(153,2,3,518)
 ,(153,2,4,519)
 ,(153,2,17,520)
 ,(157,2,1,540)
 ,(157,2,2,541)
 ,(157,2,3,542)
 ,(157,2,4,543)
 ,(157,2,17,544)
 ,(158,2,1,545)
 ,(158,2,2,546)
 ,(158,2,3,547)
 ,(158,2,4,548)
 ,(158,2,17,549)
 ,(158,3,1,545)
 ,(158,3,2,546)
 ,(158,3,3,547)
 ,(158,3,4,548)
 ,(158,3,17,549)
 ,(159,2,1,550)
 ,(159,2,2,551)
 ,(159,2,3,552)
 ,(159,2,4,553)
 ,(159,2,17,554)
 ,(159,3,1,550)
 ,(159,3,2,551)
 ,(159,3,3,552)
 ,(159,3,4,553)
 ,(159,3,17,554)
 ,(159,4,1,550)
 ,(159,4,2,551)
 ,(159,4,3,552)
 ,(159,4,4,553)
 ,(159,4,17,554);


CREATE TABLE IF NOT EXISTS `CollectionSearchIndexAttributes` (
  `cID` int(11) unsigned NOT NULL DEFAULT '0',
  `ak_meta_title` text,
  `ak_meta_description` text,
  `ak_meta_keywords` text,
  `ak_exclude_nav` tinyint(4) DEFAULT '0',
  `ak_exclude_page_list` tinyint(4) DEFAULT '0',
  `ak_header_extra_content` text,
  `ak_exclude_search_index` tinyint(4) DEFAULT '0',
  `ak_exclude_sitemapxml` tinyint(4) DEFAULT '0',
  `ak_tags` text,
  `ak_hide_children_from_menu_29` tinyint(4) DEFAULT '0',
  `ak_dont_link` tinyint(4) DEFAULT '0',
  PRIMARY KEY (`cID`)
) ENGINE=MyISAM DEFAULT CHARSET=latin1;

INSERT INTO CollectionSearchIndexAttributes VALUES(2,NULL,NULL,NULL,0,0,NULL,0,0,NULL,0,0)
 ,(65,NULL,NULL,NULL,0,0,NULL,0,0,NULL,0,0)
 ,(42,NULL,NULL,NULL,0,0,NULL,0,0,NULL,0,0)
 ,(67,'','','',0,0,NULL,0,0,NULL,0,0)
 ,(68,'','','',1,0,NULL,0,0,NULL,0,0)
 ,(66,NULL,NULL,NULL,0,0,NULL,0,0,'\n',0,0)
 ,(69,'','','',0,0,NULL,0,0,NULL,0,0)
 ,(70,'','','',0,0,NULL,0,0,NULL,0,0)
 ,(71,'','','',0,0,NULL,0,0,NULL,0,0)
 ,(72,'','','',0,0,NULL,0,0,'\nsample\nHello World\n',0,0)
 ,(73,'','','',1,0,NULL,0,0,'\nsample\n',0,0)
 ,(75,NULL,NULL,NULL,0,0,NULL,0,0,NULL,0,0)
 ,(76,NULL,NULL,NULL,0,0,NULL,0,0,NULL,0,0)
 ,(74,NULL,NULL,NULL,0,0,NULL,0,0,NULL,0,0)
 ,(79,'','','',0,0,NULL,0,0,NULL,0,0)
 ,(80,NULL,NULL,NULL,0,0,NULL,0,0,NULL,0,0)
 ,(81,NULL,NULL,NULL,0,0,NULL,0,0,NULL,0,0)
 ,(82,NULL,NULL,NULL,1,0,NULL,0,0,NULL,0,0)
 ,(83,NULL,NULL,NULL,0,0,NULL,0,0,NULL,0,0)
 ,(84,'','','',0,0,NULL,0,0,'\n',0,0)
 ,(13,NULL,NULL,NULL,0,0,NULL,0,0,NULL,0,0)
 ,(1,'Mon titre meta','Ma description de page','mes mots clé',0,0,NULL,0,0,NULL,0,0)
 ,(88,'Accueil','','',0,0,NULL,0,0,NULL,0,0)
 ,(89,'Home','','',0,0,NULL,0,0,NULL,0,0)
 ,(90,'Secteur Marine','','',0,0,NULL,0,0,NULL,0,1)
 ,(91,'Secteur Terrestre','','',0,0,NULL,0,0,NULL,0,1)
 ,(92,NULL,NULL,NULL,0,0,NULL,0,0,NULL,0,0)
 ,(95,'','','',1,0,NULL,0,0,NULL,0,0)
 ,(96,'','','',0,0,NULL,0,0,NULL,0,0)
 ,(97,'','','',0,0,NULL,0,0,NULL,0,0)
 ,(99,NULL,NULL,NULL,0,0,NULL,0,0,NULL,0,0)
 ,(101,'','','',1,0,NULL,0,0,NULL,0,1)
 ,(85,NULL,NULL,NULL,0,0,NULL,0,0,NULL,0,0)
 ,(98,NULL,NULL,NULL,0,0,NULL,0,0,NULL,0,0)
 ,(87,NULL,NULL,NULL,0,0,NULL,0,0,NULL,0,0)
 ,(102,'','','',0,0,NULL,0,0,NULL,0,0)
 ,(103,'','','',0,0,NULL,0,0,NULL,0,0)
 ,(104,'','','',1,0,NULL,0,0,NULL,0,1)
 ,(105,'','','',0,0,NULL,0,0,NULL,0,0)
 ,(106,'','','',0,0,NULL,0,0,NULL,0,0)
 ,(107,'','','',0,0,NULL,0,0,NULL,0,0)
 ,(108,'','','',0,0,NULL,0,0,NULL,0,0)
 ,(109,'','','',0,0,NULL,0,0,NULL,0,0)
 ,(110,'','','',0,0,NULL,0,0,NULL,0,0)
 ,(111,'','','',0,0,NULL,0,0,NULL,0,0)
 ,(112,'','','',0,0,NULL,0,0,NULL,0,0)
 ,(113,'','','',0,0,NULL,0,0,NULL,0,0)
 ,(114,'','','',0,0,NULL,0,0,NULL,0,0)
 ,(115,'Equipements Mobiles','','',0,0,NULL,0,0,NULL,0,0)
 ,(116,'Exincteurs','','',0,0,NULL,0,0,NULL,0,0)
 ,(117,'RIA','','',0,0,NULL,0,0,NULL,0,0)
 ,(118,'Signalétique','','',0,0,NULL,0,0,NULL,0,0)
 ,(119,'','','',0,0,NULL,0,0,NULL,0,0)
 ,(120,'Equipements fixes','','',0,0,NULL,0,0,NULL,0,0)
 ,(121,'Equipements fixes','','',0,0,NULL,0,0,NULL,0,0)
 ,(122,'Services','','',0,0,NULL,0,0,NULL,0,0)
 ,(123,'Accueil Marine','','',0,0,NULL,0,0,NULL,0,0)
 ,(124,NULL,NULL,NULL,0,0,NULL,0,0,NULL,0,0)
 ,(125,'','','',1,0,NULL,0,0,NULL,0,1)
 ,(126,'','','',0,0,NULL,0,0,NULL,0,0)
 ,(127,'Industries','','',0,0,NULL,0,0,NULL,0,0)
 ,(128,'Entreprises (PME, TPE)','','',0,0,NULL,0,0,NULL,0,0)
 ,(129,'Etablissement recevant du public','','',0,0,NULL,0,0,NULL,0,0)
 ,(130,'Collectivités','','',0,0,NULL,0,0,NULL,0,0)
 ,(131,NULL,NULL,NULL,0,0,NULL,0,0,NULL,0,0)
 ,(132,'Secteurs','','',1,0,NULL,0,0,NULL,0,1)
 ,(133,'Construction navale','','',0,0,NULL,0,0,NULL,0,0)
 ,(134,'','','',0,0,NULL,0,0,NULL,0,0)
 ,(135,'','','',0,0,NULL,0,0,NULL,0,0)
 ,(136,NULL,NULL,NULL,0,0,NULL,0,0,NULL,0,0)
 ,(137,'','','',0,0,NULL,0,0,NULL,0,0)
 ,(139,'','','',0,0,NULL,0,0,NULL,0,0)
 ,(140,'','','',0,0,NULL,0,0,NULL,0,0)
 ,(141,'','','',0,0,NULL,0,0,NULL,0,0)
 ,(142,'','','',0,0,NULL,0,0,NULL,0,0)
 ,(143,'','','',0,0,NULL,0,0,NULL,0,0)
 ,(100,'Page d\'accueil du site français','','',0,0,NULL,0,0,NULL,0,0)
 ,(144,'','','',1,0,NULL,0,0,NULL,0,1)
 ,(145,'','','',0,0,NULL,0,0,NULL,0,1)
 ,(146,'','','',0,0,NULL,0,0,NULL,0,1)
 ,(147,'','','',0,0,NULL,0,0,NULL,0,1)
 ,(148,'','','',0,0,NULL,0,0,NULL,0,1)
 ,(149,'','','',0,0,NULL,0,0,NULL,0,0)
 ,(150,'','','',1,0,NULL,0,0,NULL,0,1)
 ,(151,'','','',0,0,NULL,0,0,NULL,0,0)
 ,(152,'','','',0,0,NULL,0,0,NULL,0,0)
 ,(153,'','','',1,0,NULL,0,0,NULL,0,1)
 ,(154,'','','',0,0,NULL,0,0,NULL,0,0)
 ,(155,'','','',0,0,NULL,0,0,NULL,0,0)
 ,(156,'','','',0,0,NULL,0,0,NULL,0,0)
 ,(86,NULL,NULL,NULL,0,0,NULL,0,0,NULL,0,0)
 ,(93,NULL,NULL,NULL,0,0,NULL,0,0,NULL,0,0)
 ,(94,NULL,NULL,NULL,0,0,NULL,0,0,NULL,0,0)
 ,(157,'','','',0,0,NULL,0,0,NULL,0,0)
 ,(158,'','','',0,0,NULL,0,0,NULL,0,0)
 ,(159,'','','',0,0,NULL,0,0,NULL,0,0);


CREATE TABLE IF NOT EXISTS `CollectionVersionAreaLayouts` (
  `cvalID` int(10) unsigned NOT NULL AUTO_INCREMENT,
  `cID` int(10) unsigned DEFAULT '0',
  `cvID` int(10) unsigned DEFAULT '0',
  `arHandle` varchar(255) DEFAULT NULL,
  `layoutID` int(10) unsigned NOT NULL DEFAULT '0',
  `position` int(10) DEFAULT '1000',
  `areaNameNumber` int(10) unsigned DEFAULT '0',
  PRIMARY KEY (`cvalID`),
  KEY `areaLayoutsIndex` (`cID`,`cvID`,`arHandle`)
) ENGINE=MyISAM AUTO_INCREMENT=140 DEFAULT CHARSET=latin1;

INSERT INTO CollectionVersionAreaLayouts VALUES(5,1,72,'Col center',5,1,2)
 ,(4,1,71,'Col center',3,1,2)
 ,(6,1,73,'Col center',5,1,2)
 ,(7,1,74,'Col center',5,1,2)
 ,(8,1,75,'Col center',5,1,2)
 ,(9,1,76,'Col center',5,1,2)
 ,(10,1,77,'Col center',5,1,2)
 ,(11,1,78,'Col center',5,1,2)
 ,(12,1,79,'Col center',5,1,2)
 ,(13,1,80,'Col center',5,1,2)
 ,(14,1,81,'Col center',5,1,2)
 ,(15,1,82,'Col center',5,1,2)
 ,(16,1,83,'Col center',5,1,2)
 ,(17,1,84,'Col center',5,1,2)
 ,(18,1,85,'Col center',5,1,2)
 ,(19,1,86,'Col center',5,1,2)
 ,(20,1,87,'Col center',5,1,2)
 ,(21,1,88,'Col center',5,1,2)
 ,(22,1,89,'Col center',5,1,2)
 ,(23,1,90,'Col center',5,1,2)
 ,(24,1,91,'Col center',5,1,2)
 ,(25,1,92,'Col center',5,1,2)
 ,(26,1,92,'Header center',6,1,1)
 ,(27,1,93,'Col center',5,1,2)
 ,(28,1,93,'Header center',6,1,1)
 ,(29,1,94,'Col center',5,1,2)
 ,(30,1,94,'Header center',6,1,1)
 ,(31,1,95,'Col center',5,1,2)
 ,(32,1,95,'Header center',6,1,1)
 ,(33,1,96,'Col center',5,1,2)
 ,(34,1,96,'Header center',6,1,1)
 ,(35,1,97,'Col center',5,1,2)
 ,(36,1,97,'Header center',6,1,1)
 ,(37,1,98,'Col center',5,1,2)
 ,(38,1,98,'Header center',6,1,1)
 ,(39,1,99,'Col center',5,1,2)
 ,(40,1,99,'Header center',6,1,1)
 ,(41,1,100,'Col center',5,1,2)
 ,(42,1,100,'Header center',6,1,1)
 ,(43,1,101,'Col center',5,1,2)
 ,(44,1,101,'Header center',6,1,1)
 ,(45,1,102,'Col center',5,1,2)
 ,(46,1,102,'Header center',6,1,1)
 ,(47,1,103,'Col center',5,1,2)
 ,(49,1,104,'Col center',5,1,2)
 ,(50,1,105,'Col center',5,1,2)
 ,(52,1,115,'Col center',8,2,1)
 ,(53,1,115,'Col center',7,1,2)
 ,(54,1,116,'Col center',8,2,1)
 ,(55,1,116,'Col center',7,1,2)
 ,(56,1,117,'Col center',8,2,1)
 ,(57,1,117,'Col center',7,1,2)
 ,(58,1,118,'Col center',8,2,1)
 ,(59,1,118,'Col center',7,1,2)
 ,(60,1,119,'Col center',8,2,1)
 ,(61,1,119,'Col center',7,1,2)
 ,(62,1,120,'Col center',8,2,1)
 ,(63,1,120,'Col center',7,1,2)
 ,(64,1,121,'Col center',8,2,1)
 ,(65,1,121,'Col center',7,1,2)
 ,(66,1,122,'Col center',8,2,1)
 ,(67,1,122,'Col center',7,1,2)
 ,(68,1,123,'Col center',8,2,1)
 ,(69,1,123,'Col center',7,1,2)
 ,(70,1,124,'Col center',8,2,1)
 ,(71,1,124,'Col center',7,1,2)
 ,(72,1,125,'Col center',8,2,1)
 ,(73,1,125,'Col center',7,1,2)
 ,(74,1,126,'Col center',8,2,1)
 ,(75,1,126,'Col center',7,1,2)
 ,(76,1,127,'Col center',8,2,1)
 ,(77,1,127,'Col center',7,1,2)
 ,(78,1,128,'Col center',8,2,1)
 ,(79,1,128,'Col center',7,1,2)
 ,(80,1,129,'Col center',8,2,1)
 ,(81,1,129,'Col center',7,1,2)
 ,(82,1,130,'Col center',8,2,1)
 ,(83,1,130,'Col center',7,1,2)
 ,(84,1,131,'Col center',8,2,1)
 ,(85,1,131,'Col center',7,1,2)
 ,(86,1,132,'Col center',8,2,1)
 ,(87,1,132,'Col center',7,1,2)
 ,(88,1,133,'Col center',8,2,1)
 ,(89,1,133,'Col center',7,1,2)
 ,(90,1,134,'Col center',8,2,1)
 ,(91,1,134,'Col center',7,1,2)
 ,(92,1,135,'Col center',8,2,1)
 ,(93,1,135,'Col center',7,1,2)
 ,(94,1,136,'Col center',8,2,1)
 ,(95,1,136,'Col center',7,1,2)
 ,(96,1,137,'Col center',8,2,1)
 ,(97,1,137,'Col center',7,1,2)
 ,(98,1,138,'Col center',8,2,1)
 ,(99,1,138,'Col center',7,1,2)
 ,(100,1,139,'Col center',8,2,1)
 ,(101,1,139,'Col center',7,1,2)
 ,(102,1,140,'Col center',8,2,1)
 ,(103,1,140,'Col center',7,1,2)
 ,(104,1,141,'Col center',8,2,1)
 ,(105,1,141,'Col center',7,1,2)
 ,(106,1,142,'Col center',8,2,1)
 ,(107,1,142,'Col center',7,1,2)
 ,(108,1,143,'Col center',8,2,1)
 ,(109,1,143,'Col center',7,1,2)
 ,(110,1,144,'Col center',8,2,1)
 ,(111,1,144,'Col center',7,1,2)
 ,(112,1,145,'Col center',8,2,1)
 ,(113,1,145,'Col center',7,1,2)
 ,(114,1,146,'Col center',8,2,1)
 ,(115,1,146,'Col center',7,1,2)
 ,(116,1,147,'Col center',8,2,1)
 ,(117,1,147,'Col center',7,1,2)
 ,(118,1,148,'Col center',8,2,1)
 ,(119,1,148,'Col center',7,1,2)
 ,(120,1,149,'Col center',8,2,1)
 ,(121,1,149,'Col center',7,1,2)
 ,(122,1,150,'Col center',8,2,1)
 ,(123,1,150,'Col center',7,1,2)
 ,(124,1,151,'Col center',8,2,1)
 ,(125,1,151,'Col center',7,1,2)
 ,(126,1,152,'Col center',8,2,1)
 ,(127,1,152,'Col center',7,1,2)
 ,(128,1,153,'Col center',8,2,1)
 ,(129,1,153,'Col center',7,1,2)
 ,(130,100,4,'Main',9,1,1)
 ,(131,100,5,'Main',9,1,1)
 ,(132,100,6,'Main',9,1,1)
 ,(133,100,7,'Main',9,1,1)
 ,(134,100,8,'Main',9,1,1)
 ,(135,100,9,'Main',9,1,1)
 ,(136,89,9,'Main',10,1,1)
 ,(137,89,10,'Main',10,1,1)
 ,(138,89,11,'Main',10,1,1)
 ,(139,89,12,'Main',10,1,1);


CREATE TABLE IF NOT EXISTS `CollectionVersionAreaStyles` (
  `cID` int(10) unsigned NOT NULL DEFAULT '0',
  `cvID` int(10) unsigned NOT NULL DEFAULT '0',
  `arHandle` varchar(255) NOT NULL,
  `csrID` int(10) unsigned NOT NULL DEFAULT '0',
  PRIMARY KEY (`cID`,`cvID`,`arHandle`)
) ENGINE=MyISAM DEFAULT CHARSET=latin1;




CREATE TABLE IF NOT EXISTS `CollectionVersionBlockPermissions` (
  `cID` int(10) unsigned NOT NULL DEFAULT '0',
  `cvID` int(10) unsigned NOT NULL DEFAULT '1',
  `bID` int(10) unsigned NOT NULL DEFAULT '0',
  `gID` int(10) unsigned NOT NULL DEFAULT '0',
  `uID` int(10) unsigned NOT NULL DEFAULT '0',
  `cbgPermissions` varchar(32) DEFAULT NULL,
  PRIMARY KEY (`cID`,`cvID`,`bID`,`gID`,`uID`)
) ENGINE=MyISAM DEFAULT CHARSET=latin1;




CREATE TABLE IF NOT EXISTS `CollectionVersionBlockStyles` (
  `cID` int(10) unsigned NOT NULL DEFAULT '0',
  `cvID` int(10) unsigned NOT NULL DEFAULT '0',
  `bID` int(10) unsigned NOT NULL DEFAULT '0',
  `arHandle` varchar(255) NOT NULL,
  `csrID` int(10) unsigned NOT NULL DEFAULT '0',
  PRIMARY KEY (`cID`,`cvID`,`bID`,`arHandle`)
) ENGINE=MyISAM DEFAULT CHARSET=latin1;

INSERT INTO CollectionVersionBlockStyles VALUES(1,2,1,'Header Nav',0)
 ,(1,3,1,'Header Nav',0)
 ,(1,4,1,'Header Nav',0)
 ,(1,4,4,'Sidebar',0)
 ,(1,4,5,'Main',0)
 ,(1,4,6,'Main',0)
 ,(1,5,1,'Header Nav',0)
 ,(1,5,4,'Sidebar',0)
 ,(1,5,5,'Main',0)
 ,(1,5,6,'Main',0)
 ,(1,5,43,'Main',0)
 ,(1,7,6,'Main',0)
 ,(1,7,5,'Main',0)
 ,(1,7,4,'Sidebar',0)
 ,(1,7,1,'Header Nav',0)
 ,(1,7,44,'Main',0)
 ,(1,7,43,'Main',0)
 ,(1,8,1,'Header Nav',0)
 ,(1,8,4,'Sidebar',0)
 ,(1,8,5,'Main',0)
 ,(1,8,6,'Main',0)
 ,(1,8,44,'Main',0)
 ,(1,8,43,'Main',0)
 ,(1,8,45,'Main',0)
 ,(1,9,1,'Header Nav',0)
 ,(1,9,4,'Sidebar',0)
 ,(1,9,5,'Main',0)
 ,(1,9,6,'Main',0)
 ,(1,9,44,'Main',0)
 ,(1,9,43,'Main',0)
 ,(1,9,45,'Main',0)
 ,(1,9,46,'Main',0)
 ,(1,10,1,'Header Nav',0)
 ,(1,10,4,'Sidebar',0)
 ,(1,10,5,'Main',0)
 ,(1,10,6,'Main',0)
 ,(1,10,44,'Main',0)
 ,(1,10,43,'Main',0)
 ,(1,10,45,'Main',0)
 ,(1,10,46,'Main',0)
 ,(1,11,1,'Header Nav',0)
 ,(1,10,48,'Main',0)
 ,(1,11,4,'Sidebar',0)
 ,(1,11,5,'Main',0)
 ,(1,11,6,'Main',0)
 ,(1,11,44,'Main',0)
 ,(1,11,43,'Main',0)
 ,(1,11,45,'Main',0)
 ,(1,11,46,'Main',0)
 ,(1,11,49,'Main',0)
 ,(1,13,1,'Header Nav',0)
 ,(1,13,4,'Sidebar',0)
 ,(1,13,5,'Main',0)
 ,(1,13,6,'Main',0)
 ,(1,13,44,'Main',0)
 ,(1,13,43,'Main',0)
 ,(1,13,45,'Main',0)
 ,(1,13,46,'Main',0)
 ,(1,14,1,'Header Nav',0)
 ,(1,14,4,'Sidebar',0)
 ,(1,14,5,'Main',0)
 ,(1,14,6,'Main',0)
 ,(1,14,44,'Main',0)
 ,(1,14,43,'Main',0)
 ,(1,14,45,'Main',0)
 ,(1,14,46,'Main',0)
 ,(1,15,1,'Header Nav',0)
 ,(1,15,4,'Sidebar',0)
 ,(1,15,5,'Main',0)
 ,(1,15,6,'Main',0)
 ,(1,16,1,'Header Nav',0)
 ,(1,16,4,'Sidebar',0)
 ,(1,16,5,'Main',0)
 ,(1,16,6,'Main',0)
 ,(1,17,1,'Header Nav',0)
 ,(1,17,4,'Sidebar',0)
 ,(1,17,5,'Main',0)
 ,(1,17,6,'Main',0)
 ,(1,18,1,'Header Nav',0)
 ,(1,18,4,'Sidebar',0)
 ,(1,18,5,'Main',0)
 ,(1,18,6,'Main',0)
 ,(1,19,1,'Header Nav',0)
 ,(1,18,55,'Header',0)
 ,(1,19,4,'Sidebar',0)
 ,(1,19,5,'Main',0)
 ,(1,19,6,'Main',0)
 ,(1,21,6,'Main',0)
 ,(1,21,57,'Header',0)
 ,(1,21,5,'Main',0)
 ,(1,21,4,'Sidebar',0)
 ,(1,21,1,'Header Nav',0)
 ,(1,21,58,'Main',0)
 ,(1,21,60,'Main',1)
 ,(1,22,1,'Header Nav',0)
 ,(1,22,4,'Sidebar',0)
 ,(1,22,5,'Main',0)
 ,(1,22,60,'Main',2)
 ,(1,22,6,'Main',0)
 ,(1,22,57,'Header',0)
 ,(1,22,58,'Main',0)
 ,(1,23,1,'Header Nav',0)
 ,(1,23,4,'Sidebar',0)
 ,(1,23,5,'Main',0)
 ,(1,23,57,'Header',0)
 ,(1,23,62,'Sidebar',4)
 ,(1,23,6,'Main',0)
 ,(1,23,58,'Main',0)
 ,(1,23,61,'Main',3)
 ,(1,24,1,'Header Nav',0)
 ,(1,24,4,'Sidebar',0)
 ,(1,24,5,'Main',0)
 ,(1,24,57,'Header',0)
 ,(1,24,61,'Main',3)
 ,(1,24,62,'Sidebar',4)
 ,(1,24,6,'Main',0)
 ,(1,24,58,'Main',0)
 ,(1,35,64,'Header logo',6)
 ,(1,34,58,'Main',0)
 ,(1,35,1,'Header Nav',0)
 ,(1,35,71,'Col center right',32)
 ,(1,35,70,'Col center left',29)
 ,(1,35,69,'Col left',28)
 ,(1,34,1,'Header Nav',0)
 ,(1,34,4,'Sidebar',0)
 ,(1,34,5,'Main',0)
 ,(1,34,71,'Col center right',32)
 ,(1,34,70,'Col center left',29)
 ,(1,34,69,'Col left',28)
 ,(1,34,64,'Header logo',6)
 ,(1,34,66,'Header nav',8)
 ,(1,34,62,'Sidebar',4)
 ,(1,34,61,'Main',3)
 ,(1,34,57,'Header',0)
 ,(1,34,72,'Col center left',0)
 ,(1,34,6,'Main',0)
 ,(1,29,1,'Header Nav',0)
 ,(1,35,72,'Col center left',0)
 ,(1,35,4,'Sidebar',0)
 ,(1,35,5,'Main',0)
 ,(1,35,74,'Col right',0)
 ,(1,29,64,'Header logo',6)
 ,(1,30,1,'Header Nav',0)
 ,(1,29,5,'Main',0)
 ,(1,29,4,'Sidebar',0)
 ,(1,29,57,'Header',0)
 ,(1,29,61,'Main',3)
 ,(1,29,62,'Sidebar',4)
 ,(1,29,66,'Header nav',8)
 ,(1,29,6,'Main',0)
 ,(1,29,58,'Main',0)
 ,(1,29,68,'Col left',11)
 ,(1,30,64,'Header logo',6)
 ,(1,30,68,'Col left',12)
 ,(1,30,5,'Main',0)
 ,(1,30,4,'Sidebar',0)
 ,(1,30,57,'Header',0)
 ,(1,30,61,'Main',3)
 ,(1,30,62,'Sidebar',4)
 ,(1,30,66,'Header nav',8)
 ,(1,30,6,'Main',0)
 ,(1,30,58,'Main',0)
 ,(1,31,1,'Header Nav',0)
 ,(1,31,64,'Header logo',6)
 ,(1,32,1,'Header Nav',0)
 ,(1,31,5,'Main',0)
 ,(1,31,4,'Sidebar',0)
 ,(1,31,57,'Header',0)
 ,(1,31,61,'Main',3)
 ,(1,31,62,'Sidebar',4)
 ,(1,31,66,'Header nav',8)
 ,(1,31,6,'Main',0)
 ,(1,31,58,'Main',0)
 ,(1,31,69,'Col left',28)
 ,(1,32,64,'Header logo',6)
 ,(1,32,69,'Col left',28)
 ,(1,32,5,'Main',0)
 ,(1,32,4,'Sidebar',0)
 ,(1,32,57,'Header',0)
 ,(1,32,61,'Main',3)
 ,(1,32,62,'Sidebar',4)
 ,(1,32,66,'Header nav',8)
 ,(1,32,6,'Main',0)
 ,(1,32,58,'Main',0)
 ,(1,32,70,'Col center left',29)
 ,(1,32,71,'Col center right',31)
 ,(1,33,1,'Header Nav',0)
 ,(1,33,70,'Col center left',29)
 ,(1,33,69,'Col left',28)
 ,(1,33,64,'Header logo',6)
 ,(1,33,71,'Col center right',32)
 ,(1,33,5,'Main',0)
 ,(1,33,4,'Sidebar',0)
 ,(1,33,57,'Header',0)
 ,(1,33,62,'Sidebar',4)
 ,(1,33,66,'Header nav',8)
 ,(1,33,61,'Main',3)
 ,(1,33,6,'Main',0)
 ,(1,33,58,'Main',0)
 ,(1,36,71,'Col center right',32)
 ,(1,35,57,'Header',0)
 ,(1,35,61,'Main',3)
 ,(1,35,6,'Main',0)
 ,(1,35,58,'Main',0)
 ,(1,36,1,'Header Nav',0)
 ,(1,36,69,'Col left',28)
 ,(1,35,66,'Header nav',8)
 ,(1,36,70,'Col center left',29)
 ,(1,35,62,'Sidebar',4)
 ,(1,36,64,'Header logo',6)
 ,(1,36,74,'Col right',0)
 ,(1,36,5,'Main',0)
 ,(1,36,4,'Sidebar',0)
 ,(1,36,72,'Col center left',0)
 ,(1,37,1,'Header Nav',0)
 ,(1,36,62,'Sidebar',4)
 ,(1,36,61,'Main',3)
 ,(1,36,57,'Header',0)
 ,(1,36,75,'Col right',0)
 ,(1,36,6,'Main',0)
 ,(1,36,58,'Main',0)
 ,(1,36,76,'Header nav',34)
 ,(1,37,64,'Header logo',6)
 ,(1,37,70,'Col center left',29)
 ,(1,37,71,'Col center right',32)
 ,(1,37,74,'Col right',0)
 ,(1,37,5,'Main',0)
 ,(1,37,4,'Sidebar',0)
 ,(1,38,1,'Header Nav',0)
 ,(1,37,75,'Col right',0)
 ,(1,37,72,'Col center left',0)
 ,(1,37,62,'Sidebar',4)
 ,(1,37,61,'Main',3)
 ,(1,37,57,'Header',0)
 ,(1,37,76,'Header nav',35)
 ,(1,37,6,'Main',0)
 ,(1,37,58,'Main',0)
 ,(1,37,77,'Col left',36)
 ,(1,38,74,'Col right',0)
 ,(1,38,71,'Col center right',32)
 ,(1,38,70,'Col center left',29)
 ,(1,38,64,'Header logo',6)
 ,(1,39,1,'Header Nav',0)
 ,(1,38,4,'Sidebar',0)
 ,(1,38,5,'Main',0)
 ,(1,38,76,'Header nav',35)
 ,(1,38,75,'Col right',0)
 ,(1,38,72,'Col center left',0)
 ,(1,38,62,'Sidebar',4)
 ,(1,38,57,'Header',0)
 ,(1,38,61,'Main',3)
 ,(1,38,6,'Main',0)
 ,(1,38,58,'Main',0)
 ,(1,38,78,'Col left',38)
 ,(1,39,74,'Col right',0)
 ,(1,39,71,'Col center right',32)
 ,(1,39,70,'Col center left',29)
 ,(1,39,64,'Header logo',6)
 ,(1,39,78,'Col left',38)
 ,(1,39,4,'Sidebar',0)
 ,(1,39,5,'Main',0)
 ,(1,40,1,'Header Nav',0)
 ,(1,39,75,'Col right',0)
 ,(1,39,72,'Col center left',0)
 ,(1,39,62,'Sidebar',4)
 ,(1,39,57,'Header',0)
 ,(1,39,61,'Main',3)
 ,(1,39,6,'Main',0)
 ,(1,39,58,'Main',0)
 ,(1,39,79,'Header nav',39)
 ,(1,40,64,'Header logo',6)
 ,(1,40,71,'Col center right',32)
 ,(1,40,74,'Col right',0)
 ,(1,40,70,'Col center left',29)
 ,(1,40,78,'Col left',38)
 ,(1,40,5,'Main',0)
 ,(1,40,4,'Sidebar',0)
 ,(1,40,72,'Col center left',0)
 ,(1,40,75,'Col right',0)
 ,(1,40,62,'Sidebar',4)
 ,(1,40,61,'Main',3)
 ,(1,40,57,'Header',0)
 ,(1,40,79,'Header nav',40)
 ,(1,40,6,'Main',0)
 ,(1,40,58,'Main',0)
 ,(1,41,1,'Header Nav',0)
 ,(1,41,64,'Header logo',6)
 ,(1,41,71,'Col center right',32)
 ,(1,41,74,'Col right',0)
 ,(1,41,70,'Col center left',29)
 ,(1,41,78,'Col left',38)
 ,(1,41,5,'Main',0)
 ,(1,41,4,'Sidebar',0)
 ,(1,41,72,'Col center left',0)
 ,(1,41,75,'Col right',0)
 ,(1,41,62,'Sidebar',4)
 ,(1,41,61,'Main',3)
 ,(1,41,57,'Header',0)
 ,(1,42,72,'Col center left',0)
 ,(1,41,6,'Main',0)
 ,(1,41,58,'Main',0)
 ,(1,41,80,'Header nav',41)
 ,(1,42,4,'Sidebar',0)
 ,(1,42,5,'Main',0)
 ,(1,42,80,'Header nav',41)
 ,(1,42,1,'Header Nav',0)
 ,(1,42,75,'Col right',0)
 ,(1,42,70,'Col center left',29)
 ,(1,42,64,'Header logo',6)
 ,(1,42,78,'Col left',38)
 ,(1,42,74,'Col right',0)
 ,(1,42,71,'Col center right',32)
 ,(1,42,62,'Sidebar',4)
 ,(1,42,61,'Main',3)
 ,(1,42,6,'Main',0)
 ,(1,42,58,'Main',0)
 ,(1,43,1,'Header Nav',0)
 ,(1,43,78,'Col left',38)
 ,(1,43,74,'Col right',0)
 ,(1,43,71,'Col center right',32)
 ,(1,43,70,'Col center left',29)
 ,(1,43,64,'Header logo',6)
 ,(1,43,5,'Main',0)
 ,(1,43,4,'Sidebar',0)
 ,(1,43,80,'Header nav',41)
 ,(1,43,75,'Col right',0)
 ,(1,43,61,'Main',3)
 ,(1,43,72,'Col center left',0)
 ,(1,43,62,'Sidebar',4)
 ,(1,43,6,'Main',0)
 ,(1,44,1,'Header Nav',0)
 ,(1,43,58,'Main',0)
 ,(1,44,78,'Col left',38)
 ,(1,44,74,'Col right',0)
 ,(1,44,71,'Col center right',32)
 ,(1,44,70,'Col center left',29)
 ,(1,44,64,'Header logo',6)
 ,(1,44,5,'Main',0)
 ,(1,44,4,'Sidebar',0)
 ,(1,44,61,'Main',3)
 ,(1,44,80,'Header nav',41)
 ,(1,44,75,'Col right',0)
 ,(1,44,72,'Col center left',0)
 ,(1,44,62,'Sidebar',4)
 ,(1,44,6,'Main',0)
 ,(1,44,88,'Header nav',0)
 ,(1,44,58,'Main',0)
 ,(1,45,1,'Header Nav',0)
 ,(1,45,78,'Col left',38)
 ,(1,45,74,'Col right',0)
 ,(1,45,71,'Col center right',32)
 ,(1,45,70,'Col center left',29)
 ,(1,45,64,'Header logo',6)
 ,(1,45,5,'Main',0)
 ,(1,45,4,'Sidebar',0)
 ,(1,45,61,'Main',3)
 ,(1,46,1,'Header Nav',0)
 ,(1,45,75,'Col right',0)
 ,(1,45,72,'Col center left',0)
 ,(1,45,62,'Sidebar',4)
 ,(1,45,6,'Main',0)
 ,(1,45,88,'Header nav',0)
 ,(1,45,58,'Main',0)
 ,(1,46,78,'Col left',38)
 ,(1,46,74,'Col right',0)
 ,(1,46,71,'Col center right',32)
 ,(1,46,70,'Col center left',29)
 ,(1,46,64,'Header logo',6)
 ,(1,46,4,'Sidebar',0)
 ,(1,46,5,'Main',0)
 ,(1,46,61,'Main',3)
 ,(1,46,75,'Col right',0)
 ,(1,46,72,'Col center left',0)
 ,(1,46,62,'Sidebar',4)
 ,(1,46,6,'Main',0)
 ,(1,47,1,'Header Nav',0)
 ,(1,46,58,'Main',0)
 ,(1,46,89,'Header nav',0)
 ,(1,47,78,'Col left',38)
 ,(1,47,74,'Col right',0)
 ,(1,47,71,'Col center right',32)
 ,(1,47,70,'Col center left',29)
 ,(1,47,64,'Header logo',6)
 ,(1,47,4,'Sidebar',0)
 ,(1,47,5,'Main',0)
 ,(1,47,61,'Main',3)
 ,(1,47,75,'Col right',0)
 ,(1,47,72,'Col center left',0)
 ,(1,47,62,'Sidebar',4)
 ,(1,47,6,'Main',0)
 ,(1,48,1,'Header Nav',0)
 ,(1,47,58,'Main',0)
 ,(1,47,90,'Header nav',0)
 ,(1,48,78,'Col left',38)
 ,(1,48,74,'Col right',0)
 ,(1,48,71,'Col center right',32)
 ,(1,48,70,'Col center left',29)
 ,(1,48,64,'Header logo',6)
 ,(1,48,4,'Sidebar',0)
 ,(1,48,5,'Main',0)
 ,(1,48,61,'Main',3)
 ,(1,48,75,'Col right',0)
 ,(1,48,72,'Col center left',0)
 ,(1,48,62,'Sidebar',4)
 ,(1,48,6,'Main',0)
 ,(1,49,1,'Header Nav',0)
 ,(1,48,58,'Main',0)
 ,(1,49,78,'Col left',38)
 ,(1,49,74,'Col right',0)
 ,(1,49,71,'Col center right',32)
 ,(1,49,70,'Col center left',29)
 ,(1,49,64,'Header logo',6)
 ,(1,49,5,'Main',0)
 ,(1,49,4,'Sidebar',0)
 ,(1,49,61,'Main',3)
 ,(1,49,75,'Col right',0)
 ,(1,49,72,'Col center left',0)
 ,(1,49,62,'Sidebar',4)
 ,(1,49,6,'Main',0)
 ,(1,49,58,'Main',0)
 ,(1,50,1,'Header Nav',0)
 ,(1,50,78,'Col left',38)
 ,(1,50,74,'Col right',0)
 ,(1,50,71,'Col center right',32)
 ,(1,50,70,'Col center left',29)
 ,(1,50,64,'Header logo',6)
 ,(1,50,4,'Sidebar',0)
 ,(1,50,5,'Main',0)
 ,(1,50,61,'Main',3)
 ,(1,50,75,'Col right',0)
 ,(1,50,72,'Col center left',0)
 ,(1,50,62,'Sidebar',4)
 ,(1,51,1,'Header Nav',0)
 ,(1,50,6,'Main',0)
 ,(1,50,58,'Main',0)
 ,(1,50,95,'Header nav',0)
 ,(1,51,78,'Col left',38)
 ,(1,51,74,'Col right',0)
 ,(1,51,71,'Col center right',32)
 ,(1,51,70,'Col center left',29)
 ,(1,51,64,'Header logo',6)
 ,(1,51,5,'Main',0)
 ,(1,51,4,'Sidebar',0)
 ,(1,51,61,'Main',3)
 ,(1,51,75,'Col right',0)
 ,(1,51,72,'Col center left',0)
 ,(1,51,62,'Sidebar',4)
 ,(1,51,6,'Main',0)
 ,(1,53,64,'Header logo',6)
 ,(1,51,58,'Main',0)
 ,(1,51,98,'Header nav',0)
 ,(1,52,78,'Col left',38)
 ,(1,52,70,'Col center left',29)
 ,(1,52,71,'Col center right',32)
 ,(1,53,1,'Header Nav',0)
 ,(1,53,78,'Col left',38)
 ,(1,53,74,'Col right',0)
 ,(1,53,71,'Col center right',32)
 ,(1,53,70,'Col center left',29)
 ,(1,52,64,'Header logo',6)
 ,(1,54,74,'Col right',0)
 ,(1,54,1,'Header Nav',0)
 ,(1,53,4,'Sidebar',0)
 ,(1,53,5,'Main',0)
 ,(1,53,75,'Col right',0)
 ,(1,53,72,'Col center left',0)
 ,(1,53,62,'Sidebar',4)
 ,(1,53,61,'Main',3)
 ,(1,53,6,'Main',0)
 ,(1,53,58,'Main',0)
 ,(1,54,71,'Col center right',32)
 ,(1,54,70,'Col center left',29)
 ,(1,54,64,'Header logo',6)
 ,(1,54,78,'Col left',38)
 ,(1,54,5,'Main',0)
 ,(1,54,4,'Sidebar',0)
 ,(1,54,61,'Main',3)
 ,(1,54,72,'Col center left',0)
 ,(1,54,75,'Col right',0)
 ,(1,54,62,'Sidebar',4)
 ,(1,54,6,'Main',0)
 ,(1,54,58,'Main',0)
 ,(1,54,104,'Header nav',0)
 ,(1,55,1,'Header Nav',0)
 ,(1,55,78,'Col left',38)
 ,(1,55,74,'Col right',0)
 ,(1,55,71,'Col center right',32)
 ,(1,55,70,'Col center left',29)
 ,(1,55,64,'Header logo',6)
 ,(1,55,4,'Sidebar',0)
 ,(1,55,5,'Main',0)
 ,(1,55,61,'Main',3)
 ,(1,55,75,'Col right',0)
 ,(1,55,72,'Col center left',0)
 ,(1,55,62,'Sidebar',4)
 ,(1,55,104,'Header nav',0)
 ,(1,55,6,'Main',0)
 ,(1,55,58,'Main',0)
 ,(1,56,1,'Header Nav',0)
 ,(1,56,78,'Col left',38)
 ,(1,56,74,'Col right',0)
 ,(1,56,71,'Col center right',32)
 ,(1,56,70,'Col center left',29)
 ,(1,56,64,'Header logo',6)
 ,(1,56,5,'Main',0)
 ,(1,56,4,'Sidebar',0)
 ,(1,56,61,'Main',3)
 ,(1,56,104,'Header nav',0)
 ,(1,56,75,'Col right',0)
 ,(1,56,72,'Col center left',0)
 ,(1,56,62,'Sidebar',4)
 ,(1,56,6,'Main',0)
 ,(1,56,105,'Header nav',0)
 ,(1,56,58,'Main',0)
 ,(1,57,1,'Header Nav',0)
 ,(1,57,78,'Col left',38)
 ,(1,57,74,'Col right',0)
 ,(1,57,71,'Col center right',32)
 ,(1,57,70,'Col center left',29)
 ,(1,57,64,'Header logo',6)
 ,(1,58,1,'Header Nav',0)
 ,(1,57,4,'Sidebar',0)
 ,(1,57,5,'Main',0)
 ,(1,57,72,'Col center left',0)
 ,(1,57,75,'Col right',0)
 ,(1,57,62,'Sidebar',4)
 ,(1,57,61,'Main',3)
 ,(1,57,6,'Main',0)
 ,(1,58,78,'Col left',38)
 ,(1,57,58,'Main',0)
 ,(1,58,74,'Col right',0)
 ,(1,58,71,'Col center right',32)
 ,(1,58,70,'Col center left',29)
 ,(1,58,64,'Header logo',6)
 ,(1,58,4,'Sidebar',0)
 ,(1,58,5,'Main',0)
 ,(1,58,75,'Col right',0)
 ,(1,58,61,'Main',3)
 ,(1,58,72,'Col center left',0)
 ,(1,58,62,'Sidebar',4)
 ,(1,58,109,'Header nav',0)
 ,(1,58,6,'Main',0)
 ,(1,59,1,'Header Nav',0)
 ,(1,58,58,'Main',0)
 ,(1,58,110,'Col left',0)
 ,(1,59,78,'Col left',38)
 ,(1,59,74,'Col right',0)
 ,(1,59,71,'Col center right',32)
 ,(1,59,70,'Col center left',29)
 ,(1,59,64,'Header logo',6)
 ,(1,59,5,'Main',0)
 ,(1,59,4,'Sidebar',0)
 ,(1,59,61,'Main',3)
 ,(1,59,75,'Col right',0)
 ,(1,59,72,'Col center left',0)
 ,(1,59,62,'Sidebar',4)
 ,(1,59,6,'Main',0)
 ,(1,59,58,'Main',0)
 ,(1,60,1,'Header Nav',0)
 ,(1,60,78,'Col left',38)
 ,(1,60,74,'Col right',0)
 ,(1,60,71,'Col center right',32)
 ,(1,60,70,'Col center left',29)
 ,(1,60,64,'Header logo',6)
 ,(1,60,4,'Sidebar',0)
 ,(1,60,5,'Main',0)
 ,(1,60,61,'Main',3)
 ,(1,60,75,'Col right',0)
 ,(1,60,72,'Col center left',0)
 ,(1,60,62,'Sidebar',4)
 ,(1,60,117,'Col left',0)
 ,(1,60,6,'Main',0)
 ,(1,60,58,'Main',0)
 ,(1,61,1,'Header Nav',0)
 ,(1,61,78,'Col left',38)
 ,(1,61,74,'Col right',0)
 ,(1,61,71,'Col center right',32)
 ,(1,61,70,'Col center left',29)
 ,(1,61,64,'Header logo',6)
 ,(1,61,5,'Main',0)
 ,(1,61,4,'Sidebar',0)
 ,(1,61,61,'Main',3)
 ,(1,62,1,'Header Nav',0)
 ,(1,61,75,'Col right',0)
 ,(1,61,72,'Col center left',0)
 ,(1,61,62,'Sidebar',4)
 ,(1,61,118,'Header nav',0)
 ,(1,61,6,'Main',0)
 ,(1,61,58,'Main',0)
 ,(1,61,119,'Col left',0)
 ,(1,62,78,'Col left',38)
 ,(1,62,74,'Col right',0)
 ,(1,62,71,'Col center right',32)
 ,(1,62,70,'Col center left',29)
 ,(1,62,64,'Header logo',6)
 ,(1,62,5,'Main',0)
 ,(1,62,4,'Sidebar',0)
 ,(1,62,61,'Main',3)
 ,(1,62,118,'Header nav',0)
 ,(1,62,75,'Col right',0)
 ,(1,62,72,'Col center left',0)
 ,(1,62,62,'Sidebar',4)
 ,(1,63,1,'Header Nav',0)
 ,(1,62,6,'Main',0)
 ,(1,62,58,'Main',0)
 ,(1,62,120,'Col left',0)
 ,(1,63,78,'Col left',38)
 ,(1,63,74,'Col right',0)
 ,(1,63,71,'Col center right',32)
 ,(1,63,70,'Col center left',29)
 ,(1,63,64,'Header logo',6)
 ,(1,63,5,'Main',0)
 ,(1,63,4,'Sidebar',0)
 ,(1,63,61,'Main',3)
 ,(1,63,118,'Header nav',0)
 ,(1,63,75,'Col right',0)
 ,(1,63,72,'Col center left',0)
 ,(1,63,62,'Sidebar',4)
 ,(1,64,1,'Header Nav',0)
 ,(1,63,6,'Main',0)
 ,(1,63,58,'Main',0)
 ,(1,63,121,'Col left',0)
 ,(1,64,78,'Col left',38)
 ,(1,64,74,'Col right',0)
 ,(1,64,71,'Col center right',32)
 ,(1,64,70,'Col center left',29)
 ,(1,64,64,'Header logo',6)
 ,(1,64,5,'Main',0)
 ,(1,64,4,'Sidebar',0)
 ,(1,64,61,'Main',3)
 ,(1,64,118,'Header nav',0)
 ,(1,64,75,'Col right',0)
 ,(1,64,72,'Col center left',0)
 ,(1,64,62,'Sidebar',4)
 ,(1,64,121,'Col left',0)
 ,(1,64,6,'Main',0)
 ,(1,64,58,'Main',0)
 ,(1,65,1,'Header Nav',0)
 ,(1,65,78,'Col left',38)
 ,(1,65,74,'Col right',0)
 ,(1,65,71,'Col center right',32)
 ,(1,65,70,'Col center left',29)
 ,(1,65,64,'Header logo',6)
 ,(1,65,4,'Sidebar',0)
 ,(1,65,5,'Main',0)
 ,(1,66,1,'Header Nav',0)
 ,(1,65,118,'Header nav',0)
 ,(1,65,75,'Col right',0)
 ,(1,65,61,'Main',3)
 ,(1,65,72,'Col center left',0)
 ,(1,65,62,'Sidebar',4)
 ,(1,65,6,'Main',0)
 ,(1,65,124,'Col left',0)
 ,(1,65,58,'Main',0)
 ,(1,65,123,'Col left',0)
 ,(1,66,78,'Col left',38)
 ,(1,66,74,'Col right',0)
 ,(1,66,71,'Col center right',32)
 ,(1,66,70,'Col center left',29)
 ,(1,66,64,'Header logo',6)
 ,(1,66,4,'Sidebar',0)
 ,(1,66,5,'Main',0)
 ,(1,66,75,'Col right',0)
 ,(1,66,61,'Main',3)
 ,(1,66,72,'Col center left',0)
 ,(1,66,62,'Sidebar',4)
 ,(1,66,6,'Main',0)
 ,(1,66,58,'Main',0)
 ,(1,67,1,'Header Nav',0)
 ,(1,66,126,'Col left',0)
 ,(1,67,78,'Col left',38)
 ,(1,67,74,'Col right',0)
 ,(1,67,71,'Col center right',32)
 ,(1,67,70,'Col center left',29)
 ,(1,67,64,'Header logo',6)
 ,(1,67,4,'Sidebar',0)
 ,(1,67,5,'Main',0)
 ,(1,67,61,'Main',3)
 ,(1,67,75,'Col right',0)
 ,(1,67,72,'Col center left',0)
 ,(1,67,62,'Sidebar',4)
 ,(1,67,6,'Main',0)
 ,(1,67,58,'Main',0)
 ,(1,68,1,'Header Nav',0)
 ,(1,67,127,'Col left',0)
 ,(1,68,78,'Col left',38)
 ,(1,68,74,'Col right',0)
 ,(1,68,71,'Col center right',32)
 ,(1,68,70,'Col center left',29)
 ,(1,68,64,'Header logo',6)
 ,(1,68,4,'Sidebar',0)
 ,(1,68,5,'Main',0)
 ,(1,68,61,'Main',3)
 ,(1,68,75,'Col right',0)
 ,(1,68,72,'Col center left',0)
 ,(1,68,62,'Sidebar',4)
 ,(1,68,6,'Main',0)
 ,(1,68,58,'Main',0)
 ,(1,69,1,'Header Nav',0)
 ,(1,68,128,'Col left',0)
 ,(1,69,78,'Col left',38)
 ,(1,69,74,'Col right',0)
 ,(1,69,71,'Col center right',32)
 ,(1,69,70,'Col center left',29)
 ,(1,69,64,'Header logo',6)
 ,(1,69,4,'Sidebar',0)
 ,(1,69,5,'Main',0)
 ,(1,69,61,'Main',3)
 ,(1,69,75,'Col right',0)
 ,(1,69,72,'Col center left',0)
 ,(1,69,62,'Sidebar',4)
 ,(1,69,6,'Main',0)
 ,(1,69,58,'Main',0)
 ,(1,70,1,'Header Nav',0)
 ,(1,69,129,'Col left',0)
 ,(1,70,78,'Col left',38)
 ,(1,70,74,'Col right',0)
 ,(1,70,71,'Col center right',32)
 ,(1,70,70,'Col center left',29)
 ,(1,70,64,'Header logo',6)
 ,(1,70,4,'Sidebar',0)
 ,(1,70,5,'Main',0)
 ,(1,70,61,'Main',3)
 ,(1,70,75,'Col right',0)
 ,(1,70,72,'Col center left',0)
 ,(1,70,62,'Sidebar',4)
 ,(1,70,6,'Main',0)
 ,(1,70,58,'Main',0)
 ,(1,73,133,'Col center : Layout 2 : Cell 1',43)
 ,(1,70,130,'Col left',0)
 ,(1,71,78,'Col left',38)
 ,(1,72,1,'Header Nav',0)
 ,(1,72,134,'Col center : Layout 2 : Cell 2',47)
 ,(1,72,78,'Col left',38)
 ,(1,72,74,'Col right',0)
 ,(1,72,71,'Col center right',32)
 ,(1,72,70,'Col center left',29)
 ,(1,72,64,'Header logo',6)
 ,(1,71,64,'Header logo',6)
 ,(1,73,1,'Header Nav',0)
 ,(1,72,4,'Sidebar',0)
 ,(1,72,5,'Main',0)
 ,(1,72,72,'Col center left',0)
 ,(1,72,75,'Col right',0)
 ,(1,72,130,'Col left',0)
 ,(1,72,61,'Main',3)
 ,(1,72,62,'Sidebar',4)
 ,(1,72,6,'Main',0)
 ,(1,72,58,'Main',0)
 ,(1,72,133,'Col center : Layout 2 : Cell 1',43)
 ,(1,73,78,'Col left',38)
 ,(1,73,74,'Col right',0)
 ,(1,73,71,'Col center right',32)
 ,(1,73,70,'Col center left',29)
 ,(1,73,64,'Header logo',6)
 ,(1,73,134,'Col center : Layout 2 : Cell 2',47)
 ,(1,73,4,'Sidebar',0)
 ,(1,73,5,'Main',0)
 ,(1,73,72,'Col center left',0)
 ,(1,73,75,'Col right',0)
 ,(1,73,130,'Col left',0)
 ,(1,73,61,'Main',3)
 ,(1,73,62,'Sidebar',4)
 ,(1,73,6,'Main',0)
 ,(1,73,58,'Main',0)
 ,(1,74,1,'Header Nav',0)
 ,(1,74,134,'Col center : Layout 2 : Cell 2',47)
 ,(1,74,133,'Col center : Layout 2 : Cell 1',43)
 ,(1,74,78,'Col left',38)
 ,(1,74,74,'Col right',0)
 ,(1,74,71,'Col center right',32)
 ,(1,74,70,'Col center left',29)
 ,(1,74,64,'Header logo',6)
 ,(1,74,135,'Col center',48)
 ,(1,74,4,'Sidebar',0)
 ,(1,74,5,'Main',0)
 ,(1,74,130,'Col left',0)
 ,(1,74,75,'Col right',0)
 ,(1,74,72,'Col center left',0)
 ,(1,74,61,'Main',3)
 ,(1,74,62,'Sidebar',4)
 ,(1,74,6,'Main',0)
 ,(1,74,58,'Main',0)
 ,(1,75,1,'Header Nav',0)
 ,(1,75,135,'Col center',48)
 ,(1,75,134,'Col center : Layout 2 : Cell 2',47)
 ,(1,75,133,'Col center : Layout 2 : Cell 1',43)
 ,(1,75,78,'Col left',38)
 ,(1,75,74,'Col right',0)
 ,(1,75,71,'Col center right',32)
 ,(1,75,70,'Col center left',29)
 ,(1,75,64,'Header logo',6)
 ,(1,75,4,'Sidebar',0)
 ,(1,75,5,'Main',0)
 ,(1,75,62,'Sidebar',4)
 ,(1,75,130,'Col left',0)
 ,(1,75,136,'Col center : Layout 2 : Cell 1',0)
 ,(1,75,75,'Col right',0)
 ,(1,75,72,'Col center left',0)
 ,(1,75,61,'Main',3)
 ,(1,75,6,'Main',0)
 ,(1,75,58,'Main',0)
 ,(1,76,1,'Header Nav',0)
 ,(1,76,135,'Col center',48)
 ,(1,76,134,'Col center : Layout 2 : Cell 2',47)
 ,(1,76,133,'Col center : Layout 2 : Cell 1',43)
 ,(1,76,78,'Col left',38)
 ,(1,76,74,'Col right',0)
 ,(1,76,71,'Col center right',32)
 ,(1,76,70,'Col center left',29)
 ,(1,76,64,'Header logo',6)
 ,(1,76,4,'Sidebar',0)
 ,(1,76,5,'Main',0)
 ,(1,76,62,'Sidebar',4)
 ,(1,76,136,'Col center : Layout 2 : Cell 1',0)
 ,(1,76,130,'Col left',0)
 ,(1,76,75,'Col right',0)
 ,(1,76,72,'Col center left',0)
 ,(1,76,61,'Main',3)
 ,(1,76,137,'Header nav',0)
 ,(1,76,6,'Main',0)
 ,(1,76,58,'Main',0)
 ,(1,77,1,'Header Nav',0)
 ,(1,77,78,'Col left',38)
 ,(1,77,74,'Col right',0)
 ,(1,77,71,'Col center right',32)
 ,(1,77,70,'Col center left',29)
 ,(1,77,64,'Header logo',6)
 ,(1,77,5,'Main',0)
 ,(1,77,4,'Sidebar',0)
 ,(1,77,62,'Sidebar',4)
 ,(1,77,75,'Col right',0)
 ,(1,77,72,'Col center left',0)
 ,(1,77,61,'Main',3)
 ,(1,77,6,'Main',0)
 ,(1,77,138,'Col left',0)
 ,(1,77,139,'Header nav',0)
 ,(1,77,58,'Main',0)
 ,(1,78,1,'Header Nav',0)
 ,(1,77,142,'Col left',0)
 ,(1,78,78,'Col left',38)
 ,(1,78,74,'Col right',0)
 ,(1,78,71,'Col center right',32)
 ,(1,78,70,'Col center left',29)
 ,(1,78,64,'Header logo',6)
 ,(1,78,4,'Sidebar',0)
 ,(1,78,5,'Main',0)
 ,(1,78,139,'Header nav',0)
 ,(1,78,138,'Col left',0)
 ,(1,78,75,'Col right',0)
 ,(1,78,61,'Main',3)
 ,(1,78,72,'Col center left',0)
 ,(1,78,62,'Sidebar',4)
 ,(1,78,6,'Main',0)
 ,(1,78,58,'Main',0)
 ,(1,79,1,'Header Nav',0)
 ,(1,78,143,'Col left',0)
 ,(1,79,78,'Col left',38)
 ,(1,79,74,'Col right',0)
 ,(1,79,71,'Col center right',32)
 ,(1,79,70,'Col center left',29)
 ,(1,79,64,'Header logo',6)
 ,(1,79,4,'Sidebar',0)
 ,(1,79,5,'Main',0)
 ,(1,79,139,'Header nav',0)
 ,(1,79,138,'Col left',0)
 ,(1,79,75,'Col right',0)
 ,(1,79,61,'Main',3)
 ,(1,79,72,'Col center left',0)
 ,(1,79,62,'Sidebar',4)
 ,(1,79,6,'Main',0)
 ,(1,79,58,'Main',0)
 ,(1,80,1,'Header Nav',0)
 ,(1,79,144,'Col left',0)
 ,(1,79,145,'Col left',0)
 ,(1,80,78,'Col left',38)
 ,(1,80,74,'Col right',0)
 ,(1,80,71,'Col center right',32)
 ,(1,80,70,'Col center left',29)
 ,(1,80,64,'Header logo',6)
 ,(1,80,4,'Sidebar',0)
 ,(1,80,5,'Main',0)
 ,(1,80,139,'Header nav',0)
 ,(1,80,138,'Col left',0)
 ,(1,80,75,'Col right',0)
 ,(1,80,61,'Main',3)
 ,(1,80,72,'Col center left',0)
 ,(1,80,62,'Sidebar',4)
 ,(1,80,6,'Main',0)
 ,(1,80,58,'Main',0)
 ,(1,80,144,'Col left',0)
 ,(1,81,1,'Header Nav',0)
 ,(1,80,147,'Col left',0)
 ,(1,81,78,'Col left',38)
 ,(1,81,74,'Col right',0)
 ,(1,81,71,'Col center right',32)
 ,(1,81,70,'Col center left',29)
 ,(1,81,64,'Header logo',6)
 ,(1,81,5,'Main',0)
 ,(1,81,4,'Sidebar',0)
 ,(1,81,61,'Main',3)
 ,(1,81,139,'Header nav',0)
 ,(1,81,138,'Col left',0)
 ,(1,81,75,'Col right',0)
 ,(1,81,72,'Col center left',0)
 ,(1,81,62,'Sidebar',4)
 ,(1,81,6,'Main',0)
 ,(1,81,149,'Col left',0)
 ,(1,81,58,'Main',0)
 ,(1,82,1,'Header Nav',0)
 ,(1,81,146,'Col left',0)
 ,(1,81,148,'Col left',0)
 ,(1,82,78,'Col left',38)
 ,(1,82,74,'Col right',0)
 ,(1,82,71,'Col center right',32)
 ,(1,82,70,'Col center left',29)
 ,(1,82,64,'Header logo',6)
 ,(1,82,150,'Col center : Layout 2 : Cell 1',0)
 ,(1,82,5,'Main',0)
 ,(1,82,4,'Sidebar',0)
 ,(1,82,139,'Header nav',0)
 ,(1,82,138,'Col left',0)
 ,(1,82,75,'Col right',0)
 ,(1,82,72,'Col center left',0)
 ,(1,82,62,'Sidebar',4)
 ,(1,82,61,'Main',3)
 ,(1,82,6,'Main',0)
 ,(1,82,152,'Col left',0)
 ,(1,82,58,'Main',0)
 ,(1,83,1,'Header Nav',0)
 ,(1,82,146,'Col left',0)
 ,(1,82,151,'Col left',0)
 ,(1,83,150,'Col center : Layout 2 : Cell 1',0)
 ,(1,83,78,'Col left',38)
 ,(1,83,74,'Col right',0)
 ,(1,83,71,'Col center right',32)
 ,(1,83,70,'Col center left',29)
 ,(1,83,64,'Header logo',6)
 ,(1,83,4,'Sidebar',0)
 ,(1,83,5,'Main',0)
 ,(1,83,139,'Header nav',0)
 ,(1,83,138,'Col left',0)
 ,(1,83,62,'Sidebar',4)
 ,(1,83,75,'Col right',0)
 ,(1,83,72,'Col center left',0)
 ,(1,83,61,'Main',3)
 ,(1,83,6,'Main',0)
 ,(1,84,1,'Header Nav',0)
 ,(1,83,58,'Main',0)
 ,(1,83,152,'Col left',0)
 ,(1,83,146,'Col left',0)
 ,(1,83,153,'Col left',0)
 ,(1,85,1,'Header Nav',0)
 ,(1,84,78,'Col left',38)
 ,(1,84,74,'Col right',0)
 ,(1,84,71,'Col center right',32)
 ,(1,84,70,'Col center left',29)
 ,(1,84,64,'Header logo',6)
 ,(1,84,4,'Sidebar',0)
 ,(1,84,5,'Main',0)
 ,(1,84,139,'Header nav',0)
 ,(1,84,138,'Col left',0)
 ,(1,84,62,'Sidebar',4)
 ,(1,84,75,'Col right',0)
 ,(1,84,72,'Col center left',0)
 ,(1,84,61,'Main',3)
 ,(1,84,6,'Main',0)
 ,(1,84,153,'Col left',0)
 ,(1,84,58,'Main',0)
 ,(1,84,152,'Col left',0)
 ,(1,84,146,'Col left',0)
 ,(1,84,154,'Col center : Layout 2 : Cell 1',0)
 ,(1,85,78,'Col left',38)
 ,(1,85,74,'Col right',0)
 ,(1,85,71,'Col center right',32)
 ,(1,85,70,'Col center left',29)
 ,(1,85,64,'Header logo',6)
 ,(1,85,154,'Col center : Layout 2 : Cell 1',0)
 ,(1,85,5,'Main',0)
 ,(1,85,4,'Sidebar',0)
 ,(1,85,139,'Header nav',0)
 ,(1,85,138,'Col left',0)
 ,(1,85,75,'Col right',0)
 ,(1,85,72,'Col center left',0)
 ,(1,85,62,'Sidebar',4)
 ,(1,85,61,'Main',3)
 ,(1,85,6,'Main',0)
 ,(1,86,1,'Header Nav',0)
 ,(1,85,58,'Main',0)
 ,(1,85,152,'Col left',0)
 ,(1,85,146,'Col left',0)
 ,(1,85,155,'Col left',0)
 ,(1,86,154,'Col center : Layout 2 : Cell 1',0)
 ,(1,86,78,'Col left',38)
 ,(1,86,74,'Col right',0)
 ,(1,86,71,'Col center right',32)
 ,(1,86,70,'Col center left',29)
 ,(1,86,64,'Header logo',6)
 ,(1,86,4,'Sidebar',0)
 ,(1,86,5,'Main',0)
 ,(1,86,139,'Header nav',0)
 ,(1,86,138,'Col left',0)
 ,(1,86,62,'Sidebar',4)
 ,(1,86,75,'Col right',0)
 ,(1,86,72,'Col center left',0)
 ,(1,86,61,'Main',3)
 ,(1,86,6,'Main',0)
 ,(1,87,1,'Header Nav',0)
 ,(1,86,58,'Main',0)
 ,(1,86,152,'Col left',0)
 ,(1,86,146,'Col left',0)
 ,(1,86,156,'Col left',0)
 ,(1,87,154,'Col center : Layout 2 : Cell 1',0)
 ,(1,87,78,'Col left',38)
 ,(1,87,74,'Col right',0)
 ,(1,87,71,'Col center right',32)
 ,(1,87,70,'Col center left',29)
 ,(1,87,64,'Header logo',6)
 ,(1,87,4,'Sidebar',0)
 ,(1,87,5,'Main',0)
 ,(1,87,139,'Header nav',0)
 ,(1,87,138,'Col left',0)
 ,(1,87,62,'Sidebar',4)
 ,(1,87,75,'Col right',0)
 ,(1,87,72,'Col center left',0)
 ,(1,87,61,'Main',3)
 ,(1,87,6,'Main',0)
 ,(1,87,156,'Col left',0)
 ,(1,87,58,'Main',0)
 ,(1,87,152,'Col left',0)
 ,(1,87,146,'Col left',0)
 ,(1,88,1,'Header Nav',0)
 ,(1,88,154,'Col center : Layout 2 : Cell 1',0)
 ,(1,88,78,'Col left',38)
 ,(1,88,74,'Col right',0)
 ,(1,89,1,'Header Nav',0)
 ,(1,88,71,'Col center right',32)
 ,(1,88,70,'Col center left',29)
 ,(1,88,64,'Header logo',6)
 ,(1,88,5,'Main',0)
 ,(1,88,4,'Sidebar',0)
 ,(1,88,62,'Sidebar',4)
 ,(1,88,139,'Header nav',0)
 ,(1,88,138,'Col left',0)
 ,(1,88,75,'Col right',0)
 ,(1,88,61,'Main',3)
 ,(1,88,72,'Col center left',0)
 ,(1,88,6,'Main',0)
 ,(1,88,156,'Col left',0)
 ,(1,88,58,'Main',0)
 ,(1,88,152,'Col left',0)
 ,(1,88,146,'Col left',0)
 ,(1,88,158,'Header center',0)
 ,(1,90,1,'Header Nav',0)
 ,(1,89,78,'Col left',38)
 ,(1,89,74,'Col right',0)
 ,(1,89,71,'Col center right',32)
 ,(1,89,70,'Col center left',29)
 ,(1,89,64,'Header logo',6)
 ,(1,89,5,'Main',0)
 ,(1,89,4,'Sidebar',0)
 ,(1,89,62,'Sidebar',4)
 ,(1,89,139,'Header nav',0)
 ,(1,89,138,'Col left',0)
 ,(1,89,75,'Col right',0)
 ,(1,89,61,'Main',3)
 ,(1,89,72,'Col center left',0)
 ,(1,89,6,'Main',0)
 ,(1,89,156,'Col left',0)
 ,(1,89,58,'Main',0)
 ,(1,89,163,'Col center : Layout 2 : Cell 1',0)
 ,(1,89,146,'Col left',0)
 ,(1,89,162,'Col left',0)
 ,(1,90,163,'Col center : Layout 2 : Cell 1',0)
 ,(1,90,78,'Col left',38)
 ,(1,90,74,'Col right',0)
 ,(1,91,1,'Header Nav',0)
 ,(1,90,71,'Col center right',32)
 ,(1,90,70,'Col center left',29)
 ,(1,90,64,'Header logo',6)
 ,(1,90,5,'Main',0)
 ,(1,90,4,'Sidebar',0)
 ,(1,90,62,'Sidebar',4)
 ,(1,90,139,'Header nav',0)
 ,(1,90,138,'Col left',0)
 ,(1,90,75,'Col right',0)
 ,(1,90,61,'Main',3)
 ,(1,90,72,'Col center left',0)
 ,(1,90,6,'Main',0)
 ,(1,90,156,'Col left',0)
 ,(1,90,58,'Main',0)
 ,(1,90,162,'Col left',0)
 ,(1,90,146,'Col left',0)
 ,(1,90,165,'Header center',0)
 ,(1,91,163,'Col center : Layout 2 : Cell 1',0)
 ,(1,91,78,'Col left',38)
 ,(1,91,74,'Col right',0)
 ,(1,92,1,'Header Nav',0)
 ,(1,91,71,'Col center right',32)
 ,(1,91,70,'Col center left',29)
 ,(1,91,64,'Header logo',6)
 ,(1,91,5,'Main',0)
 ,(1,91,4,'Sidebar',0)
 ,(1,91,62,'Sidebar',4)
 ,(1,91,139,'Header nav',0)
 ,(1,91,138,'Col left',0)
 ,(1,91,75,'Col right',0)
 ,(1,91,61,'Main',3)
 ,(1,91,72,'Col center left',0)
 ,(1,91,6,'Main',0)
 ,(1,91,156,'Col left',0)
 ,(1,91,58,'Main',0)
 ,(1,91,162,'Col left',0)
 ,(1,91,146,'Col left',0)
 ,(1,92,78,'Col left',38)
 ,(1,92,71,'Col center right',32)
 ,(1,92,70,'Col center left',29)
 ,(1,92,64,'Header logo',6)
 ,(1,92,74,'Col right',0)
 ,(1,92,163,'Col center : Layout 2 : Cell 1',0)
 ,(1,93,1,'Header Nav',0)
 ,(1,92,5,'Main',0)
 ,(1,92,4,'Sidebar',0)
 ,(1,92,138,'Col left',0)
 ,(1,92,139,'Header nav',0)
 ,(1,92,75,'Col right',0)
 ,(1,92,72,'Col center left',0)
 ,(1,92,62,'Sidebar',4)
 ,(1,92,61,'Main',3)
 ,(1,92,156,'Col left',0)
 ,(1,92,6,'Main',0)
 ,(1,92,162,'Col left',0)
 ,(1,92,58,'Main',0)
 ,(1,92,146,'Col left',0)
 ,(1,94,1,'Header Nav',0)
 ,(1,93,163,'Col center : Layout 2 : Cell 1',0)
 ,(1,93,78,'Col left',38)
 ,(1,93,74,'Col right',0)
 ,(1,93,169,'Header center : Layout 1 : Cell 2',0)
 ,(1,93,71,'Col center right',32)
 ,(1,93,70,'Col center left',29)
 ,(1,93,64,'Header logo',6)
 ,(1,93,4,'Sidebar',0)
 ,(1,93,5,'Main',0)
 ,(1,93,62,'Sidebar',4)
 ,(1,93,139,'Header nav',0)
 ,(1,93,138,'Col left',0)
 ,(1,93,75,'Col right',0)
 ,(1,93,61,'Main',3)
 ,(1,93,72,'Col center left',0)
 ,(1,93,6,'Main',0)
 ,(1,93,156,'Col left',0)
 ,(1,93,162,'Col left',0)
 ,(1,93,58,'Main',0)
 ,(1,93,146,'Col left',0)
 ,(1,93,170,'Header center : Layout 1 : Cell 1',0)
 ,(1,95,170,'Header center : Layout 1 : Cell 1',0)
 ,(1,94,163,'Col center : Layout 2 : Cell 1',0)
 ,(1,94,78,'Col left',38)
 ,(1,94,74,'Col right',0)
 ,(1,94,170,'Header center : Layout 1 : Cell 1',0)
 ,(1,94,71,'Col center right',32)
 ,(1,94,70,'Col center left',29)
 ,(1,94,64,'Header logo',6)
 ,(1,94,4,'Sidebar',0)
 ,(1,94,5,'Main',0)
 ,(1,94,62,'Sidebar',4)
 ,(1,94,139,'Header nav',0)
 ,(1,94,138,'Col left',0)
 ,(1,94,75,'Col right',0)
 ,(1,94,61,'Main',3)
 ,(1,94,72,'Col center left',0)
 ,(1,94,6,'Main',0)
 ,(1,94,156,'Col left',0)
 ,(1,94,162,'Col left',0)
 ,(1,94,58,'Main',0)
 ,(1,94,146,'Col left',0)
 ,(1,95,1,'Header Nav',0)
 ,(1,95,163,'Col center : Layout 2 : Cell 1',0)
 ,(1,95,78,'Col left',38)
 ,(1,95,74,'Col right',0)
 ,(1,96,1,'Header Nav',0)
 ,(1,95,71,'Col center right',32)
 ,(1,95,70,'Col center left',29)
 ,(1,95,64,'Header logo',6)
 ,(1,95,4,'Sidebar',0)
 ,(1,95,5,'Main',0)
 ,(1,95,62,'Sidebar',4)
 ,(1,95,139,'Header nav',0)
 ,(1,95,138,'Col left',0)
 ,(1,95,75,'Col right',0)
 ,(1,95,61,'Main',3)
 ,(1,95,72,'Col center left',0)
 ,(1,95,6,'Main',0)
 ,(1,95,156,'Col left',0)
 ,(1,95,162,'Col left',0)
 ,(1,95,58,'Main',0)
 ,(1,95,146,'Col left',0)
 ,(1,96,170,'Header center : Layout 1 : Cell 1',0)
 ,(1,96,163,'Col center : Layout 2 : Cell 1',0)
 ,(1,96,78,'Col left',38)
 ,(1,96,74,'Col right',0)
 ,(1,97,1,'Header Nav',0)
 ,(1,96,71,'Col center right',32)
 ,(1,96,70,'Col center left',29)
 ,(1,96,64,'Header logo',6)
 ,(1,96,4,'Sidebar',0)
 ,(1,96,5,'Main',0)
 ,(1,96,62,'Sidebar',4)
 ,(1,96,139,'Header nav',0)
 ,(1,96,138,'Col left',0)
 ,(1,96,75,'Col right',0)
 ,(1,96,61,'Main',3)
 ,(1,96,72,'Col center left',0)
 ,(1,96,6,'Main',0)
 ,(1,96,156,'Col left',0)
 ,(1,96,162,'Col left',0)
 ,(1,96,58,'Main',0)
 ,(1,96,146,'Col left',0)
 ,(1,96,174,'Header center : Layout 1 : Cell 2',0)
 ,(1,97,170,'Header center : Layout 1 : Cell 1',0)
 ,(1,98,1,'Header Nav',0)
 ,(1,97,78,'Col left',38)
 ,(1,97,74,'Col right',0)
 ,(1,97,174,'Header center : Layout 1 : Cell 2',0)
 ,(1,97,71,'Col center right',32)
 ,(1,97,70,'Col center left',29)
 ,(1,97,64,'Header logo',6)
 ,(1,97,4,'Sidebar',0)
 ,(1,97,5,'Main',0)
 ,(1,97,62,'Sidebar',4)
 ,(1,97,139,'Header nav',0)
 ,(1,97,138,'Col left',0)
 ,(1,97,75,'Col right',0)
 ,(1,97,61,'Main',3)
 ,(1,97,72,'Col center left',0)
 ,(1,97,6,'Main',0)
 ,(1,97,156,'Col left',0)
 ,(1,97,162,'Col left',0)
 ,(1,97,58,'Main',0)
 ,(1,97,146,'Col left',0)
 ,(1,97,175,'Col center : Layout 2 : Cell 1',0)
 ,(1,98,174,'Header center : Layout 1 : Cell 2',0)
 ,(1,98,170,'Header center : Layout 1 : Cell 1',0)
 ,(1,98,78,'Col left',38)
 ,(1,98,74,'Col right',0)
 ,(1,99,1,'Header Nav',0)
 ,(1,98,71,'Col center right',32)
 ,(1,98,70,'Col center left',29)
 ,(1,98,64,'Header logo',6)
 ,(1,98,4,'Sidebar',0)
 ,(1,98,5,'Main',0)
 ,(1,98,62,'Sidebar',4)
 ,(1,98,139,'Header nav',0)
 ,(1,98,138,'Col left',0)
 ,(1,98,75,'Col right',0)
 ,(1,98,61,'Main',3)
 ,(1,98,72,'Col center left',0)
 ,(1,98,6,'Main',0)
 ,(1,98,156,'Col left',0)
 ,(1,98,162,'Col left',0)
 ,(1,98,58,'Main',0)
 ,(1,98,146,'Col left',0)
 ,(1,98,176,'Col center : Layout 2 : Cell 1',0)
 ,(1,99,174,'Header center : Layout 1 : Cell 2',0)
 ,(1,99,78,'Col left',38)
 ,(1,99,74,'Col right',0)
 ,(1,99,176,'Col center : Layout 2 : Cell 1',0)
 ,(1,99,71,'Col center right',32)
 ,(1,99,70,'Col center left',29)
 ,(1,99,64,'Header logo',6)
 ,(1,99,4,'Sidebar',0)
 ,(1,99,5,'Main',0)
 ,(1,99,62,'Sidebar',4)
 ,(1,99,139,'Header nav',0)
 ,(1,99,138,'Col left',0)
 ,(1,99,75,'Col right',0)
 ,(1,99,61,'Main',3)
 ,(1,99,72,'Col center left',0)
 ,(1,99,6,'Main',0)
 ,(1,99,156,'Col left',0)
 ,(1,99,162,'Col left',0)
 ,(1,99,58,'Main',0)
 ,(1,99,146,'Col left',0)
 ,(1,99,177,'Header center : Layout 1 : Cell 1',49)
 ,(1,100,1,'Header Nav',0)
 ,(1,101,1,'Header Nav',0)
 ,(1,100,174,'Header center : Layout 1 : Cell 2',0)
 ,(1,100,78,'Col left',38)
 ,(1,100,74,'Col right',0)
 ,(1,100,177,'Header center : Layout 1 : Cell 1',49)
 ,(1,100,71,'Col center right',32)
 ,(1,100,70,'Col center left',29)
 ,(1,100,64,'Header logo',6)
 ,(1,100,4,'Sidebar',0)
 ,(1,100,5,'Main',0)
 ,(1,100,62,'Sidebar',4)
 ,(1,100,139,'Header nav',0)
 ,(1,100,138,'Col left',0)
 ,(1,100,75,'Col right',0)
 ,(1,100,61,'Main',3)
 ,(1,100,72,'Col center left',0)
 ,(1,100,6,'Main',0)
 ,(1,100,156,'Col left',0)
 ,(1,100,162,'Col left',0)
 ,(1,100,58,'Main',0)
 ,(1,100,146,'Col left',0)
 ,(1,100,178,'Col center : Layout 2 : Cell 1',0)
 ,(1,101,177,'Header center : Layout 1 : Cell 1',49)
 ,(1,101,174,'Header center : Layout 1 : Cell 2',0)
 ,(1,101,78,'Col left',38)
 ,(1,101,74,'Col right',0)
 ,(1,101,178,'Col center : Layout 2 : Cell 1',0)
 ,(1,101,71,'Col center right',32)
 ,(1,101,70,'Col center left',29)
 ,(1,101,64,'Header logo',6)
 ,(1,101,4,'Sidebar',0)
 ,(1,101,5,'Main',0)
 ,(1,101,62,'Sidebar',4)
 ,(1,101,139,'Header nav',0)
 ,(1,101,138,'Col left',0)
 ,(1,101,75,'Col right',0)
 ,(1,101,61,'Main',3)
 ,(1,101,72,'Col center left',0)
 ,(1,101,6,'Main',0)
 ,(1,101,156,'Col left',0)
 ,(1,101,162,'Col left',0)
 ,(1,101,58,'Main',0)
 ,(1,101,146,'Col left',0)
 ,(1,102,1,'Header Nav',0)
 ,(1,102,179,'footer 1',0)
 ,(1,102,178,'Col center : Layout 2 : Cell 1',0)
 ,(1,102,177,'Header center : Layout 1 : Cell 1',49)
 ,(1,102,174,'Header center : Layout 1 : Cell 2',0)
 ,(1,102,78,'Col left',38)
 ,(1,102,74,'Col right',0)
 ,(1,102,71,'Col center right',32)
 ,(1,102,70,'Col center left',29)
 ,(1,102,64,'Header logo',6)
 ,(1,102,4,'Sidebar',0)
 ,(1,102,5,'Main',0)
 ,(1,103,1,'Header Nav',0)
 ,(1,102,138,'Col left',0)
 ,(1,102,139,'Header nav',0)
 ,(1,102,75,'Col right',0)
 ,(1,102,62,'Sidebar',4)
 ,(1,102,61,'Main',3)
 ,(1,102,72,'Col center left',0)
 ,(1,102,156,'Col left',0)
 ,(1,102,6,'Main',0)
 ,(1,102,58,'Main',0)
 ,(1,102,162,'Col left',0)
 ,(1,102,146,'Col left',0)
 ,(1,103,179,'footer 1',0)
 ,(1,103,178,'Col center : Layout 2 : Cell 1',0)
 ,(1,104,179,'footer 1',0)
 ,(1,104,1,'Header Nav',0)
 ,(1,103,78,'Col left',38)
 ,(1,103,74,'Col right',0)
 ,(1,103,71,'Col center right',32)
 ,(1,103,70,'Col center left',29)
 ,(1,103,64,'Header logo',6)
 ,(1,103,4,'Sidebar',0)
 ,(1,103,5,'Main',0)
 ,(1,103,181,'footer 2',0)
 ,(1,103,139,'Header nav',0)
 ,(1,103,138,'Col left',0)
 ,(1,103,75,'Col right',0)
 ,(1,103,61,'Main',3)
 ,(1,103,72,'Col center left',0)
 ,(1,103,62,'Sidebar',4)
 ,(1,103,156,'Col left',0)
 ,(1,103,6,'Main',0)
 ,(1,103,58,'Main',0)
 ,(1,103,162,'Col left',0)
 ,(1,103,146,'Col left',0)
 ,(1,104,78,'Col left',38)
 ,(1,104,74,'Col right',0)
 ,(1,104,71,'Col center right',32)
 ,(1,104,70,'Col center left',29)
 ,(1,104,64,'Header logo',6)
 ,(1,104,4,'Sidebar',0)
 ,(1,104,5,'Main',0)
 ,(1,104,138,'Col left',0)
 ,(1,104,75,'Col right',0)
 ,(1,104,72,'Col center left',0)
 ,(1,104,61,'Main',3)
 ,(1,104,62,'Sidebar',4)
 ,(1,104,6,'Main',0)
 ,(1,104,58,'Main',0)
 ,(1,105,1,'Header Nav',0)
 ,(1,105,184,'Header center',0)
 ,(1,106,1,'Header Nav',0)
 ,(1,105,78,'Col left',38)
 ,(1,105,74,'Col right',0)
 ,(1,105,71,'Col center right',32)
 ,(1,105,70,'Col center left',29)
 ,(1,105,64,'Header logo',6)
 ,(1,105,185,'Header left',0)
 ,(1,105,4,'Sidebar',0)
 ,(1,105,5,'Main',0)
 ,(1,105,138,'Col left',0)
 ,(1,105,75,'Col right',0)
 ,(1,105,72,'Col center left',0)
 ,(1,105,61,'Main',3)
 ,(1,105,62,'Sidebar',4)
 ,(1,105,6,'Main',0)
 ,(1,105,58,'Main',0)
 ,(1,106,185,'Header left',0)
 ,(1,106,184,'Header center',0)
 ,(1,106,78,'Col left',38)
 ,(1,106,74,'Col right',0)
 ,(1,106,71,'Col center right',32)
 ,(1,106,70,'Col center left',29)
 ,(1,106,64,'Header logo',6)
 ,(1,106,186,'footer 1',0)
 ,(1,106,4,'Sidebar',0)
 ,(1,106,5,'Main',0)
 ,(1,106,138,'Col left',0)
 ,(1,106,75,'Col right',0)
 ,(1,106,72,'Col center left',0)
 ,(1,106,61,'Main',3)
 ,(1,106,62,'Sidebar',4)
 ,(1,106,6,'Main',0)
 ,(1,106,58,'Main',0)
 ,(1,107,1,'Header Nav',0)
 ,(1,107,186,'footer 1',0)
 ,(1,107,185,'Header left',0)
 ,(1,107,184,'Header center',0)
 ,(1,107,78,'Col left',38)
 ,(1,107,74,'Col right',0)
 ,(1,107,71,'Col center right',32)
 ,(1,107,70,'Col center left',29)
 ,(1,107,64,'Header logo',6)
 ,(1,108,1,'Header Nav',0)
 ,(100,1,262,'Header-right',0)
 ,(1,107,4,'Sidebar',0)
 ,(1,107,5,'Main',0)
 ,(1,107,138,'Col left',0)
 ,(1,107,62,'Sidebar',4)
 ,(1,107,75,'Col right',0)
 ,(1,107,72,'Col center left',0)
 ,(1,107,61,'Main',3)
 ,(1,107,6,'Main',0)
 ,(1,107,58,'Main',0)
 ,(1,107,188,'Col center',0)
 ,(1,108,186,'footer 1',0)
 ,(1,108,185,'Header left',0)
 ,(1,108,184,'Header center',0)
 ,(1,108,78,'Col left',38)
 ,(1,108,74,'Col right',0)
 ,(1,108,71,'Col center right',32)
 ,(1,108,70,'Col center left',29)
 ,(1,108,64,'Header logo',6)
 ,(1,109,1,'Header Nav',0)
 ,(1,108,4,'Sidebar',0)
 ,(1,108,5,'Main',0)
 ,(1,108,138,'Col left',0)
 ,(1,108,62,'Sidebar',4)
 ,(1,108,75,'Col right',0)
 ,(1,108,72,'Col center left',0)
 ,(1,108,61,'Main',3)
 ,(1,108,6,'Main',0)
 ,(1,108,58,'Main',0)
 ,(1,108,189,'Col center',0)
 ,(1,109,186,'footer 1',0)
 ,(1,109,185,'Header left',0)
 ,(1,109,184,'Header center',0)
 ,(1,109,78,'Col left',38)
 ,(1,109,74,'Col right',0)
 ,(1,109,71,'Col center right',32)
 ,(1,109,70,'Col center left',29)
 ,(1,109,64,'Header logo',6)
 ,(1,110,1,'Header Nav',0)
 ,(1,152,252,'Sidebar',0)
 ,(1,109,4,'Sidebar',0)
 ,(1,109,5,'Main',0)
 ,(1,109,138,'Col left',0)
 ,(1,109,62,'Sidebar',4)
 ,(1,109,75,'Col right',0)
 ,(1,109,72,'Col center left',0)
 ,(1,109,61,'Main',3)
 ,(1,109,6,'Main',0)
 ,(1,109,58,'Main',0)
 ,(1,109,190,'Col center',0)
 ,(1,110,186,'footer 1',0)
 ,(1,110,185,'Header left',0)
 ,(1,110,184,'Header center',0)
 ,(1,110,78,'Col left',38)
 ,(1,110,74,'Col right',0)
 ,(1,110,71,'Col center right',32)
 ,(1,110,70,'Col center left',29)
 ,(1,110,64,'Header logo',6)
 ,(1,110,190,'Col center',0)
 ,(1,152,251,'Sidebar',0)
 ,(1,110,4,'Sidebar',0)
 ,(1,110,5,'Main',0)
 ,(1,110,138,'Col left',0)
 ,(1,110,62,'Sidebar',4)
 ,(1,110,75,'Col right',0)
 ,(1,110,72,'Col center left',0)
 ,(1,110,61,'Main',3)
 ,(1,110,6,'Main',0)
 ,(1,110,58,'Main',0)
 ,(1,112,5,'Main',0)
 ,(1,112,1,'Header Nav',0)
 ,(1,112,194,'Col left',0)
 ,(1,112,192,'Col center',0)
 ,(1,112,186,'footer 1',0)
 ,(1,112,185,'Header left',0)
 ,(1,112,184,'Header center',0)
 ,(1,111,64,'Header logo',6)
 ,(1,112,4,'Sidebar',0)
 ,(65,1,254,'Header-left',58)
 ,(1,112,71,'Col center right',0)
 ,(1,112,70,'Col center left',0)
 ,(1,112,64,'Header logo',6)
 ,(1,112,196,'footer 2',0)
 ,(1,112,195,'Col left',0)
 ,(1,112,193,'Header nav',0)
 ,(1,112,190,'Col center',0)
 ,(1,112,72,'Col center left',0)
 ,(1,112,61,'Main',0)
 ,(1,112,62,'Sidebar',0)
 ,(1,112,6,'Main',0)
 ,(1,112,58,'Main',0)
 ,(1,113,1,'Header Nav',0)
 ,(1,113,194,'Col left',0)
 ,(1,113,192,'Col center',0)
 ,(1,113,186,'footer 1',0)
 ,(1,113,185,'Header left',0)
 ,(1,113,184,'Header center',0)
 ,(1,113,71,'Col center right',0)
 ,(1,113,70,'Col center left',0)
 ,(1,113,64,'Header logo',6)
 ,(1,113,196,'footer 2',0)
 ,(1,113,4,'Sidebar',0)
 ,(1,113,5,'Main',0)
 ,(1,113,195,'Col left',0)
 ,(1,113,193,'Header nav',0)
 ,(1,113,190,'Col center',0)
 ,(1,113,72,'Col center left',0)
 ,(1,113,61,'Main',0)
 ,(1,113,62,'Sidebar',0)
 ,(1,113,6,'Main',0)
 ,(1,113,58,'Main',0)
 ,(1,116,194,'Col left',0)
 ,(1,116,185,'Header left',0)
 ,(1,116,1,'Header Nav',0)
 ,(1,116,184,'Header center',0)
 ,(1,114,64,'Header logo',6)
 ,(1,116,203,'Col center : Layout 2 : Cell 1',0)
 ,(1,116,4,'Sidebar',0)
 ,(1,116,5,'Main',0)
 ,(1,116,196,'footer 2',0)
 ,(1,116,197,'Col right',0)
 ,(1,117,1,'Header Nav',0)
 ,(1,116,71,'Col center right',0)
 ,(1,116,70,'Col center left',0)
 ,(1,116,186,'footer 1',0)
 ,(1,116,192,'Col center : Layout 1 : Cell 1',0)
 ,(1,115,64,'Header logo',6)
 ,(1,115,199,'Col center : Layout 1 : Cell 1',0)
 ,(1,116,64,'Header logo',6)
 ,(1,116,190,'Col center : Layout 1 : Cell 1',0)
 ,(1,116,202,'Col center : Layout 2 : Cell 2',0)
 ,(1,116,72,'Col center left',0)
 ,(1,116,62,'Sidebar',0)
 ,(1,116,195,'Col left',0)
 ,(1,116,61,'Main',0)
 ,(1,116,193,'Header Nav',0)
 ,(1,116,6,'Main',0)
 ,(1,116,58,'Main',0)
 ,(1,117,184,'Header center',0)
 ,(1,117,185,'Header left',0)
 ,(1,117,186,'footer 1',0)
 ,(1,117,192,'Col center : Layout 1 : Cell 1',0)
 ,(1,117,194,'Col left',0)
 ,(1,117,196,'footer 2',0)
 ,(1,117,197,'Col right',0)
 ,(1,118,1,'Header Nav',0)
 ,(1,117,71,'Col center right',0)
 ,(1,117,70,'Col center left',0)
 ,(1,152,72,'Col center left',0)
 ,(1,117,4,'Sidebar',0)
 ,(1,117,5,'Main',0)
 ,(1,117,205,'Col center : Layout 2 : Cell 2',0)
 ,(1,117,64,'Header logo',6)
 ,(1,117,190,'Col center : Layout 1 : Cell 1',0)
 ,(1,117,72,'Col center left',0)
 ,(1,117,62,'Sidebar',0)
 ,(1,117,195,'Col left',0)
 ,(1,117,61,'Main',0)
 ,(1,117,193,'Header Nav',0)
 ,(1,117,6,'Main',0)
 ,(1,117,201,'Header nav',0)
 ,(1,117,58,'Main',0)
 ,(1,117,204,'Col center : Layout 2 : Cell 1',0)
 ,(1,118,184,'Header center',0)
 ,(1,118,185,'Header left',0)
 ,(1,118,186,'footer 1',0)
 ,(1,118,192,'Col center : Layout 1 : Cell 1',0)
 ,(1,118,194,'Col left',0)
 ,(1,118,196,'footer 2',0)
 ,(1,118,197,'Col right',0)
 ,(1,118,204,'Col center : Layout 2 : Cell 1',0)
 ,(1,118,71,'Col center right',0)
 ,(1,118,70,'Col center left',0)
 ,(1,152,62,'Sidebar',0)
 ,(1,118,4,'Sidebar',0)
 ,(1,118,5,'Main',0)
 ,(1,118,205,'Col center : Layout 2 : Cell 2',0)
 ,(1,118,64,'Header logo',6)
 ,(1,118,190,'Col center : Layout 1 : Cell 1',0)
 ,(1,118,72,'Col center left',0)
 ,(1,118,62,'Sidebar',0)
 ,(1,118,195,'Col left',0)
 ,(1,118,61,'Main',0)
 ,(1,118,193,'Header Nav',0)
 ,(1,118,6,'Main',0)
 ,(1,118,201,'Header nav',0)
 ,(1,118,58,'Main',0)
 ,(1,119,1,'Header Nav',0)
 ,(1,119,185,'Header left',0)
 ,(1,119,186,'footer 1',0)
 ,(1,119,192,'Col center : Layout 1 : Cell 1',0)
 ,(1,119,194,'Col left',0)
 ,(1,119,196,'footer 2',0)
 ,(1,119,197,'Col right',0)
 ,(1,119,204,'Col center : Layout 2 : Cell 1',0)
 ,(1,119,205,'Col center : Layout 2 : Cell 2',0)
 ,(1,119,184,'Header center',0)
 ,(1,119,71,'Col center right',0)
 ,(1,119,70,'Col center left',0)
 ,(1,119,64,'Header logo',6)
 ,(1,119,4,'Sidebar',0)
 ,(1,119,5,'Main',0)
 ,(1,119,72,'Col center left',0)
 ,(1,119,195,'Col left',0)
 ,(1,119,206,'Col right',0)
 ,(1,119,193,'Header Nav',0)
 ,(1,119,61,'Main',0)
 ,(1,119,190,'Col center : Layout 1 : Cell 1',0)
 ,(1,119,62,'Sidebar',0)
 ,(1,119,6,'Main',0)
 ,(1,119,201,'Header nav',0)
 ,(1,119,58,'Main',0)
 ,(1,120,1,'Header Nav',0)
 ,(1,120,185,'Header left',0)
 ,(1,120,186,'footer 1',0)
 ,(1,120,192,'Col center : Layout 1 : Cell 1',0)
 ,(1,120,194,'Col left',0)
 ,(1,120,196,'footer 2',0)
 ,(1,120,197,'Col right',0)
 ,(1,120,204,'Col center : Layout 2 : Cell 1',0)
 ,(1,120,205,'Col center : Layout 2 : Cell 2',0)
 ,(1,120,184,'Header center',0)
 ,(1,120,71,'Col center right',0)
 ,(1,120,70,'Col center left',0)
 ,(1,120,64,'Header logo',6)
 ,(1,120,4,'Sidebar',0)
 ,(1,120,5,'Main',0)
 ,(1,120,72,'Col center left',0)
 ,(1,120,195,'Col left',0)
 ,(1,120,206,'Col right',0)
 ,(1,120,193,'Header Nav',0)
 ,(1,120,61,'Main',0)
 ,(1,120,190,'Col center : Layout 1 : Cell 1',0)
 ,(1,120,62,'Sidebar',0)
 ,(1,120,6,'Main',0)
 ,(1,120,201,'Header nav',0)
 ,(1,120,58,'Main',0)
 ,(1,121,1,'Header Nav',0)
 ,(1,121,185,'Header left',0)
 ,(1,121,186,'footer 1',0)
 ,(1,121,192,'Col center : Layout 1 : Cell 1',0)
 ,(1,121,194,'Col left',0)
 ,(1,121,196,'footer 2',0)
 ,(1,121,197,'Col right',0)
 ,(1,121,204,'Col center : Layout 2 : Cell 1',0)
 ,(1,121,205,'Col center : Layout 2 : Cell 2',0)
 ,(1,121,184,'Header center',0)
 ,(1,121,71,'Col center right',0)
 ,(1,121,70,'Col center left',0)
 ,(1,121,64,'Header logo',6)
 ,(1,152,64,'Header logo',6)
 ,(1,121,4,'Sidebar',0)
 ,(1,121,5,'Main',0)
 ,(1,121,72,'Col center left',0)
 ,(1,121,195,'Col left',0)
 ,(1,122,1,'Header Nav',0)
 ,(1,121,193,'Header Nav',0)
 ,(1,121,61,'Main',0)
 ,(1,121,190,'Col center : Layout 1 : Cell 1',0)
 ,(1,121,62,'Sidebar',0)
 ,(1,121,6,'Main',0)
 ,(1,121,201,'Header nav',0)
 ,(1,121,58,'Main',0)
 ,(1,121,207,'Col right',0)
 ,(1,122,185,'Header left',0)
 ,(1,122,186,'footer 1',0)
 ,(1,122,192,'Col center : Layout 1 : Cell 1',0)
 ,(1,122,194,'Col left',0)
 ,(1,122,196,'footer 2',0)
 ,(1,122,197,'Col right',0)
 ,(1,122,204,'Col center : Layout 2 : Cell 1',0)
 ,(1,122,205,'Col center : Layout 2 : Cell 2',0)
 ,(1,122,184,'Header center',0)
 ,(1,122,71,'Col center right',0)
 ,(1,122,70,'Col center left',0)
 ,(1,122,64,'Header logo',6)
 ,(1,122,4,'Sidebar',0)
 ,(1,122,5,'Main',0)
 ,(1,122,72,'Col center left',0)
 ,(1,122,195,'Col left',0)
 ,(1,122,207,'Col right',0)
 ,(1,122,193,'Header Nav',0)
 ,(1,122,61,'Main',0)
 ,(1,122,190,'Col center : Layout 1 : Cell 1',0)
 ,(1,122,62,'Sidebar',0)
 ,(1,122,6,'Main',0)
 ,(1,122,201,'Header nav',0)
 ,(1,122,58,'Main',0)
 ,(1,123,1,'Header Nav',0)
 ,(1,123,185,'Header left',0)
 ,(1,123,186,'footer 1',0)
 ,(1,123,192,'Col center : Layout 1 : Cell 1',0)
 ,(1,123,194,'Col left',0)
 ,(1,123,196,'footer 2',0)
 ,(1,123,197,'Col right',0)
 ,(1,123,204,'Col center : Layout 2 : Cell 1',0)
 ,(1,123,205,'Col center : Layout 2 : Cell 2',0)
 ,(1,123,184,'Header center',0)
 ,(1,123,71,'Col center right',0)
 ,(1,123,70,'Col center left',0)
 ,(1,123,64,'Header logo',6)
 ,(1,152,70,'Col center left',0)
 ,(1,123,4,'Sidebar',0)
 ,(1,123,5,'Main',0)
 ,(1,123,72,'Col center left',0)
 ,(1,123,195,'Col left',0)
 ,(1,124,1,'Header Nav',0)
 ,(1,123,193,'Header Nav',0)
 ,(1,123,61,'Main',0)
 ,(1,123,190,'Col center : Layout 1 : Cell 1',0)
 ,(1,123,62,'Sidebar',0)
 ,(1,123,6,'Main',0)
 ,(1,123,201,'Header nav',0)
 ,(1,123,58,'Main',0)
 ,(1,123,208,'Col right',0)
 ,(1,124,185,'Header left',0)
 ,(1,124,186,'footer 1',0)
 ,(1,124,192,'Col center : Layout 1 : Cell 1',0)
 ,(1,124,194,'Col left',0)
 ,(1,124,196,'footer 2',0)
 ,(1,124,197,'Col right',0)
 ,(1,124,204,'Col center : Layout 2 : Cell 1',0)
 ,(1,124,205,'Col center : Layout 2 : Cell 2',0)
 ,(1,124,184,'Header center',0)
 ,(1,124,71,'Col center right',0)
 ,(1,124,70,'Col center left',0)
 ,(1,124,64,'Header logo',6)
 ,(1,124,4,'Sidebar',0)
 ,(1,124,5,'Main',0)
 ,(1,124,72,'Col center left',0)
 ,(1,124,195,'Col left',0)
 ,(1,124,208,'Col right',0)
 ,(1,124,193,'Header Nav',0)
 ,(1,124,61,'Main',0)
 ,(1,124,190,'Col center : Layout 1 : Cell 1',0)
 ,(1,124,62,'Sidebar',0)
 ,(1,124,6,'Main',0)
 ,(1,124,201,'Header nav',0)
 ,(1,124,58,'Main',0)
 ,(1,124,209,'Header left',50)
 ,(1,125,1,'Header Nav',0)
 ,(1,125,185,'Header left',0)
 ,(1,125,186,'footer 1',0)
 ,(1,125,192,'Col center : Layout 1 : Cell 1',0)
 ,(1,125,194,'Col left',0)
 ,(1,125,196,'footer 2',0)
 ,(1,125,197,'Col right',0)
 ,(1,125,204,'Col center : Layout 2 : Cell 1',0)
 ,(1,125,205,'Col center : Layout 2 : Cell 2',0)
 ,(1,125,184,'Header center',0)
 ,(1,125,71,'Col center right',0)
 ,(1,125,70,'Col center left',0)
 ,(1,125,64,'Header logo',6)
 ,(1,152,71,'Col center right',0)
 ,(1,125,4,'Sidebar',0)
 ,(1,125,5,'Main',0)
 ,(1,125,72,'Col center left',0)
 ,(1,126,1,'Header Nav',0)
 ,(1,125,195,'Col left',0)
 ,(1,125,193,'Header Nav',0)
 ,(1,125,61,'Main',0)
 ,(1,125,190,'Col center : Layout 1 : Cell 1',0)
 ,(1,125,62,'Sidebar',0)
 ,(1,125,209,'Header left',50)
 ,(1,125,6,'Main',0)
 ,(1,125,201,'Header nav',0)
 ,(1,125,58,'Main',0)
 ,(1,125,210,'Col right',0)
 ,(1,126,185,'Header left',0)
 ,(1,126,186,'footer 1',0)
 ,(1,126,192,'Col center : Layout 1 : Cell 1',0)
 ,(1,126,194,'Col left',0)
 ,(1,126,196,'footer 2',0)
 ,(1,126,197,'Col right',0)
 ,(1,126,204,'Col center : Layout 2 : Cell 1',0)
 ,(1,126,205,'Col center : Layout 2 : Cell 2',0)
 ,(1,126,184,'Header center',0)
 ,(1,126,71,'Col center right',0)
 ,(1,126,70,'Col center left',0)
 ,(1,126,64,'Header logo',6)
 ,(1,126,4,'Sidebar',0)
 ,(1,126,5,'Main',0)
 ,(1,126,72,'Col center left',0)
 ,(1,127,1,'Header Nav',0)
 ,(1,126,195,'Col left',0)
 ,(1,126,193,'Header Nav',0)
 ,(1,126,61,'Main',0)
 ,(1,126,190,'Col center : Layout 1 : Cell 1',0)
 ,(1,126,62,'Sidebar',0)
 ,(1,126,210,'Col right',0)
 ,(1,126,6,'Main',0)
 ,(1,126,201,'Header nav',0)
 ,(1,126,58,'Main',0)
 ,(1,126,211,'Header left',51)
 ,(1,127,185,'Header left',0)
 ,(1,127,186,'footer 1',0)
 ,(1,127,192,'Col center : Layout 1 : Cell 1',0)
 ,(1,127,194,'Col left',0)
 ,(1,127,196,'footer 2',0)
 ,(1,127,197,'Col right',0)
 ,(1,127,204,'Col center : Layout 2 : Cell 1',0)
 ,(1,127,205,'Col center : Layout 2 : Cell 2',0)
 ,(1,127,184,'Header center',0)
 ,(1,127,71,'Col center right',0)
 ,(1,127,70,'Col center left',0)
 ,(1,127,64,'Header logo',6)
 ,(1,127,4,'Sidebar',0)
 ,(1,127,5,'Main',0)
 ,(1,127,72,'Col center left',0)
 ,(1,127,210,'Col right',0)
 ,(1,127,195,'Col left',0)
 ,(1,127,193,'Header Nav',0)
 ,(1,127,61,'Main',0)
 ,(1,127,190,'Col center : Layout 1 : Cell 1',0)
 ,(1,127,62,'Sidebar',0)
 ,(1,128,1,'Header Nav',0)
 ,(1,127,6,'Main',0)
 ,(1,127,201,'Header nav',0)
 ,(1,127,58,'Main',0)
 ,(1,127,212,'Header left',51)
 ,(1,128,185,'Header left',0)
 ,(1,128,186,'footer 1',0)
 ,(1,128,192,'Col center : Layout 1 : Cell 1',0)
 ,(1,128,194,'Col left',0)
 ,(1,128,196,'footer 2',0)
 ,(1,128,197,'Col right',0)
 ,(1,128,204,'Col center : Layout 2 : Cell 1',0)
 ,(1,128,205,'Col center : Layout 2 : Cell 2',0)
 ,(1,128,184,'Header center',0)
 ,(1,128,71,'Col center right',0)
 ,(1,128,70,'Col center left',0)
 ,(1,128,64,'Header logo',6)
 ,(1,152,190,'Col center : Layout 1 : Cell 1',0)
 ,(1,128,4,'Sidebar',0)
 ,(1,128,5,'Main',0)
 ,(1,128,72,'Col center left',0)
 ,(1,128,210,'Col right',0)
 ,(1,128,195,'Col left',0)
 ,(1,128,193,'Header Nav',0)
 ,(1,128,61,'Main',0)
 ,(1,128,190,'Col center : Layout 1 : Cell 1',0)
 ,(1,128,62,'Sidebar',0)
 ,(1,129,1,'Header Nav',0)
 ,(1,128,6,'Main',0)
 ,(1,128,201,'Header nav',0)
 ,(1,128,58,'Main',0)
 ,(1,128,213,'Header left',51)
 ,(1,129,185,'Header left',0)
 ,(1,129,186,'footer 1',0)
 ,(1,129,192,'Col center : Layout 1 : Cell 1',0)
 ,(1,129,194,'Col left',0)
 ,(1,129,196,'footer 2',0)
 ,(1,129,197,'Col right',0)
 ,(1,129,204,'Col center : Layout 2 : Cell 1',0)
 ,(1,129,205,'Col center : Layout 2 : Cell 2',0)
 ,(1,129,184,'Header center',0)
 ,(1,129,71,'Col center right',0)
 ,(1,129,70,'Col center left',0)
 ,(1,129,64,'Header logo',6)
 ,(1,129,4,'Sidebar',0)
 ,(1,129,5,'Main',0)
 ,(1,129,72,'Col center left',0)
 ,(1,129,210,'Col right',0)
 ,(1,129,195,'Col left',0)
 ,(1,129,193,'Header Nav',0)
 ,(1,129,61,'Main',0)
 ,(1,129,190,'Col center : Layout 1 : Cell 1',0)
 ,(1,129,62,'Sidebar',0)
 ,(1,129,215,'Header left',52)
 ,(1,129,6,'Main',0)
 ,(1,129,201,'Header nav',0)
 ,(1,129,58,'Main',0)
 ,(1,129,214,'Header left',51)
 ,(1,130,1,'Header Nav',0)
 ,(1,130,185,'Header left',0)
 ,(1,130,186,'footer 1',0)
 ,(1,130,192,'Col center : Layout 1 : Cell 1',0)
 ,(1,130,194,'Col left',0)
 ,(1,130,196,'footer 2',0)
 ,(1,130,197,'Col right',0)
 ,(1,130,204,'Col center : Layout 2 : Cell 1',0)
 ,(1,130,205,'Col center : Layout 2 : Cell 2',0)
 ,(1,130,184,'Header center',0)
 ,(1,130,71,'Col center right',0)
 ,(1,130,70,'Col center left',0)
 ,(1,130,64,'Header logo',6)
 ,(1,152,210,'Col right',0)
 ,(1,130,4,'Sidebar',0)
 ,(1,130,5,'Main',0)
 ,(1,130,72,'Col center left',0)
 ,(1,131,1,'Header Nav',0)
 ,(1,130,210,'Col right',0)
 ,(1,130,195,'Col left',0)
 ,(1,130,193,'Header Nav',0)
 ,(1,130,61,'Main',0)
 ,(1,130,190,'Col center : Layout 1 : Cell 1',0)
 ,(1,130,62,'Sidebar',0)
 ,(1,130,6,'Main',0)
 ,(1,130,201,'Header nav',0)
 ,(1,130,217,'Header left',54)
 ,(1,130,58,'Main',0)
 ,(1,130,216,'Header left',53)
 ,(1,131,185,'Header left',0)
 ,(1,131,186,'footer 1',0)
 ,(1,131,192,'Col center : Layout 1 : Cell 1',0)
 ,(1,131,194,'Col left',0)
 ,(1,131,196,'footer 2',0)
 ,(1,131,197,'Col right',0)
 ,(1,131,219,'Col center : Layout 2 : Cell 2',0)
 ,(1,132,1,'Header Nav',0)
 ,(1,131,184,'Header center',0)
 ,(1,131,71,'Col center right',0)
 ,(1,131,70,'Col center left',0)
 ,(1,131,64,'Header logo',6)
 ,(1,131,4,'Sidebar',0)
 ,(1,131,5,'Main',0)
 ,(1,131,72,'Col center left',0)
 ,(1,131,210,'Col right',0)
 ,(1,131,195,'Col left',0)
 ,(1,131,193,'Header Nav',0)
 ,(1,131,61,'Main',0)
 ,(1,131,190,'Col center : Layout 1 : Cell 1',0)
 ,(1,131,62,'Sidebar',0)
 ,(1,131,217,'Header left',54)
 ,(1,131,6,'Main',0)
 ,(1,131,201,'Header nav',0)
 ,(1,131,216,'Header left',53)
 ,(1,131,58,'Main',0)
 ,(1,131,218,'Col center : Layout 2 : Cell 1',0)
 ,(1,132,184,'Header center',0)
 ,(1,132,185,'Header left',0)
 ,(1,132,186,'footer 1',0)
 ,(1,132,192,'Col center : Layout 1 : Cell 1',0)
 ,(1,132,194,'Col left',0)
 ,(1,132,196,'footer 2',0)
 ,(1,132,197,'Col right',0)
 ,(1,132,218,'Col center : Layout 2 : Cell 1',0)
 ,(1,132,71,'Col center right',0)
 ,(1,132,70,'Col center left',0)
 ,(1,152,243,'Sidebar-Right',0)
 ,(1,132,4,'Sidebar',0)
 ,(1,132,5,'Main',0)
 ,(1,132,219,'Col center : Layout 2 : Cell 2',0)
 ,(1,132,64,'Header logo',6)
 ,(1,132,72,'Col center left',0)
 ,(1,132,221,'Header left',56)
 ,(1,132,210,'Col right',0)
 ,(1,132,190,'Col center : Layout 1 : Cell 1',0)
 ,(1,132,62,'Sidebar',0)
 ,(1,132,61,'Main',0)
 ,(1,132,193,'Header Nav',0)
 ,(1,132,195,'Col left',0)
 ,(1,132,201,'Header nav',0)
 ,(1,132,6,'Main',0)
 ,(1,133,1,'Header Nav',0)
 ,(1,132,58,'Main',0)
 ,(1,132,220,'Header left',57)
 ,(1,133,185,'Header left',0)
 ,(1,133,186,'footer 1',0)
 ,(1,133,192,'Col center : Layout 1 : Cell 1',0)
 ,(1,133,194,'Col left',0)
 ,(1,133,196,'footer 2',0)
 ,(1,133,197,'Col right',0)
 ,(1,133,218,'Col center : Layout 2 : Cell 1',0)
 ,(1,133,219,'Col center : Layout 2 : Cell 2',0)
 ,(1,133,184,'Header center',0)
 ,(1,133,71,'Col center right',0)
 ,(1,133,70,'Col center left',0)
 ,(1,133,64,'Header logo',6)
 ,(1,152,4,'Sidebar',0)
 ,(1,133,4,'Sidebar',0)
 ,(1,133,5,'Main',0)
 ,(1,133,72,'Col center left',0)
 ,(1,133,220,'Header left',57)
 ,(1,133,210,'Col right',0)
 ,(1,133,195,'Col left',0)
 ,(1,133,193,'Header Nav',0)
 ,(1,133,61,'Main',0)
 ,(1,133,190,'Col center : Layout 1 : Cell 1',0)
 ,(1,133,62,'Sidebar',0)
 ,(1,133,6,'Main',0)
 ,(1,133,201,'Header nav',0)
 ,(1,133,221,'Header left',56)
 ,(1,133,58,'Main',0)
 ,(1,151,243,'Sidebar-Right',0)
 ,(1,151,4,'Sidebar',0)
 ,(1,134,1,'Header Nav',0)
 ,(1,134,185,'Header left',0)
 ,(1,134,186,'footer 1',0)
 ,(1,134,192,'Col center : Layout 1 : Cell 1',0)
 ,(1,134,194,'Col left',0)
 ,(1,134,196,'footer 2',0)
 ,(1,134,197,'Col right',0)
 ,(1,134,218,'Col center : Layout 2 : Cell 1',0)
 ,(1,134,219,'Col center : Layout 2 : Cell 2',0)
 ,(1,134,184,'Header center',0)
 ,(1,134,71,'Col center right',0)
 ,(1,134,4,'Sidebar',0)
 ,(1,134,70,'Col center left',0)
 ,(1,134,64,'Header logo',6)
 ,(1,135,1,'Header Nav',0)
 ,(1,134,5,'Main',0)
 ,(1,134,210,'Col right',0)
 ,(1,134,220,'Header left',57)
 ,(1,134,195,'Col left',0)
 ,(1,134,72,'Col center left',0)
 ,(1,134,193,'Header Nav',0)
 ,(1,134,61,'Main',0)
 ,(1,134,190,'Col center : Layout 1 : Cell 1',0)
 ,(1,134,62,'Sidebar',0)
 ,(1,134,221,'Header left',56)
 ,(1,134,201,'Header nav',0)
 ,(1,134,6,'Main',0)
 ,(1,134,222,'Col left',0)
 ,(1,134,58,'Main',0)
 ,(1,135,192,'Col center : Layout 1 : Cell 1',0)
 ,(1,135,196,'footer 2',0)
 ,(1,135,186,'footer 1',0)
 ,(1,135,185,'Header left',0)
 ,(1,135,184,'Header center',0)
 ,(1,135,197,'Col right',0)
 ,(1,135,71,'Col center right',0)
 ,(1,135,70,'Col center left',0)
 ,(1,135,64,'Header logo',6)
 ,(1,135,218,'Col center : Layout 2 : Cell 1',0)
 ,(1,135,219,'Col center : Layout 2 : Cell 2',0)
 ,(1,135,5,'Main',0)
 ,(1,135,4,'Sidebar',0)
 ,(1,135,194,'Col left',0)
 ,(1,135,210,'Col right',0)
 ,(1,135,220,'Header left',57)
 ,(1,135,195,'Col left',0)
 ,(1,135,193,'Header Nav',0)
 ,(1,135,61,'Main',0)
 ,(1,135,62,'Sidebar',0)
 ,(1,135,72,'Col center left',0)
 ,(1,135,190,'Col center : Layout 1 : Cell 1',0)
 ,(1,135,201,'Header nav',0)
 ,(1,135,6,'Main',0)
 ,(1,135,221,'Header left',56)
 ,(1,135,222,'Col left',0)
 ,(1,135,58,'Main',0)
 ,(1,151,71,'Col center right',0)
 ,(1,151,210,'Col right',0)
 ,(1,151,190,'Col center : Layout 1 : Cell 1',0)
 ,(1,151,70,'Col center left',0)
 ,(1,151,62,'Sidebar',0)
 ,(1,151,5,'Main',0)
 ,(1,151,64,'Header logo',6)
 ,(1,151,58,'Main',0)
 ,(1,151,6,'Main',0)
 ,(1,151,72,'Col center left',0)
 ,(1,151,252,'Sidebar',0)
 ,(1,136,1,'Header Nav',0)
 ,(1,151,251,'Sidebar',0)
 ,(1,136,71,'Col center right',0)
 ,(1,136,70,'Col center left',0)
 ,(1,136,64,'Header logo',6)
 ,(1,136,4,'Sidebar',0)
 ,(1,136,5,'Main',0)
 ,(1,136,72,'Col center left',0)
 ,(1,136,210,'Col right',0)
 ,(1,136,190,'Col center : Layout 1 : Cell 1',0)
 ,(1,136,61,'Main',0)
 ,(1,136,62,'Sidebar',0)
 ,(1,136,6,'Main',0)
 ,(1,136,58,'Main',0)
 ,(1,137,1,'Header Nav',0)
 ,(1,137,210,'Col right',0)
 ,(1,137,190,'Col center : Layout 1 : Cell 1',0)
 ,(1,137,71,'Col center right',0)
 ,(1,137,70,'Col center left',0)
 ,(1,137,64,'Header logo',6)
 ,(1,137,5,'Main',0)
 ,(1,137,4,'Sidebar',0)
 ,(1,137,62,'Sidebar',0)
 ,(1,137,61,'Main',0)
 ,(1,137,72,'Col center left',0)
 ,(1,137,6,'Main',0)
 ,(1,137,58,'Main',0)
 ,(1,138,1,'Header Nav',0)
 ,(1,137,233,'Main',0)
 ,(1,138,210,'Col right',0)
 ,(1,138,190,'Col center : Layout 1 : Cell 1',0)
 ,(1,138,71,'Col center right',0)
 ,(1,138,70,'Col center left',0)
 ,(1,138,64,'Header logo',6)
 ,(1,138,5,'Main',0)
 ,(1,138,4,'Sidebar',0)
 ,(1,138,62,'Sidebar',0)
 ,(1,139,1,'Header Nav',0)
 ,(1,138,72,'Col center left',0)
 ,(1,138,6,'Main',0)
 ,(1,138,58,'Main',0)
 ,(1,139,210,'Col right',0)
 ,(1,139,190,'Col center : Layout 1 : Cell 1',0)
 ,(1,139,71,'Col center right',0)
 ,(1,139,70,'Col center left',0)
 ,(1,139,64,'Header logo',6)
 ,(1,139,5,'Main',0)
 ,(1,139,4,'Sidebar',0)
 ,(1,139,62,'Sidebar',0)
 ,(1,139,72,'Col center left',0)
 ,(1,139,6,'Main',0)
 ,(1,139,58,'Main',0)
 ,(1,140,1,'Header Nav',0)
 ,(1,139,235,'Main',0)
 ,(1,140,210,'Col right',0)
 ,(1,140,190,'Col center : Layout 1 : Cell 1',0)
 ,(1,140,71,'Col center right',0)
 ,(1,140,70,'Col center left',0)
 ,(1,140,64,'Header logo',6)
 ,(1,140,5,'Main',0)
 ,(1,140,4,'Sidebar',0)
 ,(1,140,62,'Sidebar',0)
 ,(1,140,6,'Main',0)
 ,(1,140,72,'Col center left',0)
 ,(1,140,58,'Main',0)
 ,(1,141,1,'Header Nav',0)
 ,(1,141,210,'Col right',0)
 ,(1,141,190,'Col center : Layout 1 : Cell 1',0)
 ,(1,141,71,'Col center right',0)
 ,(1,141,70,'Col center left',0)
 ,(1,141,64,'Header logo',6)
 ,(1,141,5,'Main',0)
 ,(1,141,4,'Sidebar',0)
 ,(1,141,62,'Sidebar',0)
 ,(1,141,6,'Main',0)
 ,(1,141,72,'Col center left',0)
 ,(1,141,58,'Main',0)
 ,(1,142,1,'Header Nav',0)
 ,(1,141,238,'Main',0)
 ,(1,142,210,'Col right',0)
 ,(1,142,190,'Col center : Layout 1 : Cell 1',0)
 ,(1,142,71,'Col center right',0)
 ,(1,142,70,'Col center left',0)
 ,(1,142,64,'Header logo',6)
 ,(1,142,5,'Main',0)
 ,(1,142,4,'Sidebar',0)
 ,(1,142,62,'Sidebar',0)
 ,(1,142,6,'Main',0)
 ,(1,142,72,'Col center left',0)
 ,(1,142,58,'Main',0)
 ,(1,143,1,'Header Nav',0)
 ,(1,142,242,'Main',0)
 ,(1,142,240,'Main',0)
 ,(1,142,241,'Main',0)
 ,(1,143,210,'Col right',0)
 ,(1,143,190,'Col center : Layout 1 : Cell 1',0)
 ,(1,143,71,'Col center right',0)
 ,(1,143,70,'Col center left',0)
 ,(1,143,64,'Header logo',6)
 ,(1,143,5,'Main',0)
 ,(1,143,4,'Sidebar',0)
 ,(1,143,62,'Sidebar',0)
 ,(1,143,6,'Main',0)
 ,(1,143,72,'Col center left',0)
 ,(1,143,58,'Main',0)
 ,(1,143,242,'Main',0)
 ,(1,143,241,'Main',0)
 ,(1,144,210,'Col right',0)
 ,(1,144,190,'Col center : Layout 1 : Cell 1',0)
 ,(1,144,71,'Col center right',0)
 ,(1,144,70,'Col center left',0)
 ,(1,144,64,'Header logo',6)
 ,(1,144,5,'Main',0)
 ,(1,144,4,'Sidebar',0)
 ,(1,144,243,'Sidebar-Right',0)
 ,(1,144,62,'Sidebar',0)
 ,(1,144,6,'Main',0)
 ,(1,144,72,'Col center left',0)
 ,(1,144,58,'Main',0)
 ,(1,144,242,'Main',0)
 ,(1,144,241,'Main',0)
 ,(1,145,4,'Sidebar',0)
 ,(1,145,243,'Sidebar-Right',0)
 ,(1,145,210,'Col right',0)
 ,(1,145,190,'Col center : Layout 1 : Cell 1',0)
 ,(1,145,71,'Col center right',0)
 ,(1,145,70,'Col center left',0)
 ,(1,145,64,'Header logo',6)
 ,(1,145,5,'Main',0)
 ,(1,145,62,'Sidebar',0)
 ,(1,145,72,'Col center left',0)
 ,(1,145,6,'Main',0)
 ,(1,145,58,'Main',0)
 ,(1,146,4,'Sidebar',0)
 ,(1,146,243,'Sidebar-Right',0)
 ,(1,146,210,'Col right',0)
 ,(1,146,190,'Col center : Layout 1 : Cell 1',0)
 ,(1,146,71,'Col center right',0)
 ,(1,146,70,'Col center left',0)
 ,(1,146,64,'Header logo',6)
 ,(1,146,5,'Main',0)
 ,(1,146,62,'Sidebar',0)
 ,(1,146,72,'Col center left',0)
 ,(1,146,6,'Main',0)
 ,(1,146,58,'Main',0)
 ,(1,147,4,'Sidebar',0)
 ,(1,146,246,'Sidebar',0)
 ,(1,147,243,'Sidebar-Right',0)
 ,(1,147,210,'Col right',0)
 ,(1,147,190,'Col center : Layout 1 : Cell 1',0)
 ,(1,147,71,'Col center right',0)
 ,(1,147,70,'Col center left',0)
 ,(1,147,64,'Header logo',6)
 ,(1,147,5,'Main',0)
 ,(1,147,62,'Sidebar',0)
 ,(1,147,72,'Col center left',0)
 ,(1,147,6,'Main',0)
 ,(1,147,58,'Main',0)
 ,(1,148,4,'Sidebar',0)
 ,(1,147,247,'Sidebar',0)
 ,(1,148,243,'Sidebar-Right',0)
 ,(1,148,210,'Col right',0)
 ,(1,148,190,'Col center : Layout 1 : Cell 1',0)
 ,(1,148,71,'Col center right',0)
 ,(1,148,70,'Col center left',0)
 ,(1,148,64,'Header logo',6)
 ,(1,148,5,'Main',0)
 ,(1,148,62,'Sidebar',0)
 ,(1,148,72,'Col center left',0)
 ,(1,148,6,'Main',0)
 ,(1,148,58,'Main',0)
 ,(1,149,4,'Sidebar',0)
 ,(1,148,248,'Sidebar',0)
 ,(1,149,243,'Sidebar-Right',0)
 ,(1,149,210,'Col right',0)
 ,(1,149,190,'Col center : Layout 1 : Cell 1',0)
 ,(1,149,71,'Col center right',0)
 ,(1,149,70,'Col center left',0)
 ,(1,149,64,'Header logo',6)
 ,(1,149,5,'Main',0)
 ,(1,149,62,'Sidebar',0)
 ,(1,149,72,'Col center left',0)
 ,(1,149,6,'Main',0)
 ,(1,149,58,'Main',0)
 ,(1,150,4,'Sidebar',0)
 ,(1,150,243,'Sidebar-Right',0)
 ,(1,150,210,'Col right',0)
 ,(1,150,190,'Col center : Layout 1 : Cell 1',0)
 ,(1,150,71,'Col center right',0)
 ,(1,150,70,'Col center left',0)
 ,(1,150,64,'Header logo',6)
 ,(1,150,5,'Main',0)
 ,(1,150,62,'Sidebar',0)
 ,(1,150,72,'Col center left',0)
 ,(1,150,6,'Main',0)
 ,(1,150,58,'Main',0)
 ,(100,2,262,'Header-right',0)
 ,(100,1,260,'Header',82)
 ,(92,1,260,'Header',82)
 ,(36,2,260,'Global',61)
 ,(92,1,262,'Header-right',0)
 ,(36,2,262,'Global',62)
 ,(1,153,243,'Sidebar-Right',0)
 ,(36,2,264,'Global',71)
 ,(100,2,290,'Header-left',81)
 ,(100,2,274,'Footer-2',0)
 ,(100,2,260,'Header',82)
 ,(123,2,273,'Sidebar',0)
 ,(36,2,322,'Global',0)
 ,(100,2,273,'Sidebar',0)
 ,(100,1,264,'Header-right',80)
 ,(115,1,264,'Header-right',80)
 ,(100,1,274,'Footer-2',0)
 ,(115,1,274,'Footer-2',0)
 ,(115,1,273,'Sidebar',0)
 ,(92,1,290,'Header-left',81)
 ,(100,1,273,'Sidebar',0)
 ,(36,2,321,'Global',0)
 ,(101,1,290,'Header-left',81)
 ,(101,1,274,'Footer-2',0)
 ,(101,1,273,'Sidebar',0)
 ,(36,2,272,'Global',0)
 ,(101,1,260,'Header',82)
 ,(36,2,273,'Global',0)
 ,(36,2,274,'Global',0)
 ,(101,1,262,'Header-right',0)
 ,(87,1,264,'Header-right',80)
 ,(101,2,297,'Footer',0)
 ,(101,1,297,'Footer',0)
 ,(101,1,264,'Header-right',80)
 ,(101,2,260,'Header',82)
 ,(101,2,262,'Header-right',0)
 ,(101,2,273,'Sidebar',0)
 ,(101,2,274,'Footer-2',0)
 ,(101,2,290,'Header-left',81)
 ,(125,1,274,'Footer-2',0)
 ,(92,1,297,'Footer',0)
 ,(98,1,310,'Header',76)
 ,(36,2,331,'Global',0)
 ,(101,2,264,'Header-right',80)
 ,(123,2,274,'Footer-2',0)
 ,(85,1,290,'Header-left',81)
 ,(104,3,260,'Header',82)
 ,(36,2,297,'Global',0)
 ,(1,153,71,'Col center right',0)
 ,(132,1,297,'Footer',0)
 ,(132,1,290,'Header-left',74)
 ,(1,153,210,'Col right',0)
 ,(100,1,297,'Footer',0)
 ,(1,153,190,'Col center : Layout 1 : Cell 1',0)
 ,(92,1,264,'Header-right',80)
 ,(1,153,64,'Header logo',6)
 ,(100,3,260,'Header',82)
 ,(1,153,72,'Col center left',0)
 ,(1,153,62,'Sidebar',0)
 ,(1,153,70,'Col center left',0)
 ,(1,153,4,'Sidebar',0)
 ,(92,1,274,'Footer-2',0)
 ,(1,153,252,'Sidebar',0)
 ,(1,153,313,'Main',0)
 ,(100,3,262,'Header-right',0)
 ,(100,3,273,'Sidebar',0)
 ,(100,3,274,'Footer-2',0)
 ,(1,153,251,'Sidebar',0)
 ,(100,1,290,'Header-left',81)
 ,(92,1,273,'Sidebar',0)
 ,(36,2,290,'Global',74)
 ,(100,2,297,'Footer',0)
 ,(125,1,264,'Header-right',80)
 ,(100,2,264,'Header-right',80)
 ,(100,3,290,'Header-left',81)
 ,(100,3,297,'Footer',0)
 ,(36,2,336,'Global',0)
 ,(100,3,264,'Header-right',80)
 ,(85,1,262,'Header-right',62)
 ,(36,2,318,'Global',78)
 ,(87,1,262,'Header-right',62)
 ,(65,1,290,'Header-left',81)
 ,(65,1,262,'Header-right',62)
 ,(100,4,260,'Header',82)
 ,(100,4,262,'Header-right',0)
 ,(100,4,273,'Sidebar',0)
 ,(100,4,274,'Footer-2',0)
 ,(100,4,290,'Header-left',81)
 ,(100,4,297,'Footer',0)
 ,(100,4,264,'Header-right',80)
 ,(110,3,262,'Header-right',0)
 ,(110,3,260,'Header',82)
 ,(123,1,274,'Footer-2',0)
 ,(123,1,290,'Header-left',74)
 ,(123,1,297,'Footer',0)
 ,(123,1,318,'Header',0)
 ,(104,3,273,'Sidebar',0)
 ,(123,1,262,'Header-right',62)
 ,(123,1,328,'Header-nav',0)
 ,(132,1,274,'Footer-2',0)
 ,(123,1,331,'Sidebar',0)
 ,(123,1,273,'Sidebar',0)
 ,(123,1,264,'Header-right',80)
 ,(124,1,274,'Footer-2',0)
 ,(124,1,290,'Header-left',74)
 ,(124,1,297,'Footer',0)
 ,(124,1,318,'Header',0)
 ,(104,3,262,'Header-right',0)
 ,(124,1,262,'Header-right',62)
 ,(124,1,328,'Header-nav',0)
 ,(132,1,273,'Sidebar',0)
 ,(124,1,331,'Sidebar',0)
 ,(124,1,273,'Sidebar',0)
 ,(85,1,264,'Header-right',80)
 ,(124,1,264,'Header-right',80)
 ,(104,1,260,'Header',82)
 ,(104,1,262,'Header-right',0)
 ,(104,1,273,'Sidebar',0)
 ,(104,1,274,'Footer-2',0)
 ,(104,1,290,'Header-left',81)
 ,(104,1,297,'Footer',0)
 ,(104,1,264,'Header-right',80)
 ,(104,2,260,'Header',82)
 ,(104,2,262,'Header-right',0)
 ,(104,2,273,'Sidebar',0)
 ,(104,2,274,'Footer-2',0)
 ,(104,2,290,'Header-left',81)
 ,(104,2,297,'Footer',0)
 ,(104,2,264,'Header-right',80)
 ,(105,1,260,'Header',82)
 ,(105,1,262,'Header-right',0)
 ,(105,1,273,'Sidebar',0)
 ,(105,1,274,'Footer-2',0)
 ,(105,1,290,'Header-left',81)
 ,(105,1,297,'Footer',0)
 ,(105,1,264,'Header-right',80)
 ,(105,2,260,'Header',82)
 ,(105,2,262,'Header-right',0)
 ,(105,2,273,'Sidebar',0)
 ,(105,2,274,'Footer-2',0)
 ,(105,2,290,'Header-left',81)
 ,(105,2,297,'Footer',0)
 ,(105,2,264,'Header-right',80)
 ,(106,1,260,'Header',82)
 ,(106,1,262,'Header-right',0)
 ,(106,1,273,'Sidebar',0)
 ,(106,1,274,'Footer-2',0)
 ,(106,1,290,'Header-left',81)
 ,(106,1,297,'Footer',0)
 ,(106,1,264,'Header-right',80)
 ,(106,2,260,'Header',82)
 ,(106,2,262,'Header-right',0)
 ,(106,2,273,'Sidebar',0)
 ,(106,2,274,'Footer-2',0)
 ,(106,2,290,'Header-left',81)
 ,(106,2,297,'Footer',0)
 ,(106,2,264,'Header-right',80)
 ,(107,1,264,'Header-right',80)
 ,(107,1,273,'Sidebar',0)
 ,(107,1,274,'Footer-2',0)
 ,(107,1,290,'Header-left',81)
 ,(107,1,297,'Footer',0)
 ,(107,1,321,'Header',0)
 ,(107,1,322,'Header-nav',0)
 ,(107,2,264,'Header-right',80)
 ,(107,2,273,'Sidebar',0)
 ,(107,2,274,'Footer-2',0)
 ,(107,2,290,'Header-left',81)
 ,(107,2,297,'Footer',0)
 ,(107,2,321,'Header',0)
 ,(107,2,322,'Header-nav',0)
 ,(123,2,290,'Header-left',74)
 ,(123,2,297,'Footer',0)
 ,(123,2,318,'Header',0)
 ,(123,2,328,'Header-nav',0)
 ,(36,2,328,'Global',0)
 ,(123,2,262,'Header-right',62)
 ,(104,3,274,'Footer-2',0)
 ,(104,3,290,'Header-left',81)
 ,(104,3,297,'Footer',0)
 ,(104,3,264,'Header-right',80)
 ,(108,1,260,'Header',82)
 ,(108,1,262,'Header-right',0)
 ,(108,1,273,'Sidebar',0)
 ,(108,1,274,'Footer-2',0)
 ,(108,1,290,'Header-left',81)
 ,(108,1,297,'Footer',0)
 ,(108,1,264,'Header-right',80)
 ,(108,2,260,'Header',82)
 ,(108,2,262,'Header-right',0)
 ,(108,2,273,'Sidebar',0)
 ,(108,2,274,'Footer-2',0)
 ,(108,2,290,'Header-left',81)
 ,(108,2,297,'Footer',0)
 ,(108,2,264,'Header-right',80)
 ,(109,1,260,'Header',82)
 ,(109,1,262,'Header-right',0)
 ,(109,1,273,'Sidebar',0)
 ,(109,1,274,'Footer-2',0)
 ,(109,1,290,'Header-left',81)
 ,(109,1,297,'Footer',0)
 ,(109,1,264,'Header-right',80)
 ,(109,2,260,'Header',82)
 ,(109,2,262,'Header-right',0)
 ,(109,2,273,'Sidebar',0)
 ,(109,2,274,'Footer-2',0)
 ,(109,2,290,'Header-left',81)
 ,(109,2,297,'Footer',0)
 ,(109,2,264,'Header-right',80)
 ,(110,1,260,'Header',82)
 ,(110,1,262,'Header-right',0)
 ,(110,1,273,'Sidebar',0)
 ,(110,1,274,'Footer-2',0)
 ,(110,1,290,'Header-left',81)
 ,(110,1,297,'Footer',0)
 ,(110,1,264,'Header-right',80)
 ,(110,2,260,'Header',82)
 ,(110,2,262,'Header-right',0)
 ,(110,2,273,'Sidebar',0)
 ,(110,2,274,'Footer-2',0)
 ,(110,2,290,'Header-left',81)
 ,(110,2,297,'Footer',0)
 ,(110,2,264,'Header-right',80)
 ,(111,1,260,'Header',82)
 ,(111,1,262,'Header-right',0)
 ,(111,1,273,'Sidebar',0)
 ,(111,1,274,'Footer-2',0)
 ,(111,1,290,'Header-left',81)
 ,(111,1,297,'Footer',0)
 ,(111,1,264,'Header-right',80)
 ,(111,2,260,'Header',82)
 ,(111,2,262,'Header-right',0)
 ,(111,2,273,'Sidebar',0)
 ,(111,2,274,'Footer-2',0)
 ,(111,2,290,'Header-left',81)
 ,(111,2,297,'Footer',0)
 ,(111,2,264,'Header-right',80)
 ,(112,1,260,'Header',82)
 ,(112,1,262,'Header-right',0)
 ,(112,1,273,'Sidebar',0)
 ,(112,1,274,'Footer-2',0)
 ,(112,1,290,'Header-left',81)
 ,(112,1,297,'Footer',0)
 ,(112,1,264,'Header-right',80)
 ,(112,2,260,'Header',82)
 ,(112,2,262,'Header-right',0)
 ,(112,2,273,'Sidebar',0)
 ,(112,2,274,'Footer-2',0)
 ,(112,2,290,'Header-left',81)
 ,(112,2,297,'Footer',0)
 ,(112,2,264,'Header-right',80)
 ,(113,1,260,'Header',82)
 ,(113,1,262,'Header-right',0)
 ,(113,1,273,'Sidebar',0)
 ,(113,1,274,'Footer-2',0)
 ,(113,1,290,'Header-left',81)
 ,(113,1,297,'Footer',0)
 ,(113,1,264,'Header-right',80)
 ,(113,2,260,'Header',82)
 ,(113,2,262,'Header-right',0)
 ,(113,2,273,'Sidebar',0)
 ,(113,2,274,'Footer-2',0)
 ,(113,2,290,'Header-left',81)
 ,(113,2,297,'Footer',0)
 ,(113,2,264,'Header-right',80)
 ,(114,1,260,'Header',82)
 ,(114,1,262,'Header-right',0)
 ,(114,1,273,'Sidebar',0)
 ,(114,1,274,'Footer-2',0)
 ,(114,1,290,'Header-left',74)
 ,(114,1,297,'Footer',0)
 ,(114,1,264,'Header-right',80)
 ,(114,2,260,'Header',82)
 ,(114,2,262,'Header-right',0)
 ,(114,2,273,'Sidebar',0)
 ,(114,2,274,'Footer-2',0)
 ,(114,2,290,'Header-left',74)
 ,(114,2,297,'Footer',0)
 ,(114,2,264,'Header-right',80)
 ,(115,1,290,'Header-left',74)
 ,(115,1,297,'Footer',0)
 ,(115,1,321,'Header',0)
 ,(115,1,322,'Header-nav',0)
 ,(115,2,264,'Header-right',80)
 ,(115,2,273,'Sidebar',0)
 ,(115,2,274,'Footer-2',0)
 ,(115,2,290,'Header-left',74)
 ,(115,2,297,'Footer',0)
 ,(115,2,321,'Header',0)
 ,(115,2,322,'Header-nav',0)
 ,(140,1,290,'Header-left',74)
 ,(140,1,297,'Footer',0)
 ,(140,1,321,'Header',0)
 ,(140,1,322,'Header-nav',0)
 ,(140,1,336,'Sidebar-Right',0)
 ,(140,1,262,'Header-right',62)
 ,(140,2,262,'Header-right',62)
 ,(140,1,264,'Header-right',71)
 ,(140,1,273,'Sidebar',0)
 ,(140,1,338,'Sidebar',0)
 ,(140,1,274,'Footer-2',0)
 ,(141,1,290,'Header-left',74)
 ,(141,1,297,'Footer',0)
 ,(141,1,321,'Header',0)
 ,(141,1,322,'Header-nav',0)
 ,(141,1,336,'Sidebar-Right',0)
 ,(141,1,262,'Header-right',62)
 ,(141,2,262,'Header-right',62)
 ,(141,1,264,'Header-right',71)
 ,(141,1,273,'Sidebar',0)
 ,(141,1,338,'Sidebar',0)
 ,(141,1,274,'Footer-2',0)
 ,(142,1,290,'Header-left',74)
 ,(142,1,297,'Footer',0)
 ,(142,1,321,'Header',0)
 ,(142,1,322,'Header-nav',0)
 ,(142,1,336,'Sidebar-Right',0)
 ,(142,1,262,'Header-right',62)
 ,(142,2,262,'Header-right',62)
 ,(142,1,264,'Header-right',71)
 ,(142,1,273,'Sidebar',0)
 ,(142,1,338,'Sidebar',0)
 ,(142,1,274,'Footer-2',0)
 ,(143,1,290,'Header-left',74)
 ,(143,1,297,'Footer',0)
 ,(143,1,321,'Header',0)
 ,(143,1,322,'Header-nav',0)
 ,(143,1,336,'Sidebar-Right',0)
 ,(143,1,262,'Header-right',62)
 ,(143,2,262,'Header-right',62)
 ,(143,1,264,'Header-right',71)
 ,(143,1,273,'Sidebar',0)
 ,(143,1,338,'Sidebar',0)
 ,(143,1,274,'Footer-2',0)
 ,(120,1,264,'Header-right',80)
 ,(120,1,273,'Sidebar',0)
 ,(120,1,274,'Footer-2',0)
 ,(120,1,290,'Header-left',74)
 ,(120,1,297,'Footer',0)
 ,(120,1,321,'Header',0)
 ,(120,1,322,'Header-nav',0)
 ,(120,2,264,'Header-right',80)
 ,(120,2,273,'Sidebar',0)
 ,(120,2,274,'Footer-2',0)
 ,(120,2,290,'Header-left',74)
 ,(120,2,297,'Footer',0)
 ,(120,2,321,'Header',0)
 ,(120,2,322,'Header-nav',0)
 ,(122,1,297,'Footer',0)
 ,(122,1,290,'Header-left',74)
 ,(122,1,274,'Footer-2',0)
 ,(122,1,273,'Sidebar',0)
 ,(122,1,264,'Header-right',80)
 ,(122,2,273,'Sidebar',0)
 ,(122,2,264,'Header-right',80)
 ,(122,1,322,'Header-nav',0)
 ,(122,1,321,'Header',0)
 ,(122,2,274,'Footer-2',0)
 ,(122,2,290,'Header-left',74)
 ,(122,2,297,'Footer',0)
 ,(122,2,321,'Header',0)
 ,(122,2,322,'Header-nav',0)
 ,(123,2,264,'Header-right',80)
 ,(123,2,331,'Sidebar',0)
 ,(124,2,262,'Header-right',62)
 ,(124,2,328,'Header-nav',0)
 ,(124,2,318,'Header',0)
 ,(124,2,297,'Footer',0)
 ,(124,2,290,'Header-left',74)
 ,(124,2,274,'Footer-2',0)
 ,(124,2,273,'Sidebar',0)
 ,(124,2,264,'Header-right',80)
 ,(124,2,331,'Sidebar',0)
 ,(132,1,262,'Header-right',62)
 ,(125,1,290,'Header-left',74)
 ,(125,1,297,'Footer',0)
 ,(125,1,321,'Header',0)
 ,(125,1,322,'Header-nav',0)
 ,(125,1,336,'Sidebar',0)
 ,(125,1,273,'Sidebar',0)
 ,(125,2,264,'Header-right',80)
 ,(125,2,274,'Footer-2',0)
 ,(125,2,290,'Header-left',74)
 ,(125,2,297,'Footer',0)
 ,(125,2,321,'Header',0)
 ,(125,2,322,'Header-nav',0)
 ,(125,2,336,'Sidebar',0)
 ,(125,2,273,'Sidebar',0)
 ,(136,1,338,'Sidebar',0)
 ,(136,1,274,'Footer-2',0)
 ,(136,1,290,'Header-left',74)
 ,(136,1,297,'Footer',0)
 ,(136,1,321,'Header',0)
 ,(136,1,322,'Header-nav',0)
 ,(136,1,262,'Header-right',62)
 ,(136,1,336,'Sidebar-Right',0)
 ,(136,2,262,'Header-right',62)
 ,(136,1,264,'Header-right',80)
 ,(136,1,273,'Sidebar',0)
 ,(134,1,338,'Sidebar',0)
 ,(134,1,274,'Footer-2',0)
 ,(134,1,290,'Header-left',74)
 ,(134,1,297,'Footer',0)
 ,(134,1,321,'Header',0)
 ,(134,1,322,'Header-nav',0)
 ,(134,1,262,'Header-right',62)
 ,(134,1,336,'Sidebar-Right',0)
 ,(134,2,262,'Header-right',62)
 ,(134,1,264,'Header-right',80)
 ,(134,1,273,'Sidebar',0)
 ,(135,1,338,'Sidebar',0)
 ,(135,1,274,'Footer-2',0)
 ,(135,1,290,'Header-left',74)
 ,(135,1,297,'Footer',0)
 ,(135,1,321,'Header',0)
 ,(135,1,322,'Header-nav',0)
 ,(135,1,262,'Header-right',62)
 ,(135,1,336,'Sidebar-Right',0)
 ,(135,2,262,'Header-right',62)
 ,(135,1,264,'Header-right',80)
 ,(135,1,273,'Sidebar',0)
 ,(137,1,338,'Sidebar',0)
 ,(137,1,274,'Footer-2',0)
 ,(137,1,290,'Header-left',74)
 ,(137,1,297,'Footer',0)
 ,(137,1,321,'Header',0)
 ,(137,1,322,'Header-nav',0)
 ,(137,1,262,'Header-right',62)
 ,(137,1,336,'Sidebar-Right',0)
 ,(137,2,262,'Header-right',62)
 ,(137,1,264,'Header-right',80)
 ,(137,1,273,'Sidebar',0)
 ,(138,1,338,'Sidebar',0)
 ,(138,1,274,'Footer-2',0)
 ,(138,1,290,'Header-left',74)
 ,(138,1,297,'Footer',0)
 ,(138,1,321,'Header',0)
 ,(138,1,322,'Header-nav',0)
 ,(138,1,262,'Header-right',62)
 ,(138,1,336,'Sidebar-Right',0)
 ,(138,2,262,'Header-right',62)
 ,(138,1,264,'Header-right',71)
 ,(138,1,273,'Sidebar',0)
 ,(139,1,338,'Sidebar',0)
 ,(139,1,274,'Footer-2',0)
 ,(139,1,290,'Header-left',74)
 ,(139,1,297,'Footer',0)
 ,(139,1,321,'Header',0)
 ,(139,1,322,'Header-nav',0)
 ,(139,1,262,'Header-right',62)
 ,(139,1,336,'Sidebar-Right',0)
 ,(139,2,262,'Header-right',62)
 ,(139,1,264,'Header-right',71)
 ,(139,1,273,'Sidebar',0)
 ,(36,2,338,'Global',0)
 ,(87,1,290,'Header-left',81)
 ,(107,3,338,'Sidebar',0)
 ,(107,3,264,'Header-right',80)
 ,(107,3,262,'Header-right',62)
 ,(107,3,290,'Header-left',81)
 ,(107,4,336,'Sidebar-Right',0)
 ,(107,4,264,'Header-right',80)
 ,(107,4,262,'Header-right',62)
 ,(107,4,290,'Header-left',81)
 ,(132,1,318,'Header',0)
 ,(132,1,328,'Header-nav',0)
 ,(132,1,331,'Sidebar-Right',0)
 ,(132,1,264,'Header-right',80)
 ,(132,2,262,'Header-right',62)
 ,(132,2,273,'Sidebar',0)
 ,(132,2,274,'Footer-2',0)
 ,(132,2,290,'Header-left',74)
 ,(132,2,297,'Footer',0)
 ,(132,2,318,'Header',0)
 ,(132,2,328,'Header-nav',0)
 ,(132,2,331,'Sidebar-Right',0)
 ,(132,2,264,'Header-right',80)
 ,(133,1,262,'Header-right',62)
 ,(133,1,273,'Sidebar',0)
 ,(133,1,274,'Footer-2',0)
 ,(133,1,290,'Header-left',74)
 ,(133,1,297,'Footer',0)
 ,(133,1,318,'Header',0)
 ,(133,1,328,'Header-nav',0)
 ,(133,1,331,'Sidebar-Right',0)
 ,(133,1,264,'Header-right',80)
 ,(133,2,262,'Header-right',62)
 ,(133,2,273,'Sidebar',0)
 ,(133,2,274,'Footer-2',0)
 ,(133,2,290,'Header-left',74)
 ,(133,2,297,'Footer',0)
 ,(133,2,318,'Header',0)
 ,(133,2,328,'Header-nav',0)
 ,(133,2,331,'Sidebar-Right',0)
 ,(133,2,264,'Header-right',80)
 ,(132,3,262,'Header-right',62)
 ,(132,3,273,'Sidebar',0)
 ,(132,3,274,'Footer-2',0)
 ,(132,3,290,'Header-left',74)
 ,(132,3,297,'Footer',0)
 ,(132,3,318,'Header',0)
 ,(132,3,328,'Header-nav',0)
 ,(132,3,331,'Sidebar-Right',0)
 ,(132,3,264,'Header-right',80)
 ,(36,2,340,'Global',0)
 ,(100,5,260,'Header',82)
 ,(100,5,262,'Header-right',0)
 ,(100,5,273,'Sidebar',0)
 ,(100,5,274,'Footer-2',0)
 ,(100,5,290,'Header-left',81)
 ,(100,5,297,'Footer',0)
 ,(92,1,336,'Sidebar-Right',0)
 ,(92,1,331,'Sidebar-Right',0)
 ,(100,5,264,'Header-right',80)
 ,(123,3,264,'Header-right',80)
 ,(123,3,262,'Header-right',62)
 ,(123,3,290,'Header-left',74)
 ,(133,3,264,'Header-right',80)
 ,(133,3,262,'Header-right',62)
 ,(133,3,290,'Header-left',74)
 ,(110,3,273,'Sidebar',0)
 ,(110,3,274,'Footer-2',0)
 ,(110,3,290,'Header-left',81)
 ,(110,3,297,'Footer',0)
 ,(110,3,264,'Header-right',80)
 ,(110,3,336,'Sidebar-Right',0)
 ,(110,3,331,'Sidebar-Right',0)
 ,(112,3,290,'Header-left',81)
 ,(112,3,274,'Footer-2',0)
 ,(112,3,273,'Sidebar',0)
 ,(112,3,262,'Header-right',0)
 ,(112,3,260,'Header',82)
 ,(111,3,264,'Header-right',80)
 ,(111,3,290,'Header-left',81)
 ,(112,3,297,'Footer',0)
 ,(112,3,264,'Header-right',80)
 ,(112,3,336,'Sidebar-Right',0)
 ,(112,3,331,'Sidebar-Right',0)
 ,(113,3,260,'Header',82)
 ,(113,3,262,'Header-right',0)
 ,(113,3,273,'Sidebar',0)
 ,(113,3,274,'Footer-2',0)
 ,(113,3,290,'Header-left',81)
 ,(113,3,297,'Footer',0)
 ,(113,3,264,'Header-right',80)
 ,(113,3,336,'Sidebar-Right',0)
 ,(113,3,331,'Sidebar-Right',0)
 ,(114,3,260,'Header',82)
 ,(114,3,262,'Header-right',0)
 ,(114,3,273,'Sidebar',0)
 ,(114,3,274,'Footer-2',0)
 ,(114,3,290,'Header-left',74)
 ,(114,3,297,'Footer',0)
 ,(114,3,264,'Header-right',80)
 ,(114,3,336,'Sidebar-Right',0)
 ,(114,3,331,'Sidebar-Right',0)
 ,(106,3,260,'Header',82)
 ,(106,3,262,'Header-right',0)
 ,(106,3,273,'Sidebar',0)
 ,(106,3,274,'Footer-2',0)
 ,(106,3,290,'Header-left',81)
 ,(106,3,297,'Footer',0)
 ,(106,3,264,'Header-right',80)
 ,(106,3,336,'Sidebar-Right',0)
 ,(106,3,331,'Sidebar-Right',0)
 ,(108,3,260,'Header',82)
 ,(108,3,262,'Header-right',0)
 ,(108,3,273,'Sidebar',0)
 ,(108,3,274,'Footer-2',0)
 ,(108,3,290,'Header-left',81)
 ,(108,3,297,'Footer',0)
 ,(108,3,264,'Header-right',80)
 ,(108,3,336,'Sidebar-Right',0)
 ,(108,3,331,'Sidebar-Right',0)
 ,(105,3,260,'Header',82)
 ,(105,3,262,'Header-right',0)
 ,(105,3,273,'Sidebar',0)
 ,(105,3,274,'Footer-2',0)
 ,(105,3,290,'Header-left',81)
 ,(105,3,297,'Footer',0)
 ,(105,3,264,'Header-right',80)
 ,(105,3,336,'Sidebar-Right',0)
 ,(105,3,331,'Sidebar-Right',0)
 ,(109,3,260,'Header',82)
 ,(109,3,262,'Header-right',0)
 ,(109,3,273,'Sidebar',0)
 ,(109,3,274,'Footer-2',0)
 ,(109,3,290,'Header-left',81)
 ,(109,3,297,'Footer',0)
 ,(109,3,264,'Header-right',80)
 ,(109,3,336,'Sidebar-Right',0)
 ,(109,3,331,'Sidebar-Right',0)
 ,(134,2,321,'Header',0)
 ,(134,2,322,'Header-nav',0)
 ,(134,2,336,'Sidebar-Right',0)
 ,(136,2,322,'Header-nav',0)
 ,(136,2,336,'Sidebar-Right',0)
 ,(134,2,297,'Footer',0)
 ,(134,2,290,'Header-left',74)
 ,(134,2,274,'Footer-2',0)
 ,(134,2,338,'Sidebar',0)
 ,(134,2,273,'Sidebar',0)
 ,(134,2,264,'Header-right',80)
 ,(135,2,336,'Sidebar-Right',0)
 ,(135,2,322,'Header-nav',0)
 ,(135,2,321,'Header',0)
 ,(135,2,297,'Footer',0)
 ,(135,2,290,'Header-left',74)
 ,(135,2,274,'Footer-2',0)
 ,(135,2,338,'Sidebar',0)
 ,(135,2,273,'Sidebar',0)
 ,(135,2,264,'Header-right',80)
 ,(136,2,321,'Header',0)
 ,(136,2,297,'Footer',0)
 ,(136,2,290,'Header-left',74)
 ,(136,2,274,'Footer-2',0)
 ,(136,2,338,'Sidebar',0)
 ,(136,2,273,'Sidebar',0)
 ,(136,2,264,'Header-right',80)
 ,(137,2,336,'Sidebar-Right',0)
 ,(137,2,322,'Header-nav',0)
 ,(137,2,321,'Header',0)
 ,(137,2,297,'Footer',0)
 ,(137,2,290,'Header-left',74)
 ,(137,2,274,'Footer-2',0)
 ,(137,2,338,'Sidebar',0)
 ,(137,2,273,'Sidebar',0)
 ,(137,2,264,'Header-right',80)
 ,(138,2,336,'Sidebar-Right',0)
 ,(138,2,322,'Header-nav',0)
 ,(138,2,321,'Header',0)
 ,(138,2,297,'Footer',0)
 ,(138,2,290,'Header-left',74)
 ,(138,2,274,'Footer-2',0)
 ,(138,2,338,'Sidebar',0)
 ,(138,2,273,'Sidebar',0)
 ,(139,2,336,'Sidebar-Right',0)
 ,(139,2,322,'Header-nav',0)
 ,(139,2,321,'Header',0)
 ,(139,2,297,'Footer',0)
 ,(139,2,290,'Header-left',74)
 ,(139,2,274,'Footer-2',0)
 ,(139,2,338,'Sidebar',0)
 ,(139,2,273,'Sidebar',0)
 ,(139,2,264,'Header-right',71)
 ,(140,2,336,'Sidebar-Right',0)
 ,(140,2,322,'Header-nav',0)
 ,(140,2,321,'Header',0)
 ,(140,2,297,'Footer',0)
 ,(140,2,290,'Header-left',74)
 ,(140,2,274,'Footer-2',0)
 ,(140,2,338,'Sidebar',0)
 ,(140,2,273,'Sidebar',0)
 ,(140,2,264,'Header-right',71)
 ,(141,2,336,'Sidebar-Right',0)
 ,(141,2,322,'Header-nav',0)
 ,(141,2,321,'Header',0)
 ,(141,2,297,'Footer',0)
 ,(141,2,290,'Header-left',74)
 ,(141,2,274,'Footer-2',0)
 ,(141,2,338,'Sidebar',0)
 ,(141,2,273,'Sidebar',0)
 ,(141,2,264,'Header-right',71)
 ,(142,2,336,'Sidebar-Right',0)
 ,(142,2,322,'Header-nav',0)
 ,(142,2,321,'Header',0)
 ,(142,2,297,'Footer',0)
 ,(142,2,290,'Header-left',74)
 ,(142,2,274,'Footer-2',0)
 ,(142,2,338,'Sidebar',0)
 ,(142,2,273,'Sidebar',0)
 ,(142,2,264,'Header-right',71)
 ,(143,2,336,'Sidebar-Right',0)
 ,(143,2,322,'Header-nav',0)
 ,(143,2,321,'Header',0)
 ,(143,2,297,'Footer',0)
 ,(100,6,273,'Sidebar',0)
 ,(100,6,274,'Footer-2',0)
 ,(115,3,262,'Header-right',62)
 ,(115,3,264,'Header-right',80)
 ,(115,3,290,'Header-left',74)
 ,(100,6,262,'Header-right',0)
 ,(120,3,264,'Header-right',80)
 ,(120,3,262,'Header-right',62)
 ,(120,3,290,'Header-left',74)
 ,(100,6,290,'Header-left',81)
 ,(122,3,264,'Header-right',80)
 ,(122,3,262,'Header-right',62)
 ,(122,3,290,'Header-left',74)
 ,(100,6,260,'Header',82)
 ,(105,4,290,'Header-left',81)
 ,(105,4,264,'Header-right',80)
 ,(100,6,297,'Footer',0)
 ,(100,6,341,'Main : Layout 1 : Cell 1',0)
 ,(100,6,342,'Main : Layout 1 : Cell 2',0)
 ,(100,6,264,'Header-right',80)
 ,(115,4,262,'Header-right',62)
 ,(115,4,336,'Sidebar-Right',0)
 ,(115,4,322,'Header-nav',0)
 ,(115,4,321,'Header',0)
 ,(115,4,297,'Footer',0)
 ,(115,4,290,'Header-left',74)
 ,(115,4,274,'Footer-2',0)
 ,(115,4,338,'Sidebar',0)
 ,(115,4,273,'Sidebar',0)
 ,(115,4,264,'Header-right',80)
 ,(101,3,262,'Header-right',0)
 ,(90,5,273,'Sidebar',0)
 ,(90,5,297,'Footer',0)
 ,(90,5,274,'Footer-2',0)
 ,(101,3,260,'Header',82)
 ,(90,5,290,'Header-left',81)
 ,(90,5,318,'Header',78)
 ,(90,5,262,'Header-right',62)
 ,(90,5,264,'Header-right',80)
 ,(90,5,331,'Sidebar-Right',0)
 ,(90,5,328,'Header-nav',0)
 ,(90,5,340,'Sidebar',0)
 ,(91,5,290,'Header-left',81)
 ,(91,5,321,'Header',0)
 ,(91,5,262,'Header-right',62)
 ,(91,5,264,'Header-right',80)
 ,(91,5,336,'Sidebar-Right',0)
 ,(91,5,322,'Header-nav',0)
 ,(91,5,338,'Sidebar',0)
 ,(91,5,273,'Sidebar',0)
 ,(91,5,297,'Footer',0)
 ,(91,5,274,'Footer',0)
 ,(101,3,273,'Sidebar',0)
 ,(101,3,274,'Footer-2',0)
 ,(101,3,290,'Header-left',81)
 ,(101,3,297,'Footer',0)
 ,(101,3,264,'Header-right',80)
 ,(101,3,336,'Sidebar-Right',0)
 ,(101,3,331,'Sidebar-Right',0)
 ,(104,4,260,'Header',82)
 ,(104,4,262,'Header-right',0)
 ,(104,4,273,'Sidebar',0)
 ,(104,4,274,'Footer-2',0)
 ,(104,4,290,'Header-left',81)
 ,(104,4,297,'Footer',0)
 ,(104,4,264,'Header-right',80)
 ,(104,4,336,'Sidebar-Right',0)
 ,(104,4,331,'Sidebar-Right',0)
 ,(100,7,260,'Header',82)
 ,(100,7,262,'Header-right',0)
 ,(100,7,273,'Sidebar',0)
 ,(132,4,264,'Header-right',80)
 ,(132,4,262,'Header-right',62)
 ,(132,4,290,'Header-left',74)
 ,(125,3,262,'Header-right',62)
 ,(125,3,264,'Header-right',80)
 ,(125,3,290,'Header-left',74)
 ,(100,7,274,'Footer-2',0)
 ,(100,7,290,'Header-left',81)
 ,(100,7,297,'Footer',0)
 ,(100,7,341,'Main : Layout 1 : Cell 1',0)
 ,(100,7,342,'Main : Layout 1 : Cell 2',0)
 ,(100,7,264,'Header-right',80)
 ,(100,8,260,'Header',82)
 ,(100,8,262,'Header-right',0)
 ,(100,8,273,'Sidebar',0)
 ,(100,8,274,'Footer-2',0)
 ,(100,8,290,'Header-left',81)
 ,(100,8,297,'Footer',0)
 ,(100,8,341,'Main : Layout 1 : Cell 1',0)
 ,(100,8,342,'Main : Layout 1 : Cell 2',0)
 ,(100,8,264,'Header-right',80)
 ,(107,5,262,'Header-right',62)
 ,(107,5,336,'Sidebar-Right',0)
 ,(107,5,322,'Header-nav',0)
 ,(107,5,321,'Header',0)
 ,(107,5,297,'Footer',0)
 ,(107,5,290,'Header-left',81)
 ,(107,5,274,'Footer-2',0)
 ,(107,5,338,'Sidebar',0)
 ,(107,5,273,'Sidebar',0)
 ,(107,5,264,'Header-right',80)
 ,(107,6,262,'Header-right',62)
 ,(107,6,336,'Sidebar-Right',0)
 ,(107,6,322,'Header-nav',0)
 ,(107,6,321,'Header',0)
 ,(107,6,297,'Footer',0)
 ,(107,6,290,'Header-left',81)
 ,(107,6,274,'Footer-2',0)
 ,(107,6,338,'Sidebar',0)
 ,(107,6,273,'Sidebar',0)
 ,(107,6,264,'Header-right',80)
 ,(115,5,262,'Header-right',62)
 ,(115,5,336,'Sidebar-Right',0)
 ,(115,5,322,'Header-nav',0)
 ,(115,5,321,'Header',0)
 ,(115,5,297,'Footer',0)
 ,(115,5,290,'Header-left',74)
 ,(115,5,274,'Footer-2',0)
 ,(115,5,338,'Sidebar',0)
 ,(115,5,273,'Sidebar',0)
 ,(115,5,264,'Header-right',80)
 ,(143,3,262,'Header-right',62)
 ,(143,3,297,'Footer',0)
 ,(143,3,321,'Header',0)
 ,(143,3,322,'Header-nav',0)
 ,(143,3,336,'Sidebar-Right',0)
 ,(143,3,290,'Header-left',0)
 ,(143,3,264,'Header-right',0)
 ,(143,3,338,'Sidebar',0)
 ,(143,3,273,'Sidebar',0)
 ,(143,3,274,'Footer-2',0)
 ,(36,2,290,'Francais',81)
 ,(36,2,264,'Francais',80)
 ,(143,4,262,'Header-right',62)
 ,(143,4,336,'Sidebar-Right',0)
 ,(143,4,322,'Header-nav',0)
 ,(143,4,321,'Header',0)
 ,(143,4,297,'Footer',0)
 ,(143,4,274,'Footer-2',0)
 ,(143,4,338,'Sidebar',0)
 ,(143,4,273,'Sidebar',0)
 ,(143,4,264,'Header-right',80)
 ,(143,4,290,'Header-left',79)
 ,(100,9,260,'Header',82)
 ,(100,9,262,'Header-right',0)
 ,(100,9,273,'Sidebar',0)
 ,(100,9,274,'Footer-2',0)
 ,(100,9,290,'Header-left',81)
 ,(100,9,297,'Footer',0)
 ,(110,4,260,'Header',82)
 ,(100,9,346,'Main : Layout 1 : Cell 1',0)
 ,(100,9,264,'Header-right',80)
 ,(100,9,345,'Main : Layout 1 : Cell 2',0)
 ,(110,4,262,'Header-right',0)
 ,(110,4,273,'Sidebar',0)
 ,(110,4,274,'Footer-2',0)
 ,(110,4,290,'Header-left',81)
 ,(110,4,297,'Footer',0)
 ,(110,4,336,'Sidebar-Right',0)
 ,(110,4,264,'Header-right',80)
 ,(110,4,331,'Sidebar-Right',0)
 ,(110,5,260,'Header',82)
 ,(110,6,260,'Header',82)
 ,(110,5,336,'Sidebar-Right',0)
 ,(110,5,297,'Footer',0)
 ,(110,5,290,'Header-left',81)
 ,(110,5,274,'Footer-2',0)
 ,(110,5,273,'Sidebar',0)
 ,(110,5,262,'Header-right',0)
 ,(110,5,331,'Sidebar-Right',0)
 ,(110,5,264,'Header-right',80)
 ,(110,5,350,'Main',0)
 ,(110,5,349,'Main',0)
 ,(110,6,336,'Sidebar-Right',0)
 ,(110,6,297,'Footer',0)
 ,(110,6,290,'Header-left',81)
 ,(110,6,274,'Footer-2',0)
 ,(110,6,273,'Sidebar',0)
 ,(110,6,262,'Header-right',0)
 ,(110,6,350,'Main',0)
 ,(110,6,264,'Header-right',80)
 ,(110,6,331,'Sidebar-Right',0)
 ,(110,6,349,'Main',0)
 ,(110,7,260,'Header',82)
 ,(36,2,260,'Francais',82)
 ,(110,7,336,'Sidebar-Right',0)
 ,(110,7,297,'Footer',0)
 ,(110,7,290,'Header-left',81)
 ,(110,7,274,'Footer-2',0)
 ,(110,7,273,'Sidebar',0)
 ,(110,7,262,'Header-right',0)
 ,(110,7,331,'Sidebar-Right',0)
 ,(110,7,264,'Header-right',80)
 ,(110,7,349,'Main',0)
 ,(110,7,351,'Main',0)
 ,(110,7,352,'Main',0)
 ,(105,4,260,'Header',82)
 ,(111,3,260,'Header',82)
 ,(110,8,260,'Header',82)
 ,(110,8,336,'Sidebar-Right',0)
 ,(110,8,297,'Footer',0)
 ,(110,8,290,'Header-left',81)
 ,(110,8,274,'Footer-2',0)
 ,(110,8,273,'Sidebar',0)
 ,(110,8,262,'Header-right',0)
 ,(110,8,352,'Main',0)
 ,(110,8,264,'Header-right',80)
 ,(110,8,331,'Sidebar-Right',0)
 ,(110,8,354,'Main',0)
 ,(110,9,260,'Header',82)
 ,(110,8,353,'Main',0)
 ,(110,9,352,'Main',0)
 ,(110,9,336,'Sidebar-Right',0)
 ,(110,9,297,'Footer',0)
 ,(110,9,290,'Header-left',81)
 ,(110,9,274,'Footer-2',0)
 ,(110,9,273,'Sidebar',0)
 ,(110,9,262,'Header-right',0)
 ,(110,9,331,'Sidebar-Right',0)
 ,(110,9,264,'Header-right',80)
 ,(110,9,353,'Main',0)
 ,(110,9,354,'Main',0)
 ,(110,10,260,'Header',82)
 ,(110,10,352,'Main',0)
 ,(110,10,336,'Sidebar-Right',0)
 ,(110,10,297,'Footer',0)
 ,(110,10,290,'Header-left',81)
 ,(110,10,274,'Footer-2',0)
 ,(110,10,273,'Sidebar',0)
 ,(110,10,262,'Header-right',0)
 ,(110,10,331,'Sidebar-Right',0)
 ,(110,10,264,'Header-right',80)
 ,(110,10,353,'Main',0)
 ,(110,10,354,'Main',0)
 ,(110,11,260,'Header',82)
 ,(110,10,356,'Sidebar-Right',0)
 ,(110,11,352,'Main',0)
 ,(110,11,336,'Sidebar-Right',0)
 ,(110,11,297,'Footer',0)
 ,(110,11,290,'Header-left',81)
 ,(110,11,274,'Footer-2',0)
 ,(110,11,273,'Sidebar',0)
 ,(110,11,262,'Header-right',0)
 ,(110,11,331,'Sidebar-Right',0)
 ,(110,11,264,'Header-right',80)
 ,(110,11,353,'Main',0)
 ,(110,11,354,'Main',0)
 ,(110,12,260,'Header',82)
 ,(110,11,357,'Sidebar-Right',0)
 ,(110,12,352,'Main',0)
 ,(110,12,336,'Sidebar-Right',0)
 ,(110,12,297,'Footer',0)
 ,(110,12,290,'Header-left',81)
 ,(110,12,274,'Footer-2',0)
 ,(110,12,273,'Sidebar',0)
 ,(110,12,262,'Header-right',0)
 ,(110,12,331,'Sidebar-Right',0)
 ,(110,12,264,'Header-right',80)
 ,(110,12,353,'Main',0)
 ,(110,12,354,'Main',0)
 ,(110,12,357,'Sidebar-Right',83)
 ,(123,4,262,'Header-right',62)
 ,(123,4,331,'Sidebar-Right',0)
 ,(123,4,328,'Header-nav',0)
 ,(123,4,318,'Header',0)
 ,(123,4,297,'Footer',0)
 ,(123,4,290,'Header-left',74)
 ,(123,4,274,'Footer-2',0)
 ,(123,4,340,'Sidebar',0)
 ,(123,4,273,'Sidebar',0)
 ,(123,4,264,'Header-right',80)
 ,(123,5,262,'Header-right',62)
 ,(123,5,358,'Main',0)
 ,(123,5,340,'Sidebar',0)
 ,(123,5,331,'Sidebar-Right',0)
 ,(123,5,328,'Header-nav',0)
 ,(123,5,318,'Header',0)
 ,(123,5,297,'Footer',0)
 ,(123,5,290,'Header-left',74)
 ,(123,5,274,'Footer-2',0)
 ,(123,5,273,'Sidebar',0)
 ,(123,5,264,'Header-right',80)
 ,(123,5,359,'Main',0)
 ,(107,7,262,'Header-right',62)
 ,(107,7,336,'Sidebar-Right',0)
 ,(107,7,322,'Header-nav',0)
 ,(107,7,321,'Header',0)
 ,(107,7,297,'Footer',0)
 ,(107,7,290,'Header-left',81)
 ,(107,7,274,'Footer-2',0)
 ,(107,7,338,'Sidebar',0)
 ,(107,7,273,'Sidebar',0)
 ,(107,7,264,'Header-right',80)
 ,(86,1,364,'Header-left',86)
 ,(36,2,364,'Anglais',86)
 ,(86,1,366,'Header',87)
 ,(36,2,366,'Anglais',87)
 ,(36,2,368,'Anglais',0)
 ,(86,1,368,'Header-right',0)
 ,(36,2,370,'Anglais',88)
 ,(86,1,370,'Header-right',88)
 ,(36,2,372,'Anglais',0)
 ,(86,1,372,'Sidebar',0)
 ,(36,2,374,'Anglais',0)
 ,(86,1,374,'Footer',0)
 ,(93,1,364,'Header-left',86)
 ,(93,1,368,'Header-right',0)
 ,(93,1,370,'Header-right',88)
 ,(36,2,377,'Anglais',0)
 ,(93,1,377,'Header',0)
 ,(36,2,379,'Anglais',0)
 ,(93,1,379,'Header-nav',0)
 ,(36,2,381,'Anglais',0)
 ,(93,1,381,'Sidebar',0)
 ,(93,1,372,'Sidebar',0)
 ,(36,2,383,'Anglais',0)
 ,(93,1,383,'Sidebar-Right',0)
 ,(93,1,374,'Footer',0)
 ,(36,2,385,'Anglais',0)
 ,(93,1,385,'Footer-2',0)
 ,(86,1,385,'Footer-2',0)
 ,(94,1,364,'Header-left',86)
 ,(36,2,387,'Anglais',0)
 ,(94,1,387,'Header',0)
 ,(94,1,368,'Header-right',0)
 ,(94,1,370,'Header-right',88)
 ,(36,2,389,'Anglais',0)
 ,(94,1,389,'Header-nav',0)
 ,(36,2,392,'Anglais',0)
 ,(94,1,392,'Sidebar',0)
 ,(94,1,372,'Sidebar',0)
 ,(94,1,374,'Footer',0)
 ,(94,1,385,'Footer-2',0)
 ,(36,2,393,'Anglais',0)
 ,(94,1,393,'Sidebar-Right',0)
 ,(149,3,364,'Header-left',86)
 ,(149,3,377,'Header',0)
 ,(149,3,368,'Header-right',0)
 ,(149,3,370,'Header-right',88)
 ,(149,3,383,'Sidebar-Right',0)
 ,(149,3,381,'Sidebar',0)
 ,(149,3,372,'Sidebar',0)
 ,(149,3,374,'Footer',0)
 ,(149,3,385,'Footer-2',0)
 ,(149,4,364,'Header-left',86)
 ,(149,4,368,'Header-right',0)
 ,(149,4,374,'Footer',0)
 ,(149,4,377,'Header',0)
 ,(149,4,381,'Sidebar',0)
 ,(149,4,383,'Sidebar-Right',0)
 ,(149,4,385,'Footer-2',0)
 ,(149,4,370,'Header-right',88)
 ,(149,4,372,'Sidebar',0)
 ,(149,4,379,'Header-nav',0)
 ,(152,3,364,'Header-left',86)
 ,(152,3,387,'Header',0)
 ,(152,3,368,'Header-right',0)
 ,(152,3,370,'Header-right',88)
 ,(152,3,389,'Header-nav',0)
 ,(152,3,393,'Sidebar-Right',0)
 ,(152,3,392,'Sidebar',0)
 ,(152,3,372,'Sidebar',0)
 ,(152,3,374,'Footer',0)
 ,(152,3,385,'Footer-2',0)
 ,(157,1,364,'Header-left',86)
 ,(157,1,392,'Sidebar',0)
 ,(157,1,389,'Header-nav',0)
 ,(157,1,387,'Header',0)
 ,(157,1,385,'Footer-2',0)
 ,(157,1,374,'Footer',0)
 ,(157,1,368,'Header-right',0)
 ,(157,1,393,'Sidebar-Right',0)
 ,(157,1,372,'Sidebar',0)
 ,(157,1,370,'Header-right',88)
 ,(157,2,364,'Header-left',86)
 ,(157,2,392,'Sidebar',0)
 ,(157,2,389,'Header-nav',0)
 ,(157,2,387,'Header',0)
 ,(157,2,385,'Footer-2',0)
 ,(157,2,374,'Footer',0)
 ,(157,2,368,'Header-right',0)
 ,(157,2,393,'Sidebar-Right',0)
 ,(157,2,372,'Sidebar',0)
 ,(157,2,370,'Header-right',88)
 ,(158,1,364,'Header-left',86)
 ,(158,1,366,'Header',87)
 ,(158,1,368,'Header-right',0)
 ,(158,1,372,'Sidebar',0)
 ,(158,1,374,'Footer',0)
 ,(158,1,385,'Footer-2',0)
 ,(158,1,370,'Header-right',88)
 ,(158,2,364,'Header-left',86)
 ,(158,2,366,'Header',87)
 ,(158,2,368,'Header-right',0)
 ,(158,2,372,'Sidebar',0)
 ,(158,2,374,'Footer',0)
 ,(158,2,385,'Footer-2',0)
 ,(158,2,370,'Header-right',88)
 ,(159,1,364,'Header-left',86)
 ,(159,1,366,'Header',87)
 ,(159,1,368,'Header-right',0)
 ,(159,1,372,'Sidebar',0)
 ,(159,1,374,'Footer',0)
 ,(159,1,385,'Footer-2',0)
 ,(159,1,370,'Header-right',88)
 ,(159,2,364,'Header-left',86)
 ,(159,2,366,'Header',87)
 ,(159,2,368,'Header-right',0)
 ,(159,2,372,'Sidebar',0)
 ,(159,2,374,'Footer',0)
 ,(159,2,385,'Footer-2',0)
 ,(159,2,370,'Header-right',88)
 ,(86,1,393,'Sidebar-Right',0)
 ,(86,1,383,'Sidebar-Right',0)
 ,(89,8,364,'Header-left',86)
 ,(89,8,366,'Header',87)
 ,(89,8,368,'Header-right',0)
 ,(89,8,370,'Header-right',88)
 ,(89,8,372,'Sidebar',0)
 ,(89,8,374,'Footer',0)
 ,(89,8,385,'Footer-2',0)
 ,(89,9,364,'Header-left',86)
 ,(89,9,366,'Header',87)
 ,(89,9,368,'Header-right',0)
 ,(89,9,372,'Sidebar',0)
 ,(89,9,374,'Footer',0)
 ,(89,9,385,'Footer-2',0)
 ,(89,9,370,'Header-right',88)
 ,(89,10,364,'Header-left',86)
 ,(89,10,366,'Header',87)
 ,(89,10,368,'Header-right',0)
 ,(89,10,372,'Sidebar',0)
 ,(89,10,374,'Footer',0)
 ,(89,10,385,'Footer-2',0)
 ,(89,10,397,'Main : Layout 1 : Cell 2',0)
 ,(89,11,364,'Header-left',86)
 ,(89,10,370,'Header-right',88)
 ,(89,10,396,'Main : Layout 1 : Cell 1',0)
 ,(89,11,366,'Header',87)
 ,(89,11,368,'Header-right',0)
 ,(89,11,372,'Sidebar',0)
 ,(89,11,374,'Footer',0)
 ,(89,11,385,'Footer-2',0)
 ,(89,11,399,'Main : Layout 1 : Cell 2',0)
 ,(158,3,364,'Header-left',86)
 ,(89,11,370,'Header-right',88)
 ,(89,11,398,'Main : Layout 1 : Cell 1',0)
 ,(158,3,366,'Header',87)
 ,(158,3,368,'Header-right',0)
 ,(158,3,372,'Sidebar',0)
 ,(158,3,374,'Footer',0)
 ,(158,3,385,'Footer-2',0)
 ,(158,3,370,'Header-right',88)
 ,(158,3,393,'Sidebar-Right',0)
 ,(158,3,383,'Sidebar-Right',0)
 ,(159,3,364,'Header-left',86)
 ,(159,3,366,'Header',87)
 ,(159,3,368,'Header-right',0)
 ,(159,3,372,'Sidebar',0)
 ,(159,3,374,'Footer',0)
 ,(159,3,385,'Footer-2',0)
 ,(159,3,370,'Header-right',88)
 ,(159,3,393,'Sidebar-Right',0)
 ,(159,3,383,'Sidebar-Right',0)
 ,(159,4,364,'Header-left',86)
 ,(159,4,366,'Header',87)
 ,(159,4,368,'Header-right',0)
 ,(159,4,372,'Sidebar',0)
 ,(159,4,374,'Footer',0)
 ,(159,4,385,'Footer-2',0)
 ,(159,4,393,'Sidebar-Right',0)
 ,(159,4,370,'Header-right',88)
 ,(159,4,383,'Sidebar-Right',0)
 ,(89,12,364,'Header-left',86)
 ,(89,12,366,'Header',87)
 ,(89,12,368,'Header-right',0)
 ,(89,12,372,'Sidebar',0)
 ,(89,12,374,'Footer',0)
 ,(89,12,385,'Footer-2',0)
 ,(36,2,403,'Anglais',0)
 ,(89,12,399,'Main : Layout 1 : Cell 2',0)
 ,(89,12,370,'Header-right',88)
 ,(89,12,401,'Main : Layout 1 : Cell 1',0)
 ,(86,1,403,'Main',0)
 ,(93,1,403,'Main',0)
 ,(94,1,403,'Main',0)
 ,(36,2,405,'Francais',0)
 ,(92,1,405,'Main',0)
 ,(85,1,405,'Main',0)
 ,(87,1,405,'Main',0);


CREATE TABLE IF NOT EXISTS `CollectionVersionBlocks` (
  `cID` int(10) unsigned NOT NULL DEFAULT '0',
  `cvID` int(10) unsigned NOT NULL DEFAULT '1',
  `bID` int(10) unsigned NOT NULL DEFAULT '0',
  `arHandle` varchar(255) NOT NULL,
  `cbDisplayOrder` int(10) unsigned NOT NULL DEFAULT '0',
  `isOriginal` varchar(1) NOT NULL DEFAULT '0',
  `cbOverrideAreaPermissions` tinyint(1) NOT NULL DEFAULT '0',
  `cbIncludeAll` tinyint(1) NOT NULL DEFAULT '0',
  PRIMARY KEY (`cID`,`cvID`,`bID`,`arHandle`),
  KEY `cbIncludeAll` (`cbIncludeAll`)
) ENGINE=MyISAM DEFAULT CHARSET=latin1;

INSERT INTO CollectionVersionBlocks VALUES(2,1,1,'Header Nav',0,'1',0,0)
 ,(2,1,3,'Sidebar',0,'1',0,0)
 ,(1,2,1,'Header Nav',0,'0',0,0)
 ,(1,3,1,'Header Nav',0,'0',0,0)
 ,(1,3,4,'Sidebar',0,'1',0,0)
 ,(1,3,5,'Main',0,'1',0,0)
 ,(1,3,6,'Main',1,'1',0,0)
 ,(64,1,7,'Header Nav',0,'1',0,0)
 ,(64,1,9,'Sidebar',0,'1',0,0)
 ,(65,1,10,'Header Nav',0,'1',0,0)
 ,(65,1,254,'Header-left',0,'1',0,0)
 ,(66,1,12,'Header Nav',0,'1',0,0)
 ,(66,1,14,'Blog Post Header',0,'1',0,0)
 ,(1,151,243,'Sidebar-Right',0,'0',0,0)
 ,(1,151,4,'Sidebar',0,'0',0,0)
 ,(66,1,17,'Blog Post Footer',1,'1',0,1)
 ,(66,1,18,'Sidebar',0,'1',0,0)
 ,(67,1,7,'Header Nav',0,'0',0,0)
 ,(67,1,9,'Sidebar',0,'0',0,0)
 ,(67,2,7,'Header Nav',0,'0',0,0)
 ,(67,2,9,'Sidebar',0,'0',0,0)
 ,(68,1,7,'Header Nav',0,'0',0,0)
 ,(68,1,9,'Sidebar',0,'0',0,0)
 ,(68,2,7,'Header Nav',0,'0',0,0)
 ,(68,2,9,'Sidebar',0,'0',0,0)
 ,(68,2,19,'Main',0,'1',0,0)
 ,(67,3,7,'Header Nav',0,'0',0,0)
 ,(67,3,22,'Sidebar',0,'1',0,0)
 ,(67,3,20,'Main',1,'1',0,0)
 ,(66,1,23,'Sidebar',1,'1',0,0)
 ,(69,1,7,'Header Nav',0,'0',0,0)
 ,(69,1,9,'Sidebar',0,'0',0,0)
 ,(69,2,7,'Header Nav',0,'0',0,0)
 ,(69,2,9,'Sidebar',0,'0',0,0)
 ,(69,3,7,'Header Nav',0,'0',0,0)
 ,(69,3,9,'Sidebar',0,'0',0,0)
 ,(70,1,7,'Header Nav',0,'0',0,0)
 ,(70,1,9,'Sidebar',0,'0',0,0)
 ,(70,2,7,'Header Nav',0,'0',0,0)
 ,(70,2,9,'Sidebar',0,'0',0,0)
 ,(70,2,27,'Main',1,'1',0,1)
 ,(70,3,7,'Header Nav',0,'0',0,0)
 ,(70,3,9,'Sidebar',0,'0',0,0)
 ,(71,1,1,'Header Nav',0,'0',0,0)
 ,(71,1,3,'Sidebar',0,'0',0,0)
 ,(71,2,1,'Header Nav',0,'0',0,0)
 ,(71,2,28,'Sidebar',0,'1',0,0)
 ,(71,2,29,'Sidebar',1,'1',0,0)
 ,(72,1,12,'Header Nav',0,'0',0,0)
 ,(72,1,14,'Blog Post Header',0,'0',0,0)
 ,(1,151,252,'Sidebar',3,'0',0,0)
 ,(72,1,17,'Blog Post Footer',0,'0',0,0)
 ,(72,1,18,'Sidebar',0,'0',0,0)
 ,(72,1,23,'Sidebar',1,'0',0,0)
 ,(72,2,12,'Header Nav',0,'0',0,0)
 ,(72,2,14,'Blog Post Header',0,'0',0,0)
 ,(72,2,33,'Sidebar',1,'1',0,0)
 ,(72,2,17,'Blog Post Footer',0,'0',0,0)
 ,(72,2,18,'Sidebar',0,'0',0,0)
 ,(72,3,12,'Header Nav',0,'0',0,0)
 ,(72,3,14,'Blog Post Header',0,'0',0,0)
 ,(72,3,17,'Blog Post Footer',0,'0',0,0)
 ,(72,3,18,'Sidebar',0,'0',0,0)
 ,(73,1,12,'Header Nav',0,'0',0,0)
 ,(72,3,33,'Sidebar',1,'0',0,0)
 ,(73,1,14,'Blog Post Header',0,'0',0,0)
 ,(1,151,71,'Col center right',0,'0',0,0)
 ,(73,1,17,'Blog Post Footer',0,'0',0,0)
 ,(73,1,18,'Sidebar',0,'0',0,0)
 ,(73,1,23,'Sidebar',1,'0',0,0)
 ,(73,2,12,'Header Nav',0,'0',0,0)
 ,(73,2,14,'Blog Post Header',0,'0',0,0)
 ,(1,151,70,'Col center left',0,'0',0,0)
 ,(73,2,37,'Main',1,'1',0,1)
 ,(73,2,17,'Blog Post Footer',0,'0',0,0)
 ,(73,2,18,'Sidebar',0,'0',0,0)
 ,(73,2,23,'Sidebar',1,'0',0,0)
 ,(1,151,64,'Header logo',0,'0',0,0)
 ,(73,3,12,'Header Nav',0,'0',0,0)
 ,(73,3,14,'Blog Post Header',0,'0',0,0)
 ,(73,3,17,'Blog Post Footer',0,'0',0,0)
 ,(73,3,18,'Sidebar',0,'0',0,0)
 ,(1,151,62,'Sidebar',1,'0',0,0)
 ,(1,151,5,'Main',0,'0',0,0)
 ,(73,3,39,'Sidebar',1,'1',0,0)
 ,(66,1,40,'Blog Post Footer',0,'1',0,0)
 ,(73,3,40,'Blog Post Footer',1,'0',0,0)
 ,(72,3,40,'Blog Post Footer',1,'0',0,0)
 ,(72,4,12,'Header Nav',0,'0',0,0)
 ,(72,4,14,'Blog Post Header',0,'0',0,0)
 ,(72,4,17,'Blog Post Footer',1,'0',0,0)
 ,(72,4,18,'Sidebar',0,'0',0,0)
 ,(72,4,33,'Sidebar',1,'0',0,0)
 ,(72,4,40,'Blog Post Footer',0,'0',0,0)
 ,(73,4,12,'Header Nav',0,'0',0,0)
 ,(1,151,6,'Main',1,'0',0,0)
 ,(73,4,14,'Blog Post Header',0,'0',0,0)
 ,(73,4,17,'Blog Post Footer',1,'0',0,0)
 ,(73,4,18,'Sidebar',0,'0',0,0)
 ,(1,151,72,'Col center left',1,'0',0,0)
 ,(73,4,39,'Sidebar',1,'0',0,0)
 ,(73,4,40,'Blog Post Footer',0,'0',0,0)
 ,(1,4,1,'Header Nav',0,'0',0,0)
 ,(1,4,4,'Sidebar',0,'0',0,0)
 ,(1,4,5,'Main',0,'0',0,0)
 ,(1,4,6,'Main',1,'0',0,0)
 ,(1,4,42,'Main',2,'1',0,0)
 ,(1,5,1,'Header Nav',0,'0',0,0)
 ,(1,5,4,'Sidebar',0,'0',0,0)
 ,(1,5,5,'Main',0,'0',0,0)
 ,(1,5,6,'Main',1,'0',0,0)
 ,(1,6,1,'Header Nav',0,'0',0,0)
 ,(1,5,43,'Main',2,'1',0,0)
 ,(1,6,4,'Sidebar',0,'0',0,0)
 ,(1,6,5,'Main',0,'0',0,0)
 ,(1,6,6,'Main',1,'0',0,0)
 ,(1,6,43,'Main',3,'0',0,0)
 ,(1,6,44,'Main',2,'1',0,0)
 ,(1,7,1,'Header Nav',0,'0',0,0)
 ,(1,7,4,'Sidebar',0,'0',0,0)
 ,(1,7,5,'Main',0,'0',0,0)
 ,(1,7,6,'Main',1,'0',0,0)
 ,(1,7,44,'Main',2,'0',0,0)
 ,(1,7,43,'Main',3,'0',0,0)
 ,(1,7,45,'Main',4,'1',0,0)
 ,(1,8,1,'Header Nav',0,'0',0,0)
 ,(1,8,4,'Sidebar',0,'0',0,0)
 ,(1,8,5,'Main',0,'0',0,0)
 ,(1,8,6,'Main',1,'0',0,0)
 ,(1,8,44,'Main',2,'0',0,0)
 ,(1,8,43,'Main',3,'0',0,0)
 ,(1,8,45,'Main',4,'0',0,0)
 ,(1,8,46,'Main',5,'1',0,0)
 ,(1,9,1,'Header Nav',0,'0',0,0)
 ,(1,9,4,'Sidebar',0,'0',0,0)
 ,(1,9,5,'Main',0,'0',0,0)
 ,(1,9,6,'Main',1,'0',0,0)
 ,(1,9,44,'Main',2,'0',0,0)
 ,(1,9,43,'Main',3,'0',0,0)
 ,(1,9,45,'Main',4,'0',0,0)
 ,(1,9,46,'Main',5,'0',0,0)
 ,(1,9,47,'Main',6,'1',0,0)
 ,(1,10,1,'Header Nav',0,'0',0,0)
 ,(1,10,4,'Sidebar',0,'0',0,0)
 ,(1,10,5,'Main',0,'0',0,0)
 ,(1,10,6,'Main',1,'0',0,0)
 ,(1,10,44,'Main',2,'0',0,0)
 ,(1,10,43,'Main',3,'0',0,0)
 ,(1,10,45,'Main',4,'0',0,0)
 ,(1,10,46,'Main',5,'0',0,0)
 ,(1,11,1,'Header Nav',0,'0',0,0)
 ,(1,10,48,'Main',6,'1',0,0)
 ,(1,11,4,'Sidebar',0,'0',0,0)
 ,(1,11,5,'Main',0,'0',0,0)
 ,(1,11,6,'Main',1,'0',0,0)
 ,(1,11,44,'Main',2,'0',0,0)
 ,(1,11,43,'Main',3,'0',0,0)
 ,(1,11,45,'Main',4,'0',0,0)
 ,(1,11,46,'Main',5,'0',0,0)
 ,(1,12,1,'Header Nav',0,'0',0,0)
 ,(1,11,49,'Main',6,'1',0,0)
 ,(1,12,4,'Sidebar',0,'0',0,0)
 ,(1,12,5,'Main',0,'0',0,0)
 ,(1,12,6,'Main',1,'0',0,0)
 ,(1,12,44,'Main',2,'0',0,0)
 ,(1,12,43,'Main',3,'0',0,0)
 ,(1,12,45,'Main',4,'0',0,0)
 ,(1,12,46,'Main',6,'0',0,0)
 ,(69,4,7,'Header Nav',0,'0',0,0)
 ,(69,4,9,'Sidebar',0,'0',0,0)
 ,(69,5,7,'Header Nav',0,'0',0,0)
 ,(69,5,9,'Sidebar',0,'0',0,0)
 ,(1,13,1,'Header Nav',0,'0',0,0)
 ,(1,13,4,'Sidebar',0,'0',0,0)
 ,(1,13,5,'Main',0,'0',0,0)
 ,(1,13,6,'Main',1,'0',0,0)
 ,(1,13,44,'Main',2,'0',0,0)
 ,(1,13,43,'Main',3,'0',0,0)
 ,(1,13,45,'Main',4,'0',0,0)
 ,(1,13,46,'Main',5,'0',0,0)
 ,(69,6,7,'Header Nav',0,'0',0,0)
 ,(69,6,9,'Sidebar',0,'0',0,0)
 ,(1,14,1,'Header Nav',0,'0',0,0)
 ,(1,14,4,'Sidebar',0,'0',0,0)
 ,(1,14,5,'Main',0,'0',0,0)
 ,(1,14,6,'Main',1,'0',0,0)
 ,(1,14,44,'Main',2,'0',0,0)
 ,(1,14,43,'Main',3,'0',0,0)
 ,(1,14,45,'Main',4,'0',0,0)
 ,(1,14,46,'Main',5,'0',0,0)
 ,(1,15,1,'Header Nav',0,'0',0,0)
 ,(1,15,4,'Sidebar',0,'0',0,0)
 ,(1,15,5,'Main',0,'0',0,0)
 ,(1,15,6,'Main',1,'0',0,0)
 ,(1,16,1,'Header Nav',0,'0',0,0)
 ,(1,16,4,'Sidebar',0,'0',0,0)
 ,(1,16,5,'Main',0,'0',0,0)
 ,(1,16,6,'Main',1,'0',0,0)
 ,(1,16,53,'Header',1,'1',0,0)
 ,(1,17,1,'Header Nav',0,'0',0,0)
 ,(1,17,4,'Sidebar',0,'0',0,0)
 ,(1,17,5,'Main',0,'0',0,0)
 ,(1,17,6,'Main',1,'0',0,0)
 ,(1,17,54,'Header',1,'1',0,0)
 ,(1,18,1,'Header Nav',0,'0',0,0)
 ,(1,18,4,'Sidebar',0,'0',0,0)
 ,(1,18,5,'Main',0,'0',0,0)
 ,(1,18,6,'Main',1,'0',0,0)
 ,(1,19,1,'Header Nav',0,'0',0,0)
 ,(1,18,55,'Header',1,'1',0,0)
 ,(1,19,4,'Sidebar',0,'0',0,0)
 ,(1,19,5,'Main',0,'0',0,0)
 ,(1,19,6,'Main',1,'0',0,0)
 ,(1,19,58,'Main',2,'1',0,0)
 ,(1,19,57,'Header',1,'1',0,0)
 ,(1,20,1,'Header Nav',0,'0',0,0)
 ,(1,20,4,'Sidebar',0,'0',0,0)
 ,(1,20,5,'Main',0,'0',0,0)
 ,(1,20,6,'Main',1,'0',0,0)
 ,(1,20,57,'Header',1,'0',0,0)
 ,(1,20,58,'Main',3,'0',0,0)
 ,(1,21,1,'Header Nav',0,'0',0,0)
 ,(1,20,59,'Main',2,'1',0,0)
 ,(1,21,4,'Sidebar',0,'0',0,0)
 ,(1,21,5,'Main',0,'0',0,0)
 ,(1,21,6,'Main',1,'0',0,0)
 ,(1,21,57,'Header',1,'0',0,0)
 ,(1,22,1,'Header Nav',0,'0',0,0)
 ,(1,21,58,'Main',3,'0',0,0)
 ,(1,21,60,'Main',0,'1',0,0)
 ,(1,22,4,'Sidebar',0,'0',0,0)
 ,(1,22,5,'Main',0,'0',0,0)
 ,(1,22,60,'Main',1,'0',0,0)
 ,(1,22,6,'Main',2,'0',0,0)
 ,(1,22,57,'Header',1,'0',0,0)
 ,(1,22,58,'Main',3,'0',0,0)
 ,(1,23,1,'Header Nav',0,'0',0,0)
 ,(1,23,4,'Sidebar',0,'0',0,0)
 ,(1,23,5,'Main',0,'0',0,0)
 ,(1,23,57,'Header',1,'0',0,0)
 ,(1,23,62,'Sidebar',1,'1',0,0)
 ,(1,23,6,'Main',2,'0',0,0)
 ,(1,23,58,'Main',3,'0',0,0)
 ,(1,23,61,'Main',1,'1',0,0)
 ,(1,24,1,'Header Nav',0,'0',0,0)
 ,(1,24,4,'Sidebar',0,'0',0,0)
 ,(1,24,5,'Main',0,'0',0,0)
 ,(1,24,57,'Header',1,'0',0,0)
 ,(1,24,61,'Main',1,'0',0,0)
 ,(1,24,62,'Sidebar',1,'0',0,0)
 ,(1,24,6,'Main',2,'0',0,0)
 ,(1,24,58,'Main',3,'0',0,0)
 ,(1,24,63,'Header logo',0,'1',0,0)
 ,(1,35,74,'Col right',0,'0',0,0)
 ,(1,34,1,'Header Nav',0,'0',0,0)
 ,(1,34,4,'Sidebar',0,'0',0,0)
 ,(1,34,5,'Main',0,'0',0,0)
 ,(1,34,71,'Col center right',0,'0',0,0)
 ,(1,34,70,'Col center left',0,'0',0,0)
 ,(1,34,69,'Col left',0,'0',0,0)
 ,(1,34,64,'Header logo',0,'0',0,0)
 ,(1,34,66,'Header nav',1,'0',0,0)
 ,(1,34,62,'Sidebar',1,'0',0,0)
 ,(1,34,61,'Main',1,'0',0,0)
 ,(1,34,57,'Header',1,'0',0,0)
 ,(1,34,72,'Col center left',1,'0',0,0)
 ,(1,34,6,'Main',2,'0',0,0)
 ,(1,34,58,'Main',3,'0',0,0)
 ,(1,34,74,'Col right',0,'1',0,0)
 ,(1,35,1,'Header Nav',0,'0',0,0)
 ,(1,35,71,'Col center right',0,'0',0,0)
 ,(1,35,70,'Col center left',0,'0',0,0)
 ,(1,35,69,'Col left',0,'0',0,0)
 ,(1,35,64,'Header logo',0,'0',0,0)
 ,(1,29,1,'Header Nav',0,'0',0,0)
 ,(1,35,66,'Header nav',1,'0',0,0)
 ,(1,35,62,'Sidebar',1,'0',0,0)
 ,(1,35,4,'Sidebar',0,'0',0,0)
 ,(1,35,72,'Col center left',1,'0',0,0)
 ,(1,35,5,'Main',0,'0',0,0)
 ,(1,29,64,'Header logo',0,'0',0,0)
 ,(1,30,1,'Header Nav',0,'0',0,0)
 ,(1,29,5,'Main',0,'0',0,0)
 ,(1,29,4,'Sidebar',0,'0',0,0)
 ,(1,29,57,'Header',1,'0',0,0)
 ,(1,29,61,'Main',1,'0',0,0)
 ,(1,29,62,'Sidebar',1,'0',0,0)
 ,(1,29,66,'Header nav',1,'0',0,0)
 ,(1,29,6,'Main',2,'0',0,0)
 ,(1,29,58,'Main',3,'0',0,0)
 ,(1,29,68,'Col left',0,'1',0,0)
 ,(1,30,64,'Header logo',0,'0',0,0)
 ,(1,30,68,'Col left',0,'0',0,0)
 ,(1,30,5,'Main',0,'0',0,0)
 ,(1,30,4,'Sidebar',0,'0',0,0)
 ,(1,30,57,'Header',1,'0',0,0)
 ,(1,30,61,'Main',1,'0',0,0)
 ,(1,30,62,'Sidebar',1,'0',0,0)
 ,(1,30,66,'Header nav',1,'0',0,0)
 ,(1,30,6,'Main',2,'0',0,0)
 ,(1,30,58,'Main',3,'0',0,0)
 ,(1,31,1,'Header Nav',0,'0',0,0)
 ,(1,31,64,'Header logo',0,'0',0,0)
 ,(1,32,1,'Header Nav',0,'0',0,0)
 ,(1,31,5,'Main',0,'0',0,0)
 ,(1,31,4,'Sidebar',0,'0',0,0)
 ,(1,31,57,'Header',1,'0',0,0)
 ,(1,31,61,'Main',1,'0',0,0)
 ,(1,31,62,'Sidebar',1,'0',0,0)
 ,(1,31,66,'Header nav',1,'0',0,0)
 ,(1,31,6,'Main',2,'0',0,0)
 ,(1,31,58,'Main',3,'0',0,0)
 ,(1,31,69,'Col left',0,'1',0,0)
 ,(1,32,64,'Header logo',0,'0',0,0)
 ,(1,32,69,'Col left',0,'0',0,0)
 ,(1,32,5,'Main',0,'0',0,0)
 ,(1,32,4,'Sidebar',0,'0',0,0)
 ,(1,32,57,'Header',1,'0',0,0)
 ,(1,32,61,'Main',1,'0',0,0)
 ,(1,32,62,'Sidebar',1,'0',0,0)
 ,(1,32,66,'Header nav',1,'0',0,0)
 ,(1,32,6,'Main',2,'0',0,0)
 ,(1,32,58,'Main',3,'0',0,0)
 ,(1,32,70,'Col center left',0,'1',0,0)
 ,(1,32,71,'Col center right',0,'1',0,0)
 ,(1,33,1,'Header Nav',0,'0',0,0)
 ,(1,33,70,'Col center left',0,'0',0,0)
 ,(1,33,69,'Col left',0,'0',0,0)
 ,(1,33,64,'Header logo',0,'0',0,0)
 ,(1,33,71,'Col center right',0,'0',0,0)
 ,(1,33,5,'Main',0,'0',0,0)
 ,(1,33,4,'Sidebar',0,'0',0,0)
 ,(1,33,57,'Header',1,'0',0,0)
 ,(1,33,62,'Sidebar',1,'0',0,0)
 ,(1,33,66,'Header nav',1,'0',0,0)
 ,(1,33,61,'Main',1,'0',0,0)
 ,(1,33,6,'Main',2,'0',0,0)
 ,(1,33,58,'Main',3,'0',0,0)
 ,(1,33,72,'Col center left',1,'1',0,0)
 ,(1,36,64,'Header logo',0,'0',0,0)
 ,(1,36,71,'Col center right',0,'0',0,0)
 ,(1,35,6,'Main',2,'0',0,0)
 ,(1,35,58,'Main',3,'0',0,0)
 ,(1,35,75,'Col right',1,'1',0,0)
 ,(1,36,1,'Header Nav',0,'0',0,0)
 ,(1,36,69,'Col left',0,'0',0,0)
 ,(1,36,70,'Col center left',0,'0',0,0)
 ,(1,35,61,'Main',1,'0',0,0)
 ,(1,35,57,'Header',1,'0',0,0)
 ,(1,36,74,'Col right',0,'0',0,0)
 ,(1,36,5,'Main',0,'0',0,0)
 ,(1,36,4,'Sidebar',0,'0',0,0)
 ,(1,36,72,'Col center left',1,'0',0,0)
 ,(1,37,1,'Header Nav',0,'0',0,0)
 ,(1,36,62,'Sidebar',1,'0',0,0)
 ,(1,36,61,'Main',1,'0',0,0)
 ,(1,36,57,'Header',1,'0',0,0)
 ,(1,36,75,'Col right',1,'0',0,0)
 ,(1,36,6,'Main',2,'0',0,0)
 ,(1,36,58,'Main',3,'0',0,0)
 ,(1,36,76,'Header nav',1,'1',0,0)
 ,(1,37,64,'Header logo',0,'0',0,0)
 ,(1,37,70,'Col center left',0,'0',0,0)
 ,(1,37,71,'Col center right',0,'0',0,0)
 ,(1,37,74,'Col right',0,'0',0,0)
 ,(1,37,5,'Main',0,'0',0,0)
 ,(1,37,4,'Sidebar',0,'0',0,0)
 ,(1,38,1,'Header Nav',0,'0',0,0)
 ,(1,37,75,'Col right',1,'0',0,0)
 ,(1,37,72,'Col center left',1,'0',0,0)
 ,(1,37,62,'Sidebar',1,'0',0,0)
 ,(1,37,61,'Main',1,'0',0,0)
 ,(1,37,57,'Header',1,'0',0,0)
 ,(1,37,76,'Header nav',1,'0',0,0)
 ,(1,37,6,'Main',2,'0',0,0)
 ,(1,37,58,'Main',3,'0',0,0)
 ,(1,37,77,'Col left',0,'1',0,0)
 ,(1,38,74,'Col right',0,'0',0,0)
 ,(1,38,71,'Col center right',0,'0',0,0)
 ,(1,38,70,'Col center left',0,'0',0,0)
 ,(1,38,64,'Header logo',0,'0',0,0)
 ,(1,39,1,'Header Nav',0,'0',0,0)
 ,(1,38,4,'Sidebar',0,'0',0,0)
 ,(1,38,5,'Main',0,'0',0,0)
 ,(1,38,76,'Header nav',1,'0',0,0)
 ,(1,38,75,'Col right',1,'0',0,0)
 ,(1,38,72,'Col center left',1,'0',0,0)
 ,(1,38,62,'Sidebar',1,'0',0,0)
 ,(1,38,57,'Header',1,'0',0,0)
 ,(1,38,61,'Main',1,'0',0,0)
 ,(1,38,6,'Main',2,'0',0,0)
 ,(1,38,58,'Main',3,'0',0,0)
 ,(1,38,78,'Col left',0,'1',0,0)
 ,(1,39,74,'Col right',0,'0',0,0)
 ,(1,39,71,'Col center right',0,'0',0,0)
 ,(1,39,70,'Col center left',0,'0',0,0)
 ,(1,39,64,'Header logo',0,'0',0,0)
 ,(1,39,78,'Col left',0,'0',0,0)
 ,(1,39,4,'Sidebar',0,'0',0,0)
 ,(1,39,5,'Main',0,'0',0,0)
 ,(1,40,1,'Header Nav',0,'0',0,0)
 ,(1,39,75,'Col right',1,'0',0,0)
 ,(1,39,72,'Col center left',1,'0',0,0)
 ,(1,39,62,'Sidebar',1,'0',0,0)
 ,(1,39,57,'Header',1,'0',0,0)
 ,(1,39,61,'Main',1,'0',0,0)
 ,(1,39,6,'Main',2,'0',0,0)
 ,(1,39,58,'Main',3,'0',0,0)
 ,(1,39,79,'Header nav',1,'1',0,0)
 ,(1,40,64,'Header logo',0,'0',0,0)
 ,(1,40,71,'Col center right',0,'0',0,0)
 ,(1,40,74,'Col right',0,'0',0,0)
 ,(1,40,70,'Col center left',0,'0',0,0)
 ,(1,40,78,'Col left',0,'0',0,0)
 ,(1,40,5,'Main',0,'0',0,0)
 ,(1,40,4,'Sidebar',0,'0',0,0)
 ,(1,40,72,'Col center left',1,'0',0,0)
 ,(1,40,75,'Col right',1,'0',0,0)
 ,(1,40,62,'Sidebar',1,'0',0,0)
 ,(1,40,61,'Main',1,'0',0,0)
 ,(1,40,57,'Header',1,'0',0,0)
 ,(1,40,79,'Header nav',1,'0',0,0)
 ,(1,40,6,'Main',2,'0',0,0)
 ,(1,40,58,'Main',3,'0',0,0)
 ,(1,41,1,'Header Nav',0,'0',0,0)
 ,(1,41,64,'Header logo',0,'0',0,0)
 ,(1,41,71,'Col center right',0,'0',0,0)
 ,(1,41,74,'Col right',0,'0',0,0)
 ,(1,41,70,'Col center left',0,'0',0,0)
 ,(1,41,78,'Col left',0,'0',0,0)
 ,(1,41,5,'Main',0,'0',0,0)
 ,(1,41,4,'Sidebar',0,'0',0,0)
 ,(1,41,72,'Col center left',1,'0',0,0)
 ,(1,41,75,'Col right',1,'0',0,0)
 ,(1,41,62,'Sidebar',1,'0',0,0)
 ,(1,41,61,'Main',1,'0',0,0)
 ,(1,41,57,'Header',1,'0',0,0)
 ,(1,41,81,'Col center bottom',0,'1',0,0)
 ,(1,41,6,'Main',2,'0',0,0)
 ,(1,41,58,'Main',3,'0',0,0)
 ,(1,41,80,'Header nav',1,'1',0,0)
 ,(1,42,64,'Header logo',0,'0',0,0)
 ,(1,42,4,'Sidebar',0,'0',0,0)
 ,(1,42,5,'Main',0,'0',0,0)
 ,(1,42,81,'Col center bottom',0,'0',0,0)
 ,(1,42,62,'Sidebar',1,'0',0,0)
 ,(1,42,72,'Col center left',1,'0',0,0)
 ,(1,42,70,'Col center left',0,'0',0,0)
 ,(1,42,78,'Col left',0,'0',0,0)
 ,(1,42,57,'Header',1,'0',0,0)
 ,(1,42,80,'Header nav',1,'0',0,0)
 ,(1,42,75,'Col right',1,'0',0,0)
 ,(1,42,82,'Col center bottom',1,'1',0,0)
 ,(1,42,71,'Col center right',0,'0',0,0)
 ,(1,42,74,'Col right',0,'0',0,0)
 ,(1,42,1,'Header Nav',0,'0',0,0)
 ,(1,42,61,'Main',1,'0',0,0)
 ,(1,42,6,'Main',2,'0',0,0)
 ,(1,42,58,'Main',3,'0',0,0)
 ,(1,42,87,'Header nav',2,'1',0,0)
 ,(1,43,1,'Header Nav',0,'0',0,0)
 ,(1,43,78,'Col left',0,'0',0,0)
 ,(1,43,74,'Col right',0,'0',0,0)
 ,(1,43,71,'Col center right',0,'0',0,0)
 ,(1,43,70,'Col center left',0,'0',0,0)
 ,(1,43,64,'Header logo',0,'0',0,0)
 ,(1,43,5,'Main',0,'0',0,0)
 ,(1,43,4,'Sidebar',0,'0',0,0)
 ,(1,43,80,'Header nav',1,'0',0,0)
 ,(1,43,75,'Col right',1,'0',0,0)
 ,(1,43,61,'Main',1,'0',0,0)
 ,(1,43,72,'Col center left',1,'0',0,0)
 ,(1,43,62,'Sidebar',1,'0',0,0)
 ,(1,43,6,'Main',2,'0',0,0)
 ,(1,43,88,'Header nav',2,'1',0,0)
 ,(1,43,58,'Main',3,'0',0,0)
 ,(1,44,1,'Header Nav',0,'0',0,0)
 ,(1,44,78,'Col left',0,'0',0,0)
 ,(1,44,74,'Col right',0,'0',0,0)
 ,(1,44,71,'Col center right',0,'0',0,0)
 ,(1,44,70,'Col center left',0,'0',0,0)
 ,(1,44,64,'Header logo',0,'0',0,0)
 ,(1,44,5,'Main',0,'0',0,0)
 ,(1,44,4,'Sidebar',0,'0',0,0)
 ,(1,44,61,'Main',1,'0',0,0)
 ,(1,44,80,'Header nav',1,'0',0,0)
 ,(1,44,75,'Col right',1,'0',0,0)
 ,(1,44,72,'Col center left',1,'0',0,0)
 ,(1,44,62,'Sidebar',1,'0',0,0)
 ,(1,44,6,'Main',2,'0',0,0)
 ,(1,44,88,'Header nav',2,'0',0,0)
 ,(1,44,58,'Main',3,'0',0,0)
 ,(1,45,1,'Header Nav',0,'0',0,0)
 ,(1,45,78,'Col left',0,'0',0,0)
 ,(1,45,74,'Col right',0,'0',0,0)
 ,(1,45,71,'Col center right',0,'0',0,0)
 ,(1,45,70,'Col center left',0,'0',0,0)
 ,(1,45,64,'Header logo',0,'0',0,0)
 ,(1,45,5,'Main',0,'0',0,0)
 ,(1,45,4,'Sidebar',0,'0',0,0)
 ,(1,45,61,'Main',1,'0',0,0)
 ,(1,46,1,'Header Nav',0,'0',0,0)
 ,(1,45,75,'Col right',1,'0',0,0)
 ,(1,45,72,'Col center left',1,'0',0,0)
 ,(1,45,62,'Sidebar',1,'0',0,0)
 ,(1,45,6,'Main',2,'0',0,0)
 ,(1,45,88,'Header nav',2,'0',0,0)
 ,(1,45,58,'Main',3,'0',0,0)
 ,(1,46,78,'Col left',0,'0',0,0)
 ,(1,46,74,'Col right',0,'0',0,0)
 ,(1,46,71,'Col center right',0,'0',0,0)
 ,(1,46,70,'Col center left',0,'0',0,0)
 ,(1,46,64,'Header logo',0,'0',0,0)
 ,(1,46,4,'Sidebar',0,'0',0,0)
 ,(1,46,5,'Main',0,'0',0,0)
 ,(1,46,61,'Main',1,'0',0,0)
 ,(1,46,75,'Col right',1,'0',0,0)
 ,(1,46,72,'Col center left',1,'0',0,0)
 ,(1,46,62,'Sidebar',1,'0',0,0)
 ,(1,46,6,'Main',2,'0',0,0)
 ,(1,47,1,'Header Nav',0,'0',0,0)
 ,(1,46,58,'Main',3,'0',0,0)
 ,(1,46,89,'Header nav',2,'1',0,0)
 ,(1,47,78,'Col left',0,'0',0,0)
 ,(1,47,74,'Col right',0,'0',0,0)
 ,(1,47,71,'Col center right',0,'0',0,0)
 ,(1,47,70,'Col center left',0,'0',0,0)
 ,(1,47,64,'Header logo',0,'0',0,0)
 ,(1,47,4,'Sidebar',0,'0',0,0)
 ,(1,47,5,'Main',0,'0',0,0)
 ,(1,47,61,'Main',1,'0',0,0)
 ,(1,47,75,'Col right',1,'0',0,0)
 ,(1,47,72,'Col center left',1,'0',0,0)
 ,(1,47,62,'Sidebar',1,'0',0,0)
 ,(1,47,6,'Main',2,'0',0,0)
 ,(1,48,1,'Header Nav',0,'0',0,0)
 ,(1,47,58,'Main',3,'0',0,0)
 ,(1,47,90,'Header nav',2,'1',0,0)
 ,(1,48,78,'Col left',0,'0',0,0)
 ,(1,48,74,'Col right',0,'0',0,0)
 ,(1,48,71,'Col center right',0,'0',0,0)
 ,(1,48,70,'Col center left',0,'0',0,0)
 ,(1,48,64,'Header logo',0,'0',0,0)
 ,(1,48,4,'Sidebar',0,'0',0,0)
 ,(1,48,5,'Main',0,'0',0,0)
 ,(1,48,61,'Main',1,'0',0,0)
 ,(1,48,75,'Col right',1,'0',0,0)
 ,(1,48,72,'Col center left',1,'0',0,0)
 ,(1,48,62,'Sidebar',1,'0',0,0)
 ,(1,48,6,'Main',2,'0',0,0)
 ,(1,48,91,'Header nav',1,'1',0,0)
 ,(1,48,58,'Main',3,'0',0,0)
 ,(1,48,92,'Header nav',2,'1',0,0)
 ,(1,49,1,'Header Nav',0,'0',0,0)
 ,(1,49,78,'Col left',0,'0',0,0)
 ,(1,49,74,'Col right',0,'0',0,0)
 ,(1,49,71,'Col center right',0,'0',0,0)
 ,(1,49,70,'Col center left',0,'0',0,0)
 ,(1,49,64,'Header logo',0,'0',0,0)
 ,(1,49,5,'Main',0,'0',0,0)
 ,(1,49,4,'Sidebar',0,'0',0,0)
 ,(1,49,61,'Main',1,'0',0,0)
 ,(1,49,75,'Col right',1,'0',0,0)
 ,(1,49,72,'Col center left',1,'0',0,0)
 ,(1,49,62,'Sidebar',1,'0',0,0)
 ,(1,49,6,'Main',2,'0',0,0)
 ,(1,49,58,'Main',3,'0',0,0)
 ,(1,49,94,'Header nav',1,'1',0,0)
 ,(79,1,10,'Header Nav',0,'0',0,0)
 ,(1,151,210,'Col right',0,'0',0,0)
 ,(79,2,10,'Header Nav',0,'0',0,0)
 ,(1,151,190,'Col center : Layout 1 : Cell 1',0,'0',0,0)
 ,(1,50,1,'Header Nav',0,'0',0,0)
 ,(1,50,78,'Col left',0,'0',0,0)
 ,(1,50,74,'Col right',0,'0',0,0)
 ,(1,50,71,'Col center right',0,'0',0,0)
 ,(1,50,70,'Col center left',0,'0',0,0)
 ,(1,50,64,'Header logo',0,'0',0,0)
 ,(1,50,4,'Sidebar',0,'0',0,0)
 ,(1,50,5,'Main',0,'0',0,0)
 ,(1,50,61,'Main',1,'0',0,0)
 ,(1,50,75,'Col right',1,'0',0,0)
 ,(1,50,72,'Col center left',1,'0',0,0)
 ,(1,50,62,'Sidebar',1,'0',0,0)
 ,(1,50,97,'Header nav',2,'1',0,0)
 ,(1,50,6,'Main',2,'0',0,0)
 ,(1,50,58,'Main',3,'0',0,0)
 ,(1,50,95,'Header nav',1,'1',0,0)
 ,(1,51,1,'Header Nav',0,'0',0,0)
 ,(1,51,78,'Col left',0,'0',0,0)
 ,(1,51,74,'Col right',0,'0',0,0)
 ,(1,51,71,'Col center right',0,'0',0,0)
 ,(1,51,70,'Col center left',0,'0',0,0)
 ,(1,51,64,'Header logo',0,'0',0,0)
 ,(1,51,5,'Main',0,'0',0,0)
 ,(1,51,4,'Sidebar',0,'0',0,0)
 ,(1,51,61,'Main',1,'0',0,0)
 ,(1,51,75,'Col right',1,'0',0,0)
 ,(1,51,72,'Col center left',1,'0',0,0)
 ,(1,51,62,'Sidebar',1,'0',0,0)
 ,(1,51,6,'Main',2,'0',0,0)
 ,(1,51,99,'Header nav',3,'1',0,0)
 ,(1,51,58,'Main',3,'0',0,0)
 ,(1,51,98,'Header nav',2,'1',0,0)
 ,(1,52,1,'Header Nav',0,'0',0,0)
 ,(1,52,78,'Col left',0,'0',0,0)
 ,(1,52,74,'Col right',0,'0',0,0)
 ,(1,52,71,'Col center right',0,'0',0,0)
 ,(1,52,70,'Col center left',0,'0',0,0)
 ,(1,52,64,'Header logo',0,'0',0,0)
 ,(1,52,4,'Sidebar',0,'0',0,0)
 ,(1,52,5,'Main',0,'0',0,0)
 ,(1,52,61,'Main',1,'0',0,0)
 ,(1,52,75,'Col right',1,'0',0,0)
 ,(1,52,72,'Col center left',1,'0',0,0)
 ,(1,52,62,'Sidebar',1,'0',0,0)
 ,(1,52,6,'Main',2,'0',0,0)
 ,(1,52,58,'Main',3,'0',0,0)
 ,(1,54,74,'Col right',0,'0',0,0)
 ,(1,54,1,'Header Nav',0,'0',0,0)
 ,(1,53,1,'Header Nav',0,'0',0,0)
 ,(1,53,78,'Col left',0,'0',0,0)
 ,(1,53,74,'Col right',0,'0',0,0)
 ,(1,53,71,'Col center right',0,'0',0,0)
 ,(1,53,70,'Col center left',0,'0',0,0)
 ,(1,53,64,'Header logo',0,'0',0,0)
 ,(36,2,104,'Francais',8,'1',0,0)
 ,(1,53,4,'Sidebar',0,'0',0,0)
 ,(1,53,5,'Main',0,'0',0,0)
 ,(1,53,75,'Col right',1,'0',0,0)
 ,(1,53,72,'Col center left',1,'0',0,0)
 ,(1,53,62,'Sidebar',1,'0',0,0)
 ,(1,53,61,'Main',1,'0',0,0)
 ,(1,53,6,'Main',2,'0',0,0)
 ,(1,53,58,'Main',3,'0',0,0)
 ,(1,54,71,'Col center right',0,'0',0,0)
 ,(1,54,70,'Col center left',0,'0',0,0)
 ,(1,54,64,'Header logo',0,'0',0,0)
 ,(1,54,78,'Col left',0,'0',0,0)
 ,(1,54,5,'Main',0,'0',0,0)
 ,(1,54,4,'Sidebar',0,'0',0,0)
 ,(1,54,61,'Main',1,'0',0,0)
 ,(1,54,72,'Col center left',1,'0',0,0)
 ,(1,54,75,'Col right',1,'0',0,0)
 ,(1,54,62,'Sidebar',1,'0',0,0)
 ,(1,54,6,'Main',2,'0',0,0)
 ,(1,54,58,'Main',3,'0',0,0)
 ,(1,54,104,'Header nav',1,'0',0,0)
 ,(1,55,1,'Header Nav',0,'0',0,0)
 ,(1,55,78,'Col left',0,'0',0,0)
 ,(1,55,74,'Col right',0,'0',0,0)
 ,(1,55,71,'Col center right',0,'0',0,0)
 ,(1,55,70,'Col center left',0,'0',0,0)
 ,(1,55,64,'Header logo',0,'0',0,0)
 ,(1,55,4,'Sidebar',0,'0',0,0)
 ,(1,55,5,'Main',0,'0',0,0)
 ,(1,55,61,'Main',1,'0',0,0)
 ,(1,55,75,'Col right',1,'0',0,0)
 ,(1,55,72,'Col center left',1,'0',0,0)
 ,(1,55,62,'Sidebar',1,'0',0,0)
 ,(1,55,104,'Header nav',1,'0',0,0)
 ,(1,55,6,'Main',2,'0',0,0)
 ,(1,55,58,'Main',3,'0',0,0)
 ,(1,55,105,'Header nav',2,'1',0,0)
 ,(1,56,1,'Header Nav',0,'0',0,0)
 ,(1,56,78,'Col left',0,'0',0,0)
 ,(1,56,74,'Col right',0,'0',0,0)
 ,(1,56,71,'Col center right',0,'0',0,0)
 ,(1,56,70,'Col center left',0,'0',0,0)
 ,(1,56,64,'Header logo',0,'0',0,0)
 ,(1,56,5,'Main',0,'0',0,0)
 ,(1,56,4,'Sidebar',0,'0',0,0)
 ,(1,56,61,'Main',1,'0',0,0)
 ,(1,56,104,'Header nav',1,'0',0,0)
 ,(1,56,75,'Col right',1,'0',0,0)
 ,(1,56,72,'Col center left',1,'0',0,0)
 ,(1,56,62,'Sidebar',1,'0',0,0)
 ,(1,56,6,'Main',2,'0',0,0)
 ,(1,56,105,'Header nav',2,'0',0,0)
 ,(1,56,58,'Main',3,'0',0,0)
 ,(1,56,106,'Col center bottom',0,'1',0,0)
 ,(1,57,1,'Header Nav',0,'0',0,0)
 ,(1,57,78,'Col left',0,'0',0,0)
 ,(1,57,74,'Col right',0,'0',0,0)
 ,(1,57,71,'Col center right',0,'0',0,0)
 ,(1,57,70,'Col center left',0,'0',0,0)
 ,(1,57,64,'Header logo',0,'0',0,0)
 ,(1,57,109,'Header nav',1,'1',0,0)
 ,(1,57,4,'Sidebar',0,'0',0,0)
 ,(1,57,5,'Main',0,'0',0,0)
 ,(1,57,72,'Col center left',1,'0',0,0)
 ,(1,57,75,'Col right',1,'0',0,0)
 ,(1,57,62,'Sidebar',1,'0',0,0)
 ,(1,57,61,'Main',1,'0',0,0)
 ,(1,57,6,'Main',2,'0',0,0)
 ,(1,58,1,'Header Nav',0,'0',0,0)
 ,(1,57,58,'Main',3,'0',0,0)
 ,(1,57,107,'Col left',1,'1',0,0)
 ,(1,57,108,'Col left',2,'1',0,0)
 ,(1,58,78,'Col left',0,'0',0,0)
 ,(1,58,74,'Col right',0,'0',0,0)
 ,(1,58,71,'Col center right',0,'0',0,0)
 ,(1,58,70,'Col center left',0,'0',0,0)
 ,(1,58,64,'Header logo',0,'0',0,0)
 ,(1,58,4,'Sidebar',0,'0',0,0)
 ,(1,58,5,'Main',0,'0',0,0)
 ,(1,58,75,'Col right',1,'0',0,0)
 ,(1,58,61,'Main',1,'0',0,0)
 ,(1,58,72,'Col center left',1,'0',0,0)
 ,(1,58,62,'Sidebar',1,'0',0,0)
 ,(1,58,109,'Header nav',1,'0',0,0)
 ,(1,58,6,'Main',2,'0',0,0)
 ,(1,58,111,'Col left',3,'1',0,0)
 ,(1,58,58,'Main',3,'0',0,0)
 ,(1,58,110,'Col left',2,'1',0,0)
 ,(1,58,112,'Header nav',2,'1',0,0)
 ,(1,58,113,'Col left',4,'1',0,0)
 ,(1,59,1,'Header Nav',0,'0',0,0)
 ,(1,59,78,'Col left',0,'0',0,0)
 ,(1,59,74,'Col right',0,'0',0,0)
 ,(1,59,71,'Col center right',0,'0',0,0)
 ,(1,59,70,'Col center left',0,'0',0,0)
 ,(1,59,64,'Header logo',0,'0',0,0)
 ,(1,59,5,'Main',0,'0',0,0)
 ,(1,59,4,'Sidebar',0,'0',0,0)
 ,(1,59,61,'Main',1,'0',0,0)
 ,(1,59,75,'Col right',1,'0',0,0)
 ,(1,59,72,'Col center left',1,'0',0,0)
 ,(1,59,62,'Sidebar',1,'0',0,0)
 ,(1,59,6,'Main',2,'0',0,0)
 ,(1,59,58,'Main',3,'0',0,0)
 ,(1,59,117,'Col left',1,'1',0,0)
 ,(67,4,7,'Header Nav',0,'0',0,0)
 ,(67,4,22,'Sidebar',0,'0',0,0)
 ,(67,4,20,'Main',1,'0',0,0)
 ,(1,60,1,'Header Nav',0,'0',0,0)
 ,(1,60,78,'Col left',0,'0',0,0)
 ,(1,60,74,'Col right',0,'0',0,0)
 ,(1,60,71,'Col center right',0,'0',0,0)
 ,(1,60,70,'Col center left',0,'0',0,0)
 ,(1,60,64,'Header logo',0,'0',0,0)
 ,(1,60,4,'Sidebar',0,'0',0,0)
 ,(1,60,5,'Main',0,'0',0,0)
 ,(1,60,61,'Main',1,'0',0,0)
 ,(1,60,75,'Col right',1,'0',0,0)
 ,(1,60,72,'Col center left',1,'0',0,0)
 ,(1,60,62,'Sidebar',1,'0',0,0)
 ,(1,60,117,'Col left',1,'0',0,0)
 ,(1,60,6,'Main',2,'0',0,0)
 ,(1,60,58,'Main',3,'0',0,0)
 ,(1,60,118,'Header nav',1,'1',0,0)
 ,(1,61,1,'Header Nav',0,'0',0,0)
 ,(1,61,78,'Col left',0,'0',0,0)
 ,(1,61,74,'Col right',0,'0',0,0)
 ,(1,61,71,'Col center right',0,'0',0,0)
 ,(1,61,70,'Col center left',0,'0',0,0)
 ,(1,61,64,'Header logo',0,'0',0,0)
 ,(1,61,5,'Main',0,'0',0,0)
 ,(1,61,4,'Sidebar',0,'0',0,0)
 ,(1,61,61,'Main',1,'0',0,0)
 ,(1,62,1,'Header Nav',0,'0',0,0)
 ,(1,61,75,'Col right',1,'0',0,0)
 ,(1,61,72,'Col center left',1,'0',0,0)
 ,(1,61,62,'Sidebar',1,'0',0,0)
 ,(1,61,118,'Header nav',1,'0',0,0)
 ,(1,61,6,'Main',2,'0',0,0)
 ,(1,61,58,'Main',3,'0',0,0)
 ,(1,61,119,'Col left',1,'1',0,0)
 ,(1,62,78,'Col left',0,'0',0,0)
 ,(1,62,74,'Col right',0,'0',0,0)
 ,(1,62,71,'Col center right',0,'0',0,0)
 ,(1,62,70,'Col center left',0,'0',0,0)
 ,(1,62,64,'Header logo',0,'0',0,0)
 ,(1,62,5,'Main',0,'0',0,0)
 ,(1,62,4,'Sidebar',0,'0',0,0)
 ,(1,62,61,'Main',1,'0',0,0)
 ,(1,62,118,'Header nav',1,'0',0,0)
 ,(1,62,75,'Col right',1,'0',0,0)
 ,(1,62,72,'Col center left',1,'0',0,0)
 ,(1,62,62,'Sidebar',1,'0',0,0)
 ,(1,63,1,'Header Nav',0,'0',0,0)
 ,(1,62,6,'Main',2,'0',0,0)
 ,(1,62,58,'Main',3,'0',0,0)
 ,(1,62,120,'Col left',1,'1',0,0)
 ,(1,63,78,'Col left',0,'0',0,0)
 ,(1,63,74,'Col right',0,'0',0,0)
 ,(1,63,71,'Col center right',0,'0',0,0)
 ,(1,63,70,'Col center left',0,'0',0,0)
 ,(1,63,64,'Header logo',0,'0',0,0)
 ,(1,63,5,'Main',0,'0',0,0)
 ,(1,63,4,'Sidebar',0,'0',0,0)
 ,(1,63,61,'Main',1,'0',0,0)
 ,(1,63,118,'Header nav',1,'0',0,0)
 ,(1,63,75,'Col right',1,'0',0,0)
 ,(1,63,72,'Col center left',1,'0',0,0)
 ,(1,63,62,'Sidebar',1,'0',0,0)
 ,(1,64,1,'Header Nav',0,'0',0,0)
 ,(1,63,6,'Main',2,'0',0,0)
 ,(1,63,58,'Main',3,'0',0,0)
 ,(1,63,121,'Col left',1,'1',0,0)
 ,(1,64,78,'Col left',0,'0',0,0)
 ,(1,64,74,'Col right',0,'0',0,0)
 ,(1,64,71,'Col center right',0,'0',0,0)
 ,(1,64,70,'Col center left',0,'0',0,0)
 ,(1,64,64,'Header logo',0,'0',0,0)
 ,(1,64,5,'Main',0,'0',0,0)
 ,(1,64,4,'Sidebar',0,'0',0,0)
 ,(1,64,61,'Main',1,'0',0,0)
 ,(1,64,118,'Header nav',1,'0',0,0)
 ,(1,64,75,'Col right',1,'0',0,0)
 ,(1,64,72,'Col center left',1,'0',0,0)
 ,(1,64,62,'Sidebar',1,'0',0,0)
 ,(1,64,121,'Col left',1,'0',0,0)
 ,(1,64,6,'Main',2,'0',0,0)
 ,(1,64,58,'Main',3,'0',0,0)
 ,(1,64,122,'Col left',2,'1',0,0)
 ,(1,65,1,'Header Nav',0,'0',0,0)
 ,(1,65,78,'Col left',0,'0',0,0)
 ,(1,65,74,'Col right',0,'0',0,0)
 ,(1,65,71,'Col center right',0,'0',0,0)
 ,(1,65,70,'Col center left',0,'0',0,0)
 ,(1,65,64,'Header logo',0,'0',0,0)
 ,(1,65,4,'Sidebar',0,'0',0,0)
 ,(1,65,5,'Main',0,'0',0,0)
 ,(1,65,125,'Col left',3,'1',0,0)
 ,(1,65,118,'Header nav',1,'0',0,0)
 ,(1,65,75,'Col right',1,'0',0,0)
 ,(1,65,61,'Main',1,'0',0,0)
 ,(1,65,72,'Col center left',1,'0',0,0)
 ,(1,65,62,'Sidebar',1,'0',0,0)
 ,(1,65,6,'Main',2,'0',0,0)
 ,(1,65,124,'Col left',1,'1',0,0)
 ,(1,65,58,'Main',3,'0',0,0)
 ,(1,65,123,'Col left',2,'1',0,0)
 ,(1,66,1,'Header Nav',0,'0',0,0)
 ,(1,66,78,'Col left',0,'0',0,0)
 ,(1,66,74,'Col right',0,'0',0,0)
 ,(1,66,71,'Col center right',0,'0',0,0)
 ,(1,66,70,'Col center left',0,'0',0,0)
 ,(1,66,64,'Header logo',0,'0',0,0)
 ,(1,66,4,'Sidebar',0,'0',0,0)
 ,(1,66,5,'Main',0,'0',0,0)
 ,(1,66,75,'Col right',1,'0',0,0)
 ,(1,66,61,'Main',1,'0',0,0)
 ,(1,66,72,'Col center left',1,'0',0,0)
 ,(1,66,62,'Sidebar',1,'0',0,0)
 ,(1,66,6,'Main',2,'0',0,0)
 ,(1,66,58,'Main',3,'0',0,0)
 ,(1,67,1,'Header Nav',0,'0',0,0)
 ,(1,66,126,'Col left',3,'1',0,0)
 ,(1,67,78,'Col left',0,'0',0,0)
 ,(1,67,74,'Col right',0,'0',0,0)
 ,(1,67,71,'Col center right',0,'0',0,0)
 ,(1,67,70,'Col center left',0,'0',0,0)
 ,(1,67,64,'Header logo',0,'0',0,0)
 ,(1,67,4,'Sidebar',0,'0',0,0)
 ,(1,67,5,'Main',0,'0',0,0)
 ,(1,67,61,'Main',1,'0',0,0)
 ,(1,67,75,'Col right',1,'0',0,0)
 ,(1,67,72,'Col center left',1,'0',0,0)
 ,(1,67,62,'Sidebar',1,'0',0,0)
 ,(1,67,6,'Main',2,'0',0,0)
 ,(1,67,58,'Main',3,'0',0,0)
 ,(1,68,1,'Header Nav',0,'0',0,0)
 ,(1,67,127,'Col left',3,'1',0,0)
 ,(1,68,78,'Col left',0,'0',0,0)
 ,(1,68,74,'Col right',0,'0',0,0)
 ,(1,68,71,'Col center right',0,'0',0,0)
 ,(1,68,70,'Col center left',0,'0',0,0)
 ,(1,68,64,'Header logo',0,'0',0,0)
 ,(1,68,4,'Sidebar',0,'0',0,0)
 ,(1,68,5,'Main',0,'0',0,0)
 ,(1,68,61,'Main',1,'0',0,0)
 ,(1,68,75,'Col right',1,'0',0,0)
 ,(1,68,72,'Col center left',1,'0',0,0)
 ,(1,68,62,'Sidebar',1,'0',0,0)
 ,(1,68,6,'Main',2,'0',0,0)
 ,(1,68,58,'Main',3,'0',0,0)
 ,(1,69,1,'Header Nav',0,'0',0,0)
 ,(1,68,128,'Col left',3,'1',0,0)
 ,(1,69,78,'Col left',0,'0',0,0)
 ,(1,69,74,'Col right',0,'0',0,0)
 ,(1,69,71,'Col center right',0,'0',0,0)
 ,(1,69,70,'Col center left',0,'0',0,0)
 ,(1,69,64,'Header logo',0,'0',0,0)
 ,(1,69,4,'Sidebar',0,'0',0,0)
 ,(1,69,5,'Main',0,'0',0,0)
 ,(1,69,61,'Main',1,'0',0,0)
 ,(1,69,75,'Col right',1,'0',0,0)
 ,(1,69,72,'Col center left',1,'0',0,0)
 ,(1,69,62,'Sidebar',1,'0',0,0)
 ,(1,69,6,'Main',2,'0',0,0)
 ,(1,69,58,'Main',3,'0',0,0)
 ,(1,70,1,'Header Nav',0,'0',0,0)
 ,(1,69,129,'Col left',3,'1',0,0)
 ,(1,70,78,'Col left',0,'0',0,0)
 ,(1,70,74,'Col right',0,'0',0,0)
 ,(1,70,71,'Col center right',0,'0',0,0)
 ,(1,70,70,'Col center left',0,'0',0,0)
 ,(1,70,64,'Header logo',0,'0',0,0)
 ,(1,70,4,'Sidebar',0,'0',0,0)
 ,(1,70,5,'Main',0,'0',0,0)
 ,(1,70,61,'Main',1,'0',0,0)
 ,(1,70,75,'Col right',1,'0',0,0)
 ,(1,70,72,'Col center left',1,'0',0,0)
 ,(1,70,62,'Sidebar',1,'0',0,0)
 ,(1,70,6,'Main',2,'0',0,0)
 ,(1,70,58,'Main',3,'0',0,0)
 ,(1,71,1,'Header Nav',0,'0',0,0)
 ,(1,70,130,'Col left',3,'1',0,0)
 ,(1,71,78,'Col left',0,'0',0,0)
 ,(1,71,74,'Col right',0,'0',0,0)
 ,(1,71,71,'Col center right',0,'0',0,0)
 ,(1,71,70,'Col center left',0,'0',0,0)
 ,(1,71,64,'Header logo',0,'0',0,0)
 ,(1,71,4,'Sidebar',0,'0',0,0)
 ,(1,71,5,'Main',0,'0',0,0)
 ,(1,71,61,'Main',1,'0',0,0)
 ,(1,71,75,'Col right',1,'0',0,0)
 ,(1,71,72,'Col center left',1,'0',0,0)
 ,(1,71,62,'Sidebar',1,'0',0,0)
 ,(1,71,6,'Main',2,'0',0,0)
 ,(1,71,58,'Main',3,'0',0,0)
 ,(1,71,130,'Col left',1,'0',0,0)
 ,(1,71,131,'Col center : Layout 2 : Cell 1',0,'1',0,0)
 ,(1,71,132,'Col center : Layout 2 : Cell 2',0,'1',0,0)
 ,(1,72,1,'Header Nav',0,'0',0,0)
 ,(1,72,134,'Col center : Layout 2 : Cell 2',0,'1',0,0)
 ,(1,72,78,'Col left',0,'0',0,0)
 ,(1,72,74,'Col right',0,'0',0,0)
 ,(1,72,71,'Col center right',0,'0',0,0)
 ,(1,72,70,'Col center left',0,'0',0,0)
 ,(1,72,64,'Header logo',0,'0',0,0)
 ,(1,73,1,'Header Nav',0,'0',0,0)
 ,(1,72,4,'Sidebar',0,'0',0,0)
 ,(1,72,5,'Main',0,'0',0,0)
 ,(1,72,72,'Col center left',1,'0',0,0)
 ,(1,72,75,'Col right',1,'0',0,0)
 ,(1,72,130,'Col left',1,'0',0,0)
 ,(1,72,61,'Main',1,'0',0,0)
 ,(1,72,62,'Sidebar',1,'0',0,0)
 ,(1,72,6,'Main',2,'0',0,0)
 ,(1,72,58,'Main',3,'0',0,0)
 ,(1,72,133,'Col center : Layout 2 : Cell 1',0,'1',0,0)
 ,(1,73,133,'Col center : Layout 2 : Cell 1',0,'0',0,0)
 ,(1,73,78,'Col left',0,'0',0,0)
 ,(1,73,74,'Col right',0,'0',0,0)
 ,(1,73,71,'Col center right',0,'0',0,0)
 ,(1,73,70,'Col center left',0,'0',0,0)
 ,(1,73,64,'Header logo',0,'0',0,0)
 ,(1,73,134,'Col center : Layout 2 : Cell 2',0,'0',0,0)
 ,(1,73,4,'Sidebar',0,'0',0,0)
 ,(1,73,5,'Main',0,'0',0,0)
 ,(1,73,72,'Col center left',1,'0',0,0)
 ,(1,73,75,'Col right',1,'0',0,0)
 ,(1,73,130,'Col left',1,'0',0,0)
 ,(1,73,61,'Main',1,'0',0,0)
 ,(1,73,62,'Sidebar',1,'0',0,0)
 ,(1,73,6,'Main',2,'0',0,0)
 ,(1,73,58,'Main',3,'0',0,0)
 ,(1,73,135,'Col center',0,'1',0,0)
 ,(1,74,1,'Header Nav',0,'0',0,0)
 ,(1,74,134,'Col center : Layout 2 : Cell 2',0,'0',0,0)
 ,(1,74,133,'Col center : Layout 2 : Cell 1',0,'0',0,0)
 ,(1,74,78,'Col left',0,'0',0,0)
 ,(1,74,74,'Col right',0,'0',0,0)
 ,(1,74,71,'Col center right',0,'0',0,0)
 ,(1,74,70,'Col center left',0,'0',0,0)
 ,(1,74,64,'Header logo',0,'0',0,0)
 ,(1,74,135,'Col center',0,'0',0,0)
 ,(1,74,4,'Sidebar',0,'0',0,0)
 ,(1,74,5,'Main',0,'0',0,0)
 ,(1,74,130,'Col left',1,'0',0,0)
 ,(1,74,75,'Col right',1,'0',0,0)
 ,(1,74,72,'Col center left',1,'0',0,0)
 ,(1,74,61,'Main',1,'0',0,0)
 ,(1,74,62,'Sidebar',1,'0',0,0)
 ,(1,74,6,'Main',2,'0',0,0)
 ,(1,74,58,'Main',3,'0',0,0)
 ,(1,74,136,'Col center : Layout 2 : Cell 1',1,'1',0,0)
 ,(1,75,1,'Header Nav',0,'0',0,0)
 ,(1,75,135,'Col center',0,'0',0,0)
 ,(1,75,134,'Col center : Layout 2 : Cell 2',0,'0',0,0)
 ,(1,75,133,'Col center : Layout 2 : Cell 1',0,'0',0,0)
 ,(1,75,78,'Col left',0,'0',0,0)
 ,(1,75,74,'Col right',0,'0',0,0)
 ,(1,75,71,'Col center right',0,'0',0,0)
 ,(1,75,70,'Col center left',0,'0',0,0)
 ,(1,75,64,'Header logo',0,'0',0,0)
 ,(1,75,4,'Sidebar',0,'0',0,0)
 ,(1,75,5,'Main',0,'0',0,0)
 ,(1,75,62,'Sidebar',1,'0',0,0)
 ,(1,75,130,'Col left',1,'0',0,0)
 ,(1,75,136,'Col center : Layout 2 : Cell 1',1,'0',0,0)
 ,(1,75,75,'Col right',1,'0',0,0)
 ,(1,75,72,'Col center left',1,'0',0,0)
 ,(1,75,61,'Main',1,'0',0,0)
 ,(1,75,6,'Main',2,'0',0,0)
 ,(1,75,58,'Main',3,'0',0,0)
 ,(1,75,137,'Header nav',1,'1',0,0)
 ,(1,76,1,'Header Nav',0,'0',0,0)
 ,(1,76,135,'Col center',0,'0',0,0)
 ,(1,76,134,'Col center : Layout 2 : Cell 2',0,'0',0,0)
 ,(1,76,133,'Col center : Layout 2 : Cell 1',0,'0',0,0)
 ,(1,76,78,'Col left',0,'0',0,0)
 ,(1,76,74,'Col right',0,'0',0,0)
 ,(1,76,71,'Col center right',0,'0',0,0)
 ,(1,76,70,'Col center left',0,'0',0,0)
 ,(1,76,64,'Header logo',0,'0',0,0)
 ,(1,76,4,'Sidebar',0,'0',0,0)
 ,(1,76,5,'Main',0,'0',0,0)
 ,(1,76,62,'Sidebar',1,'0',0,0)
 ,(1,76,136,'Col center : Layout 2 : Cell 1',1,'0',0,0)
 ,(1,76,130,'Col left',1,'0',0,0)
 ,(1,76,75,'Col right',1,'0',0,0)
 ,(1,76,72,'Col center left',1,'0',0,0)
 ,(1,76,61,'Main',1,'0',0,0)
 ,(1,76,137,'Header nav',1,'0',0,0)
 ,(1,76,6,'Main',2,'0',0,0)
 ,(1,76,58,'Main',3,'0',0,0)
 ,(1,76,138,'Col left',2,'1',0,0)
 ,(1,76,139,'Header nav',2,'1',0,0)
 ,(1,76,140,'Col left',3,'1',0,0)
 ,(71,3,1,'Header Nav',0,'0',0,0)
 ,(71,3,28,'Sidebar',0,'0',0,0)
 ,(71,3,29,'Sidebar',1,'0',0,0)
 ,(71,4,1,'Header Nav',0,'0',0,0)
 ,(71,4,28,'Sidebar',0,'0',0,0)
 ,(71,4,29,'Sidebar',1,'0',0,0)
 ,(71,4,141,'Col left',0,'1',0,0)
 ,(1,77,1,'Header Nav',0,'0',0,0)
 ,(1,77,78,'Col left',0,'0',0,0)
 ,(1,77,74,'Col right',0,'0',0,0)
 ,(1,77,71,'Col center right',0,'0',0,0)
 ,(1,77,70,'Col center left',0,'0',0,0)
 ,(1,77,64,'Header logo',0,'0',0,0)
 ,(1,77,5,'Main',0,'0',0,0)
 ,(1,77,4,'Sidebar',0,'0',0,0)
 ,(1,77,62,'Sidebar',1,'0',0,0)
 ,(1,77,75,'Col right',1,'0',0,0)
 ,(1,77,72,'Col center left',1,'0',0,0)
 ,(1,77,61,'Main',1,'0',0,0)
 ,(1,77,6,'Main',2,'0',0,0)
 ,(1,77,138,'Col left',1,'0',0,0)
 ,(1,77,139,'Header nav',1,'0',0,0)
 ,(1,77,58,'Main',3,'0',0,0)
 ,(1,78,1,'Header Nav',0,'0',0,0)
 ,(1,77,142,'Col left',3,'1',0,0)
 ,(1,78,78,'Col left',0,'0',0,0)
 ,(1,78,74,'Col right',0,'0',0,0)
 ,(1,78,71,'Col center right',0,'0',0,0)
 ,(1,78,70,'Col center left',0,'0',0,0)
 ,(1,78,64,'Header logo',0,'0',0,0)
 ,(1,78,4,'Sidebar',0,'0',0,0)
 ,(1,78,5,'Main',0,'0',0,0)
 ,(1,78,139,'Header nav',1,'0',0,0)
 ,(1,78,138,'Col left',1,'0',0,0)
 ,(1,78,75,'Col right',1,'0',0,0)
 ,(1,78,61,'Main',1,'0',0,0)
 ,(1,78,72,'Col center left',1,'0',0,0)
 ,(1,78,62,'Sidebar',1,'0',0,0)
 ,(1,78,6,'Main',2,'0',0,0)
 ,(1,78,58,'Main',3,'0',0,0)
 ,(1,78,144,'Col left',4,'1',0,0)
 ,(1,78,143,'Col left',3,'1',0,0)
 ,(1,79,1,'Header Nav',0,'0',0,0)
 ,(1,79,78,'Col left',0,'0',0,0)
 ,(1,79,74,'Col right',0,'0',0,0)
 ,(1,79,71,'Col center right',0,'0',0,0)
 ,(1,79,70,'Col center left',0,'0',0,0)
 ,(1,79,64,'Header logo',0,'0',0,0)
 ,(1,79,4,'Sidebar',0,'0',0,0)
 ,(1,79,5,'Main',0,'0',0,0)
 ,(1,79,139,'Header nav',1,'0',0,0)
 ,(1,79,138,'Col left',1,'0',0,0)
 ,(1,79,75,'Col right',1,'0',0,0)
 ,(1,79,61,'Main',1,'0',0,0)
 ,(1,79,72,'Col center left',1,'0',0,0)
 ,(1,79,62,'Sidebar',1,'0',0,0)
 ,(1,79,6,'Main',2,'0',0,0)
 ,(1,79,58,'Main',3,'0',0,0)
 ,(1,80,1,'Header Nav',0,'0',0,0)
 ,(1,79,144,'Col left',3,'0',0,0)
 ,(1,79,145,'Col left',3,'1',0,0)
 ,(1,80,78,'Col left',0,'0',0,0)
 ,(1,80,74,'Col right',0,'0',0,0)
 ,(1,80,71,'Col center right',0,'0',0,0)
 ,(1,80,70,'Col center left',0,'0',0,0)
 ,(1,80,64,'Header logo',0,'0',0,0)
 ,(1,80,4,'Sidebar',0,'0',0,0)
 ,(1,80,5,'Main',0,'0',0,0)
 ,(1,80,139,'Header nav',1,'0',0,0)
 ,(1,80,138,'Col left',1,'0',0,0)
 ,(1,80,75,'Col right',1,'0',0,0)
 ,(1,80,61,'Main',1,'0',0,0)
 ,(1,80,72,'Col center left',1,'0',0,0)
 ,(1,80,62,'Sidebar',1,'0',0,0)
 ,(1,80,6,'Main',2,'0',0,0)
 ,(1,80,58,'Main',3,'0',0,0)
 ,(1,80,144,'Col left',2,'0',0,0)
 ,(1,81,1,'Header Nav',0,'0',0,0)
 ,(1,80,146,'Col left',4,'1',0,0)
 ,(1,80,147,'Col left',3,'1',0,0)
 ,(1,81,78,'Col left',0,'0',0,0)
 ,(1,81,74,'Col right',0,'0',0,0)
 ,(1,81,71,'Col center right',0,'0',0,0)
 ,(1,81,70,'Col center left',0,'0',0,0)
 ,(1,81,64,'Header logo',0,'0',0,0)
 ,(1,81,5,'Main',0,'0',0,0)
 ,(1,81,4,'Sidebar',0,'0',0,0)
 ,(1,81,61,'Main',1,'0',0,0)
 ,(1,81,139,'Header nav',1,'0',0,0)
 ,(1,81,138,'Col left',1,'0',0,0)
 ,(1,81,75,'Col right',1,'0',0,0)
 ,(1,81,72,'Col center left',1,'0',0,0)
 ,(1,81,62,'Sidebar',1,'0',0,0)
 ,(1,81,6,'Main',2,'0',0,0)
 ,(1,81,149,'Col left',3,'1',0,0)
 ,(1,81,58,'Main',3,'0',0,0)
 ,(1,81,150,'Col center : Layout 2 : Cell 1',0,'1',0,0)
 ,(1,81,146,'Col left',4,'0',0,0)
 ,(1,81,148,'Col left',2,'1',0,0)
 ,(1,82,1,'Header Nav',0,'0',0,0)
 ,(1,82,78,'Col left',0,'0',0,0)
 ,(1,82,74,'Col right',0,'0',0,0)
 ,(1,82,71,'Col center right',0,'0',0,0)
 ,(1,82,70,'Col center left',0,'0',0,0)
 ,(1,82,64,'Header logo',0,'0',0,0)
 ,(1,82,150,'Col center : Layout 2 : Cell 1',0,'0',0,0)
 ,(1,82,5,'Main',0,'0',0,0)
 ,(1,82,4,'Sidebar',0,'0',0,0)
 ,(1,82,139,'Header nav',1,'0',0,0)
 ,(1,82,138,'Col left',1,'0',0,0)
 ,(1,82,75,'Col right',1,'0',0,0)
 ,(1,82,72,'Col center left',1,'0',0,0)
 ,(1,82,62,'Sidebar',1,'0',0,0)
 ,(1,82,61,'Main',1,'0',0,0)
 ,(1,82,6,'Main',2,'0',0,0)
 ,(1,82,152,'Col left',3,'1',0,0)
 ,(1,82,58,'Main',3,'0',0,0)
 ,(1,83,1,'Header Nav',0,'0',0,0)
 ,(1,82,146,'Col left',4,'0',0,0)
 ,(1,82,151,'Col left',2,'1',0,0)
 ,(1,83,150,'Col center : Layout 2 : Cell 1',0,'0',0,0)
 ,(1,83,78,'Col left',0,'0',0,0)
 ,(1,83,74,'Col right',0,'0',0,0)
 ,(1,83,71,'Col center right',0,'0',0,0)
 ,(1,83,70,'Col center left',0,'0',0,0)
 ,(1,83,64,'Header logo',0,'0',0,0)
 ,(1,83,4,'Sidebar',0,'0',0,0)
 ,(1,83,5,'Main',0,'0',0,0)
 ,(1,83,139,'Header nav',1,'0',0,0)
 ,(1,83,138,'Col left',1,'0',0,0)
 ,(1,83,62,'Sidebar',1,'0',0,0)
 ,(1,83,75,'Col right',1,'0',0,0)
 ,(1,83,72,'Col center left',1,'0',0,0)
 ,(1,83,61,'Main',1,'0',0,0)
 ,(1,83,6,'Main',2,'0',0,0)
 ,(1,84,1,'Header Nav',0,'0',0,0)
 ,(1,83,58,'Main',3,'0',0,0)
 ,(1,83,152,'Col left',3,'0',0,0)
 ,(1,83,146,'Col left',4,'0',0,0)
 ,(1,83,153,'Col left',2,'1',0,0)
 ,(1,85,1,'Header Nav',0,'0',0,0)
 ,(1,84,78,'Col left',0,'0',0,0)
 ,(1,84,74,'Col right',0,'0',0,0)
 ,(1,84,71,'Col center right',0,'0',0,0)
 ,(1,84,70,'Col center left',0,'0',0,0)
 ,(1,84,64,'Header logo',0,'0',0,0)
 ,(1,84,4,'Sidebar',0,'0',0,0)
 ,(1,84,5,'Main',0,'0',0,0)
 ,(1,84,139,'Header nav',1,'0',0,0)
 ,(1,84,138,'Col left',1,'0',0,0)
 ,(1,84,62,'Sidebar',1,'0',0,0)
 ,(1,84,75,'Col right',1,'0',0,0)
 ,(1,84,72,'Col center left',1,'0',0,0)
 ,(1,84,61,'Main',1,'0',0,0)
 ,(1,84,6,'Main',2,'0',0,0)
 ,(1,84,153,'Col left',2,'0',0,0)
 ,(1,84,58,'Main',3,'0',0,0)
 ,(1,84,152,'Col left',3,'0',0,0)
 ,(1,84,146,'Col left',4,'0',0,0)
 ,(1,84,154,'Col center : Layout 2 : Cell 1',0,'1',0,0)
 ,(1,85,78,'Col left',0,'0',0,0)
 ,(1,85,74,'Col right',0,'0',0,0)
 ,(1,85,71,'Col center right',0,'0',0,0)
 ,(1,85,70,'Col center left',0,'0',0,0)
 ,(1,85,64,'Header logo',0,'0',0,0)
 ,(1,85,154,'Col center : Layout 2 : Cell 1',0,'0',0,0)
 ,(1,85,5,'Main',0,'0',0,0)
 ,(1,85,4,'Sidebar',0,'0',0,0)
 ,(1,85,139,'Header nav',1,'0',0,0)
 ,(1,85,138,'Col left',1,'0',0,0)
 ,(1,85,75,'Col right',1,'0',0,0)
 ,(1,85,72,'Col center left',1,'0',0,0)
 ,(1,85,62,'Sidebar',1,'0',0,0)
 ,(1,85,61,'Main',1,'0',0,0)
 ,(1,85,6,'Main',2,'0',0,0)
 ,(1,86,1,'Header Nav',0,'0',0,0)
 ,(1,85,58,'Main',3,'0',0,0)
 ,(1,85,152,'Col left',3,'0',0,0)
 ,(1,85,146,'Col left',4,'0',0,0)
 ,(1,85,155,'Col left',2,'1',0,0)
 ,(1,86,154,'Col center : Layout 2 : Cell 1',0,'0',0,0)
 ,(1,86,78,'Col left',0,'0',0,0)
 ,(1,86,74,'Col right',0,'0',0,0)
 ,(1,86,71,'Col center right',0,'0',0,0)
 ,(1,86,70,'Col center left',0,'0',0,0)
 ,(1,86,64,'Header logo',0,'0',0,0)
 ,(1,86,4,'Sidebar',0,'0',0,0)
 ,(1,86,5,'Main',0,'0',0,0)
 ,(1,86,139,'Header nav',1,'0',0,0)
 ,(1,86,138,'Col left',1,'0',0,0)
 ,(1,86,62,'Sidebar',1,'0',0,0)
 ,(1,86,75,'Col right',1,'0',0,0)
 ,(1,86,72,'Col center left',1,'0',0,0)
 ,(1,86,61,'Main',1,'0',0,0)
 ,(1,86,6,'Main',2,'0',0,0)
 ,(1,87,1,'Header Nav',0,'0',0,0)
 ,(1,86,58,'Main',3,'0',0,0)
 ,(1,86,152,'Col left',3,'0',0,0)
 ,(1,86,146,'Col left',4,'0',0,0)
 ,(1,86,156,'Col left',2,'1',0,0)
 ,(1,87,154,'Col center : Layout 2 : Cell 1',0,'0',0,0)
 ,(1,87,78,'Col left',0,'0',0,0)
 ,(1,87,74,'Col right',0,'0',0,0)
 ,(1,87,71,'Col center right',0,'0',0,0)
 ,(1,87,70,'Col center left',0,'0',0,0)
 ,(1,87,64,'Header logo',0,'0',0,0)
 ,(1,87,4,'Sidebar',0,'0',0,0)
 ,(1,87,5,'Main',0,'0',0,0)
 ,(1,87,139,'Header nav',1,'0',0,0)
 ,(1,87,138,'Col left',1,'0',0,0)
 ,(1,87,62,'Sidebar',1,'0',0,0)
 ,(1,87,75,'Col right',1,'0',0,0)
 ,(1,87,72,'Col center left',1,'0',0,0)
 ,(1,87,61,'Main',1,'0',0,0)
 ,(1,87,6,'Main',2,'0',0,0)
 ,(1,87,156,'Col left',2,'0',0,0)
 ,(1,87,58,'Main',3,'0',0,0)
 ,(1,87,152,'Col left',3,'0',0,0)
 ,(1,87,146,'Col left',4,'0',0,0)
 ,(1,87,157,'Header center',0,'1',0,0)
 ,(1,88,1,'Header Nav',0,'0',0,0)
 ,(1,88,154,'Col center : Layout 2 : Cell 1',0,'0',0,0)
 ,(1,88,78,'Col left',0,'0',0,0)
 ,(1,88,74,'Col right',0,'0',0,0)
 ,(1,89,1,'Header Nav',0,'0',0,0)
 ,(1,88,71,'Col center right',0,'0',0,0)
 ,(1,88,70,'Col center left',0,'0',0,0)
 ,(1,88,64,'Header logo',0,'0',0,0)
 ,(1,88,5,'Main',0,'0',0,0)
 ,(1,88,4,'Sidebar',0,'0',0,0)
 ,(1,88,62,'Sidebar',1,'0',0,0)
 ,(1,88,139,'Header nav',1,'0',0,0)
 ,(1,88,138,'Col left',1,'0',0,0)
 ,(1,88,75,'Col right',1,'0',0,0)
 ,(1,88,61,'Main',1,'0',0,0)
 ,(1,88,72,'Col center left',1,'0',0,0)
 ,(1,88,6,'Main',2,'0',0,0)
 ,(1,88,156,'Col left',2,'0',0,0)
 ,(1,88,58,'Main',3,'0',0,0)
 ,(1,88,152,'Col left',3,'0',0,0)
 ,(1,88,146,'Col left',4,'0',0,0)
 ,(1,88,158,'Header center',0,'1',0,0)
 ,(1,90,1,'Header Nav',0,'0',0,0)
 ,(1,89,78,'Col left',0,'0',0,0)
 ,(1,89,74,'Col right',0,'0',0,0)
 ,(1,89,162,'Col left',3,'1',0,0)
 ,(1,89,71,'Col center right',0,'0',0,0)
 ,(1,89,70,'Col center left',0,'0',0,0)
 ,(1,89,64,'Header logo',0,'0',0,0)
 ,(1,89,5,'Main',0,'0',0,0)
 ,(1,89,4,'Sidebar',0,'0',0,0)
 ,(1,89,62,'Sidebar',1,'0',0,0)
 ,(1,89,139,'Header nav',1,'0',0,0)
 ,(1,89,138,'Col left',1,'0',0,0)
 ,(1,89,75,'Col right',1,'0',0,0)
 ,(1,89,61,'Main',1,'0',0,0)
 ,(1,89,72,'Col center left',1,'0',0,0)
 ,(1,89,6,'Main',2,'0',0,0)
 ,(1,89,156,'Col left',2,'0',0,0)
 ,(1,89,58,'Main',3,'0',0,0)
 ,(1,89,163,'Col center : Layout 2 : Cell 1',0,'1',0,0)
 ,(1,89,146,'Col left',4,'0',0,0)
 ,(1,89,164,'Header center',0,'1',0,0)
 ,(1,90,163,'Col center : Layout 2 : Cell 1',0,'0',0,0)
 ,(1,90,78,'Col left',0,'0',0,0)
 ,(1,90,74,'Col right',0,'0',0,0)
 ,(1,91,1,'Header Nav',0,'0',0,0)
 ,(1,90,71,'Col center right',0,'0',0,0)
 ,(1,90,70,'Col center left',0,'0',0,0)
 ,(1,90,64,'Header logo',0,'0',0,0)
 ,(1,90,5,'Main',0,'0',0,0)
 ,(1,90,4,'Sidebar',0,'0',0,0)
 ,(1,90,62,'Sidebar',1,'0',0,0)
 ,(1,90,139,'Header nav',1,'0',0,0)
 ,(1,90,138,'Col left',1,'0',0,0)
 ,(1,90,75,'Col right',1,'0',0,0)
 ,(1,90,61,'Main',1,'0',0,0)
 ,(1,90,72,'Col center left',1,'0',0,0)
 ,(1,90,6,'Main',2,'0',0,0)
 ,(1,90,156,'Col left',2,'0',0,0)
 ,(1,90,58,'Main',3,'0',0,0)
 ,(1,90,162,'Col left',3,'0',0,0)
 ,(1,90,146,'Col left',4,'0',0,0)
 ,(1,90,165,'Header center',0,'1',0,0)
 ,(1,91,163,'Col center : Layout 2 : Cell 1',0,'0',0,0)
 ,(1,91,78,'Col left',0,'0',0,0)
 ,(1,91,74,'Col right',0,'0',0,0)
 ,(1,91,166,'Header center',0,'1',0,0)
 ,(1,91,71,'Col center right',0,'0',0,0)
 ,(1,91,70,'Col center left',0,'0',0,0)
 ,(1,91,64,'Header logo',0,'0',0,0)
 ,(1,91,5,'Main',0,'0',0,0)
 ,(1,91,4,'Sidebar',0,'0',0,0)
 ,(1,91,62,'Sidebar',1,'0',0,0)
 ,(1,91,139,'Header nav',1,'0',0,0)
 ,(1,91,138,'Col left',1,'0',0,0)
 ,(1,91,75,'Col right',1,'0',0,0)
 ,(1,91,61,'Main',1,'0',0,0)
 ,(1,91,72,'Col center left',1,'0',0,0)
 ,(1,91,6,'Main',2,'0',0,0)
 ,(1,91,156,'Col left',2,'0',0,0)
 ,(1,91,58,'Main',3,'0',0,0)
 ,(1,91,162,'Col left',3,'0',0,0)
 ,(1,91,146,'Col left',4,'0',0,0)
 ,(1,91,167,'Header center',1,'1',0,0)
 ,(1,92,1,'Header Nav',0,'0',0,0)
 ,(1,92,78,'Col left',0,'0',0,0)
 ,(1,92,71,'Col center right',0,'0',0,0)
 ,(1,92,70,'Col center left',0,'0',0,0)
 ,(1,92,64,'Header logo',0,'0',0,0)
 ,(1,92,74,'Col right',0,'0',0,0)
 ,(1,92,163,'Col center : Layout 2 : Cell 1',0,'0',0,0)
 ,(1,92,168,'Header center : Layout 1 : Cell 1',0,'1',0,0)
 ,(1,92,5,'Main',0,'0',0,0)
 ,(1,92,4,'Sidebar',0,'0',0,0)
 ,(1,92,138,'Col left',1,'0',0,0)
 ,(1,92,139,'Header nav',1,'0',0,0)
 ,(1,92,75,'Col right',1,'0',0,0)
 ,(1,92,72,'Col center left',1,'0',0,0)
 ,(1,92,62,'Sidebar',1,'0',0,0)
 ,(1,92,61,'Main',1,'0',0,0)
 ,(1,92,156,'Col left',2,'0',0,0)
 ,(1,92,6,'Main',2,'0',0,0)
 ,(1,92,162,'Col left',3,'0',0,0)
 ,(1,92,58,'Main',3,'0',0,0)
 ,(1,92,146,'Col left',4,'0',0,0)
 ,(1,92,169,'Header center : Layout 1 : Cell 2',0,'1',0,0)
 ,(1,93,1,'Header Nav',0,'0',0,0)
 ,(1,94,1,'Header Nav',0,'0',0,0)
 ,(1,93,163,'Col center : Layout 2 : Cell 1',0,'0',0,0)
 ,(1,93,78,'Col left',0,'0',0,0)
 ,(1,93,74,'Col right',0,'0',0,0)
 ,(1,93,169,'Header center : Layout 1 : Cell 2',0,'0',0,0)
 ,(1,93,71,'Col center right',0,'0',0,0)
 ,(1,93,70,'Col center left',0,'0',0,0)
 ,(1,93,64,'Header logo',0,'0',0,0)
 ,(1,93,4,'Sidebar',0,'0',0,0)
 ,(1,93,5,'Main',0,'0',0,0)
 ,(1,93,62,'Sidebar',1,'0',0,0)
 ,(1,93,139,'Header nav',1,'0',0,0)
 ,(1,93,138,'Col left',1,'0',0,0)
 ,(1,93,75,'Col right',1,'0',0,0)
 ,(1,93,61,'Main',1,'0',0,0)
 ,(1,93,72,'Col center left',1,'0',0,0)
 ,(1,93,6,'Main',2,'0',0,0)
 ,(1,93,156,'Col left',2,'0',0,0)
 ,(1,93,162,'Col left',3,'0',0,0)
 ,(1,93,58,'Main',3,'0',0,0)
 ,(1,93,146,'Col left',4,'0',0,0)
 ,(1,93,170,'Header center : Layout 1 : Cell 1',0,'1',0,0)
 ,(1,95,1,'Header Nav',0,'0',0,0)
 ,(1,94,163,'Col center : Layout 2 : Cell 1',0,'0',0,0)
 ,(1,94,78,'Col left',0,'0',0,0)
 ,(1,94,74,'Col right',0,'0',0,0)
 ,(1,94,170,'Header center : Layout 1 : Cell 1',0,'0',0,0)
 ,(1,94,71,'Col center right',0,'0',0,0)
 ,(1,94,70,'Col center left',0,'0',0,0)
 ,(1,94,64,'Header logo',0,'0',0,0)
 ,(1,94,4,'Sidebar',0,'0',0,0)
 ,(1,94,5,'Main',0,'0',0,0)
 ,(1,94,62,'Sidebar',1,'0',0,0)
 ,(1,94,139,'Header nav',1,'0',0,0)
 ,(1,94,138,'Col left',1,'0',0,0)
 ,(1,94,75,'Col right',1,'0',0,0)
 ,(1,94,61,'Main',1,'0',0,0)
 ,(1,94,72,'Col center left',1,'0',0,0)
 ,(1,94,6,'Main',2,'0',0,0)
 ,(1,94,156,'Col left',2,'0',0,0)
 ,(1,94,162,'Col left',3,'0',0,0)
 ,(1,94,58,'Main',3,'0',0,0)
 ,(1,94,146,'Col left',4,'0',0,0)
 ,(1,94,172,'Header center : Layout 1 : Cell 2',0,'1',0,0)
 ,(1,95,170,'Header center : Layout 1 : Cell 1',0,'0',0,0)
 ,(1,95,163,'Col center : Layout 2 : Cell 1',0,'0',0,0)
 ,(1,95,78,'Col left',0,'0',0,0)
 ,(1,95,74,'Col right',0,'0',0,0)
 ,(1,95,173,'Header center : Layout 1 : Cell 2',0,'1',0,0)
 ,(1,95,71,'Col center right',0,'0',0,0)
 ,(1,95,70,'Col center left',0,'0',0,0)
 ,(1,95,64,'Header logo',0,'0',0,0)
 ,(1,95,4,'Sidebar',0,'0',0,0)
 ,(1,95,5,'Main',0,'0',0,0)
 ,(1,95,62,'Sidebar',1,'0',0,0)
 ,(1,95,139,'Header nav',1,'0',0,0)
 ,(1,95,138,'Col left',1,'0',0,0)
 ,(1,95,75,'Col right',1,'0',0,0)
 ,(1,95,61,'Main',1,'0',0,0)
 ,(1,95,72,'Col center left',1,'0',0,0)
 ,(1,95,6,'Main',2,'0',0,0)
 ,(1,95,156,'Col left',2,'0',0,0)
 ,(1,95,162,'Col left',3,'0',0,0)
 ,(1,95,58,'Main',3,'0',0,0)
 ,(1,95,146,'Col left',4,'0',0,0)
 ,(1,96,1,'Header Nav',0,'0',0,0)
 ,(1,96,170,'Header center : Layout 1 : Cell 1',0,'0',0,0)
 ,(1,96,163,'Col center : Layout 2 : Cell 1',0,'0',0,0)
 ,(1,96,78,'Col left',0,'0',0,0)
 ,(1,96,74,'Col right',0,'0',0,0)
 ,(1,97,1,'Header Nav',0,'0',0,0)
 ,(1,96,71,'Col center right',0,'0',0,0)
 ,(1,96,70,'Col center left',0,'0',0,0)
 ,(1,96,64,'Header logo',0,'0',0,0)
 ,(1,96,4,'Sidebar',0,'0',0,0)
 ,(1,96,5,'Main',0,'0',0,0)
 ,(1,96,62,'Sidebar',1,'0',0,0)
 ,(1,96,139,'Header nav',1,'0',0,0)
 ,(1,96,138,'Col left',1,'0',0,0)
 ,(1,96,75,'Col right',1,'0',0,0)
 ,(1,96,61,'Main',1,'0',0,0)
 ,(1,96,72,'Col center left',1,'0',0,0)
 ,(1,96,6,'Main',2,'0',0,0)
 ,(1,96,156,'Col left',2,'0',0,0)
 ,(1,96,162,'Col left',3,'0',0,0)
 ,(1,96,58,'Main',3,'0',0,0)
 ,(1,96,146,'Col left',4,'0',0,0)
 ,(1,96,174,'Header center : Layout 1 : Cell 2',0,'1',0,0)
 ,(1,97,170,'Header center : Layout 1 : Cell 1',0,'0',0,0)
 ,(1,98,1,'Header Nav',0,'0',0,0)
 ,(1,97,78,'Col left',0,'0',0,0)
 ,(1,97,74,'Col right',0,'0',0,0)
 ,(1,97,174,'Header center : Layout 1 : Cell 2',0,'0',0,0)
 ,(1,97,71,'Col center right',0,'0',0,0)
 ,(1,97,70,'Col center left',0,'0',0,0)
 ,(1,97,64,'Header logo',0,'0',0,0)
 ,(1,97,4,'Sidebar',0,'0',0,0)
 ,(1,97,5,'Main',0,'0',0,0)
 ,(1,97,62,'Sidebar',1,'0',0,0)
 ,(1,97,139,'Header nav',1,'0',0,0)
 ,(1,97,138,'Col left',1,'0',0,0)
 ,(1,97,75,'Col right',1,'0',0,0)
 ,(1,97,61,'Main',1,'0',0,0)
 ,(1,97,72,'Col center left',1,'0',0,0)
 ,(1,97,6,'Main',2,'0',0,0)
 ,(1,97,156,'Col left',2,'0',0,0)
 ,(1,97,162,'Col left',3,'0',0,0)
 ,(1,97,58,'Main',3,'0',0,0)
 ,(1,97,146,'Col left',4,'0',0,0)
 ,(1,97,175,'Col center : Layout 2 : Cell 1',0,'1',0,0)
 ,(1,98,174,'Header center : Layout 1 : Cell 2',0,'0',0,0)
 ,(1,98,170,'Header center : Layout 1 : Cell 1',0,'0',0,0)
 ,(1,98,78,'Col left',0,'0',0,0)
 ,(1,98,74,'Col right',0,'0',0,0)
 ,(1,99,1,'Header Nav',0,'0',0,0)
 ,(1,98,71,'Col center right',0,'0',0,0)
 ,(1,98,70,'Col center left',0,'0',0,0)
 ,(1,98,64,'Header logo',0,'0',0,0)
 ,(1,98,4,'Sidebar',0,'0',0,0)
 ,(1,98,5,'Main',0,'0',0,0)
 ,(1,98,62,'Sidebar',1,'0',0,0)
 ,(1,98,139,'Header nav',1,'0',0,0)
 ,(1,98,138,'Col left',1,'0',0,0)
 ,(1,98,75,'Col right',1,'0',0,0)
 ,(1,98,61,'Main',1,'0',0,0)
 ,(1,98,72,'Col center left',1,'0',0,0)
 ,(1,98,6,'Main',2,'0',0,0)
 ,(1,98,156,'Col left',2,'0',0,0)
 ,(1,98,162,'Col left',3,'0',0,0)
 ,(1,98,58,'Main',3,'0',0,0)
 ,(1,98,146,'Col left',4,'0',0,0)
 ,(1,98,176,'Col center : Layout 2 : Cell 1',0,'1',0,0)
 ,(1,99,174,'Header center : Layout 1 : Cell 2',0,'0',0,0)
 ,(1,100,1,'Header Nav',0,'0',0,0)
 ,(1,99,78,'Col left',0,'0',0,0)
 ,(1,99,74,'Col right',0,'0',0,0)
 ,(1,99,176,'Col center : Layout 2 : Cell 1',0,'0',0,0)
 ,(1,99,71,'Col center right',0,'0',0,0)
 ,(1,99,70,'Col center left',0,'0',0,0)
 ,(1,99,64,'Header logo',0,'0',0,0)
 ,(1,99,4,'Sidebar',0,'0',0,0)
 ,(1,99,5,'Main',0,'0',0,0)
 ,(1,99,62,'Sidebar',1,'0',0,0)
 ,(1,99,139,'Header nav',1,'0',0,0)
 ,(1,99,138,'Col left',1,'0',0,0)
 ,(1,99,75,'Col right',1,'0',0,0)
 ,(1,99,61,'Main',1,'0',0,0)
 ,(1,99,72,'Col center left',1,'0',0,0)
 ,(1,99,6,'Main',2,'0',0,0)
 ,(1,99,156,'Col left',2,'0',0,0)
 ,(1,99,162,'Col left',3,'0',0,0)
 ,(1,99,58,'Main',3,'0',0,0)
 ,(1,99,146,'Col left',4,'0',0,0)
 ,(1,99,177,'Header center : Layout 1 : Cell 1',0,'1',0,0)
 ,(1,101,1,'Header Nav',0,'0',0,0)
 ,(1,100,174,'Header center : Layout 1 : Cell 2',0,'0',0,0)
 ,(1,100,78,'Col left',0,'0',0,0)
 ,(1,100,74,'Col right',0,'0',0,0)
 ,(1,100,177,'Header center : Layout 1 : Cell 1',0,'0',0,0)
 ,(1,100,71,'Col center right',0,'0',0,0)
 ,(1,100,70,'Col center left',0,'0',0,0)
 ,(1,100,64,'Header logo',0,'0',0,0)
 ,(1,100,4,'Sidebar',0,'0',0,0)
 ,(1,100,5,'Main',0,'0',0,0)
 ,(1,100,62,'Sidebar',1,'0',0,0)
 ,(1,100,139,'Header nav',1,'0',0,0)
 ,(1,100,138,'Col left',1,'0',0,0)
 ,(1,100,75,'Col right',1,'0',0,0)
 ,(1,100,61,'Main',1,'0',0,0)
 ,(1,100,72,'Col center left',1,'0',0,0)
 ,(1,100,6,'Main',2,'0',0,0)
 ,(1,100,156,'Col left',2,'0',0,0)
 ,(1,100,162,'Col left',3,'0',0,0)
 ,(1,100,58,'Main',3,'0',0,0)
 ,(1,100,146,'Col left',4,'0',0,0)
 ,(1,100,178,'Col center : Layout 2 : Cell 1',0,'1',0,0)
 ,(1,101,177,'Header center : Layout 1 : Cell 1',0,'0',0,0)
 ,(1,101,174,'Header center : Layout 1 : Cell 2',0,'0',0,0)
 ,(1,101,78,'Col left',0,'0',0,0)
 ,(1,101,74,'Col right',0,'0',0,0)
 ,(1,101,178,'Col center : Layout 2 : Cell 1',0,'0',0,0)
 ,(1,101,71,'Col center right',0,'0',0,0)
 ,(1,101,70,'Col center left',0,'0',0,0)
 ,(1,101,64,'Header logo',0,'0',0,0)
 ,(1,101,4,'Sidebar',0,'0',0,0)
 ,(1,101,5,'Main',0,'0',0,0)
 ,(1,101,62,'Sidebar',1,'0',0,0)
 ,(1,101,139,'Header nav',1,'0',0,0)
 ,(1,101,138,'Col left',1,'0',0,0)
 ,(1,101,75,'Col right',1,'0',0,0)
 ,(1,101,61,'Main',1,'0',0,0)
 ,(1,101,72,'Col center left',1,'0',0,0)
 ,(1,101,6,'Main',2,'0',0,0)
 ,(1,101,156,'Col left',2,'0',0,0)
 ,(1,101,162,'Col left',3,'0',0,0)
 ,(1,101,58,'Main',3,'0',0,0)
 ,(1,101,146,'Col left',4,'0',0,0)
 ,(1,101,179,'footer 1',0,'1',0,0)
 ,(1,101,180,'footer 2',0,'1',0,0)
 ,(1,102,1,'Header Nav',0,'0',0,0)
 ,(1,102,179,'footer 1',0,'0',0,0)
 ,(1,102,178,'Col center : Layout 2 : Cell 1',0,'0',0,0)
 ,(1,102,177,'Header center : Layout 1 : Cell 1',0,'0',0,0)
 ,(1,102,174,'Header center : Layout 1 : Cell 2',0,'0',0,0)
 ,(1,102,78,'Col left',0,'0',0,0)
 ,(1,102,74,'Col right',0,'0',0,0)
 ,(1,102,71,'Col center right',0,'0',0,0)
 ,(1,102,70,'Col center left',0,'0',0,0)
 ,(1,102,64,'Header logo',0,'0',0,0)
 ,(1,102,4,'Sidebar',0,'0',0,0)
 ,(1,102,5,'Main',0,'0',0,0)
 ,(1,103,1,'Header Nav',0,'0',0,0)
 ,(1,102,138,'Col left',1,'0',0,0)
 ,(1,102,139,'Header nav',1,'0',0,0)
 ,(1,102,75,'Col right',1,'0',0,0)
 ,(1,102,62,'Sidebar',1,'0',0,0)
 ,(1,102,61,'Main',1,'0',0,0)
 ,(1,102,72,'Col center left',1,'0',0,0)
 ,(1,102,156,'Col left',2,'0',0,0)
 ,(1,102,6,'Main',2,'0',0,0)
 ,(1,102,58,'Main',3,'0',0,0)
 ,(1,102,162,'Col left',3,'0',0,0)
 ,(1,102,146,'Col left',4,'0',0,0)
 ,(1,102,181,'footer 2',1,'1',0,0)
 ,(1,103,179,'footer 1',0,'0',0,0)
 ,(1,103,178,'Col center : Layout 2 : Cell 1',0,'0',0,0)
 ,(1,104,1,'Header Nav',0,'0',0,0)
 ,(1,103,183,'Header center',0,'1',0,0)
 ,(1,103,78,'Col left',0,'0',0,0)
 ,(1,103,74,'Col right',0,'0',0,0)
 ,(1,103,71,'Col center right',0,'0',0,0)
 ,(1,103,70,'Col center left',0,'0',0,0)
 ,(1,103,64,'Header logo',0,'0',0,0)
 ,(1,103,4,'Sidebar',0,'0',0,0)
 ,(1,103,5,'Main',0,'0',0,0)
 ,(1,103,181,'footer 2',0,'0',0,0)
 ,(1,103,139,'Header nav',1,'0',0,0)
 ,(1,103,138,'Col left',1,'0',0,0)
 ,(1,103,75,'Col right',1,'0',0,0)
 ,(1,103,61,'Main',1,'0',0,0)
 ,(1,103,72,'Col center left',1,'0',0,0)
 ,(1,103,62,'Sidebar',1,'0',0,0)
 ,(1,103,156,'Col left',2,'0',0,0)
 ,(1,103,6,'Main',2,'0',0,0)
 ,(1,103,58,'Main',3,'0',0,0)
 ,(1,103,162,'Col left',3,'0',0,0)
 ,(1,103,146,'Col left',4,'0',0,0)
 ,(1,104,179,'footer 1',0,'0',0,0)
 ,(1,104,78,'Col left',0,'0',0,0)
 ,(1,104,74,'Col right',0,'0',0,0)
 ,(1,104,71,'Col center right',0,'0',0,0)
 ,(1,104,70,'Col center left',0,'0',0,0)
 ,(1,104,64,'Header logo',0,'0',0,0)
 ,(1,104,4,'Sidebar',0,'0',0,0)
 ,(1,104,5,'Main',0,'0',0,0)
 ,(1,104,138,'Col left',1,'0',0,0)
 ,(1,104,75,'Col right',1,'0',0,0)
 ,(1,104,72,'Col center left',1,'0',0,0)
 ,(1,104,61,'Main',1,'0',0,0)
 ,(1,104,62,'Sidebar',1,'0',0,0)
 ,(1,104,6,'Main',2,'0',0,0)
 ,(1,104,58,'Main',3,'0',0,0)
 ,(1,104,184,'Header center',0,'1',0,0)
 ,(1,104,185,'Header left',0,'1',0,0)
 ,(1,105,1,'Header Nav',0,'0',0,0)
 ,(1,105,184,'Header center',0,'0',0,0)
 ,(1,105,186,'footer 1',0,'1',0,0)
 ,(1,105,78,'Col left',0,'0',0,0)
 ,(1,105,74,'Col right',0,'0',0,0)
 ,(1,105,71,'Col center right',0,'0',0,0)
 ,(1,105,70,'Col center left',0,'0',0,0)
 ,(1,105,64,'Header logo',0,'0',0,0)
 ,(1,105,185,'Header left',0,'0',0,0)
 ,(1,105,4,'Sidebar',0,'0',0,0)
 ,(1,105,5,'Main',0,'0',0,0)
 ,(1,105,138,'Col left',1,'0',0,0)
 ,(1,105,75,'Col right',1,'0',0,0)
 ,(1,105,72,'Col center left',1,'0',0,0)
 ,(1,105,61,'Main',1,'0',0,0)
 ,(1,105,62,'Sidebar',1,'0',0,0)
 ,(1,105,6,'Main',2,'0',0,0)
 ,(1,105,58,'Main',3,'0',0,0)
 ,(1,106,1,'Header Nav',0,'0',0,0)
 ,(1,106,185,'Header left',0,'0',0,0)
 ,(1,106,184,'Header center',0,'0',0,0)
 ,(1,106,78,'Col left',0,'0',0,0)
 ,(1,106,74,'Col right',0,'0',0,0)
 ,(1,106,71,'Col center right',0,'0',0,0)
 ,(1,106,70,'Col center left',0,'0',0,0)
 ,(1,106,64,'Header logo',0,'0',0,0)
 ,(1,106,186,'footer 1',0,'0',0,0)
 ,(1,106,4,'Sidebar',0,'0',0,0)
 ,(1,106,5,'Main',0,'0',0,0)
 ,(1,106,138,'Col left',1,'0',0,0)
 ,(1,106,75,'Col right',1,'0',0,0)
 ,(1,106,72,'Col center left',1,'0',0,0)
 ,(1,106,61,'Main',1,'0',0,0)
 ,(1,106,62,'Sidebar',1,'0',0,0)
 ,(1,106,6,'Main',2,'0',0,0)
 ,(1,106,58,'Main',3,'0',0,0)
 ,(1,106,187,'Col center',0,'1',0,0)
 ,(1,107,1,'Header Nav',0,'0',0,0)
 ,(1,107,186,'footer 1',0,'0',0,0)
 ,(1,107,185,'Header left',0,'0',0,0)
 ,(1,107,184,'Header center',0,'0',0,0)
 ,(1,107,78,'Col left',0,'0',0,0)
 ,(1,107,74,'Col right',0,'0',0,0)
 ,(1,107,71,'Col center right',0,'0',0,0)
 ,(1,107,70,'Col center left',0,'0',0,0)
 ,(1,107,64,'Header logo',0,'0',0,0)
 ,(1,108,1,'Header Nav',0,'0',0,0)
 ,(1,107,4,'Sidebar',0,'0',0,0)
 ,(1,107,5,'Main',0,'0',0,0)
 ,(1,107,138,'Col left',1,'0',0,0)
 ,(1,107,62,'Sidebar',1,'0',0,0)
 ,(1,107,75,'Col right',1,'0',0,0)
 ,(1,107,72,'Col center left',1,'0',0,0)
 ,(1,107,61,'Main',1,'0',0,0)
 ,(1,107,6,'Main',2,'0',0,0)
 ,(1,107,58,'Main',3,'0',0,0)
 ,(1,107,188,'Col center',0,'1',0,0)
 ,(1,108,186,'footer 1',0,'0',0,0)
 ,(1,108,185,'Header left',0,'0',0,0)
 ,(1,108,184,'Header center',0,'0',0,0)
 ,(1,108,78,'Col left',0,'0',0,0)
 ,(1,108,74,'Col right',0,'0',0,0)
 ,(1,108,71,'Col center right',0,'0',0,0)
 ,(1,108,70,'Col center left',0,'0',0,0)
 ,(1,108,64,'Header logo',0,'0',0,0)
 ,(1,109,1,'Header Nav',0,'0',0,0)
 ,(87,1,322,'Header-nav',0,'0',0,0)
 ,(1,108,4,'Sidebar',0,'0',0,0)
 ,(1,108,5,'Main',0,'0',0,0)
 ,(1,108,138,'Col left',1,'0',0,0)
 ,(1,108,62,'Sidebar',1,'0',0,0)
 ,(1,108,75,'Col right',1,'0',0,0)
 ,(1,108,72,'Col center left',1,'0',0,0)
 ,(1,108,61,'Main',1,'0',0,0)
 ,(1,108,6,'Main',2,'0',0,0)
 ,(1,108,58,'Main',3,'0',0,0)
 ,(1,108,189,'Col center',0,'1',0,0)
 ,(1,109,186,'footer 1',0,'0',0,0)
 ,(1,109,185,'Header left',0,'0',0,0)
 ,(1,109,184,'Header center',0,'0',0,0)
 ,(1,109,78,'Col left',0,'0',0,0)
 ,(1,109,74,'Col right',0,'0',0,0)
 ,(1,109,71,'Col center right',0,'0',0,0)
 ,(1,109,70,'Col center left',0,'0',0,0)
 ,(1,109,64,'Header logo',0,'0',0,0)
 ,(1,110,1,'Header Nav',0,'0',0,0)
 ,(1,109,4,'Sidebar',0,'0',0,0)
 ,(1,109,5,'Main',0,'0',0,0)
 ,(1,109,138,'Col left',1,'0',0,0)
 ,(1,109,62,'Sidebar',1,'0',0,0)
 ,(1,109,75,'Col right',1,'0',0,0)
 ,(1,109,72,'Col center left',1,'0',0,0)
 ,(1,109,61,'Main',1,'0',0,0)
 ,(1,109,6,'Main',2,'0',0,0)
 ,(1,109,58,'Main',3,'0',0,0)
 ,(1,109,190,'Col center',0,'1',0,0)
 ,(1,110,186,'footer 1',0,'0',0,0)
 ,(1,110,185,'Header left',0,'0',0,0)
 ,(1,110,184,'Header center',0,'0',0,0)
 ,(1,110,78,'Col left',0,'0',0,0)
 ,(1,110,74,'Col right',0,'0',0,0)
 ,(1,110,71,'Col center right',0,'0',0,0)
 ,(1,110,70,'Col center left',0,'0',0,0)
 ,(1,110,64,'Header logo',0,'0',0,0)
 ,(1,110,190,'Col center',0,'0',0,0)
 ,(1,110,4,'Sidebar',0,'0',0,0)
 ,(1,110,5,'Main',0,'0',0,0)
 ,(1,110,138,'Col left',1,'0',0,0)
 ,(1,110,62,'Sidebar',1,'0',0,0)
 ,(1,110,75,'Col right',1,'0',0,0)
 ,(1,110,72,'Col center left',1,'0',0,0)
 ,(1,110,61,'Main',1,'0',0,0)
 ,(1,110,6,'Main',2,'0',0,0)
 ,(1,110,58,'Main',3,'0',0,0)
 ,(72,5,12,'Header Nav',0,'0',0,0)
 ,(72,5,14,'Blog Post Header',0,'0',0,0)
 ,(72,5,18,'Sidebar',0,'0',0,0)
 ,(72,5,40,'Blog Post Footer',0,'0',0,0)
 ,(72,5,17,'Blog Post Footer',1,'0',0,0)
 ,(72,5,33,'Sidebar',1,'0',0,0)
 ,(72,5,191,'Col center',0,'1',0,0)
 ,(1,111,1,'Header Nav',0,'0',0,0)
 ,(1,111,186,'footer 1',0,'0',0,0)
 ,(1,111,185,'Header left',0,'0',0,0)
 ,(1,111,184,'Header center',0,'0',0,0)
 ,(1,111,195,'Col left',1,'1',0,0)
 ,(1,112,194,'Col left',0,'0',0,0)
 ,(1,111,71,'Col center right',0,'0',0,0)
 ,(1,111,70,'Col center left',0,'0',0,0)
 ,(1,111,64,'Header logo',0,'0',0,0)
 ,(1,111,190,'Col center',1,'0',0,0)
 ,(1,152,252,'Sidebar',3,'0',0,0)
 ,(1,111,4,'Sidebar',0,'0',0,0)
 ,(1,111,5,'Main',0,'0',0,0)
 ,(1,111,194,'Col left',0,'1',0,0)
 ,(1,111,62,'Sidebar',1,'0',0,0)
 ,(1,112,1,'Header Nav',0,'0',0,0)
 ,(1,111,72,'Col center left',1,'0',0,0)
 ,(1,111,61,'Main',1,'0',0,0)
 ,(1,111,6,'Main',2,'0',0,0)
 ,(1,111,58,'Main',3,'0',0,0)
 ,(1,111,192,'Col center',0,'1',0,0)
 ,(1,111,193,'Header nav',1,'1',0,0)
 ,(1,111,196,'footer 2',0,'1',0,0)
 ,(1,112,192,'Col center',0,'0',0,0)
 ,(1,112,186,'footer 1',0,'0',0,0)
 ,(1,112,185,'Header left',0,'0',0,0)
 ,(1,112,184,'Header center',0,'0',0,0)
 ,(1,112,71,'Col center right',0,'0',0,0)
 ,(1,112,70,'Col center left',0,'0',0,0)
 ,(1,112,64,'Header logo',0,'0',0,0)
 ,(1,112,196,'footer 2',0,'0',0,0)
 ,(1,112,4,'Sidebar',0,'0',0,0)
 ,(1,112,5,'Main',0,'0',0,0)
 ,(1,112,195,'Col left',1,'0',0,0)
 ,(1,112,193,'Header nav',1,'0',0,0)
 ,(1,112,190,'Col center',1,'0',0,0)
 ,(1,112,72,'Col center left',1,'0',0,0)
 ,(1,112,61,'Main',1,'0',0,0)
 ,(1,112,62,'Sidebar',1,'0',0,0)
 ,(1,112,6,'Main',2,'0',0,0)
 ,(1,112,58,'Main',3,'0',0,0)
 ,(1,113,1,'Header Nav',0,'0',0,0)
 ,(1,113,194,'Col left',0,'0',0,0)
 ,(1,113,192,'Col center',0,'0',0,0)
 ,(1,113,186,'footer 1',0,'0',0,0)
 ,(1,113,185,'Header left',0,'0',0,0)
 ,(1,113,184,'Header center',0,'0',0,0)
 ,(1,113,71,'Col center right',0,'0',0,0)
 ,(1,113,70,'Col center left',0,'0',0,0)
 ,(1,113,64,'Header logo',0,'0',0,0)
 ,(1,113,196,'footer 2',0,'0',0,0)
 ,(1,152,251,'Sidebar',2,'0',0,0)
 ,(1,113,4,'Sidebar',0,'0',0,0)
 ,(1,113,5,'Main',0,'0',0,0)
 ,(1,113,195,'Col left',1,'0',0,0)
 ,(1,113,193,'Header nav',1,'0',0,0)
 ,(1,113,190,'Col center',1,'0',0,0)
 ,(1,113,72,'Col center left',1,'0',0,0)
 ,(1,113,61,'Main',1,'0',0,0)
 ,(1,113,62,'Sidebar',1,'0',0,0)
 ,(1,113,6,'Main',2,'0',0,0)
 ,(1,113,58,'Main',3,'0',0,0)
 ,(1,113,197,'Col right',0,'1',0,0)
 ,(1,114,1,'Header Nav',0,'0',0,0)
 ,(1,114,196,'footer 2',0,'0',0,0)
 ,(1,114,194,'Col left',0,'0',0,0)
 ,(1,114,192,'Col center',0,'0',0,0)
 ,(1,114,186,'footer 1',0,'0',0,0)
 ,(1,114,185,'Header left',0,'0',0,0)
 ,(1,114,184,'Header center',0,'0',0,0)
 ,(1,114,197,'Col right',0,'0',0,0)
 ,(1,114,71,'Col center right',0,'0',0,0)
 ,(1,114,70,'Col center left',0,'0',0,0)
 ,(1,114,64,'Header logo',0,'0',0,0)
 ,(1,152,253,'Main',0,'1',0,0)
 ,(1,114,4,'Sidebar',0,'0',0,0)
 ,(1,114,5,'Main',0,'0',0,0)
 ,(1,114,190,'Col center',2,'0',0,0)
 ,(1,114,193,'Header Nav',0,'0',0,0)
 ,(1,114,61,'Main',1,'0',0,0)
 ,(1,114,195,'Col left',1,'0',0,0)
 ,(1,114,62,'Sidebar',1,'0',0,0)
 ,(1,114,72,'Col center left',1,'0',0,0)
 ,(1,114,6,'Main',2,'0',0,0)
 ,(1,114,58,'Main',3,'0',0,0)
 ,(1,114,198,'Col center',1,'1',0,0)
 ,(1,115,1,'Header Nav',0,'0',0,0)
 ,(1,115,186,'footer 1',0,'0',0,0)
 ,(1,115,185,'Header left',0,'0',0,0)
 ,(1,115,184,'Header center',0,'0',0,0)
 ,(1,115,193,'Header Nav',1,'0',0,0)
 ,(1,115,71,'Col center right',0,'0',0,0)
 ,(1,115,70,'Col center left',0,'0',0,0)
 ,(1,115,64,'Header logo',0,'0',0,0)
 ,(1,115,194,'Col left',0,'0',0,0)
 ,(1,115,196,'footer 2',0,'0',0,0)
 ,(1,115,197,'Col right',0,'0',0,0)
 ,(1,115,5,'Main',0,'0',0,0)
 ,(1,115,4,'Sidebar',0,'0',0,0)
 ,(1,115,192,'Col center : Layout 1 : Cell 1',0,'0',0,0)
 ,(1,115,195,'Col left',1,'0',0,0)
 ,(1,115,72,'Col center left',1,'0',0,0)
 ,(1,115,62,'Sidebar',1,'0',0,0)
 ,(1,115,61,'Main',1,'0',0,0)
 ,(1,115,198,'Col center : Layout 2 : Cell 1',0,'0',0,0)
 ,(1,115,190,'Col center : Layout 1 : Cell 1',1,'0',0,0)
 ,(1,115,6,'Main',2,'0',0,0)
 ,(1,115,58,'Main',3,'0',0,0)
 ,(1,115,199,'Col center : Layout 1 : Cell 1',1,'1',0,0)
 ,(1,115,200,'Col center : Layout 2 : Cell 2',0,'1',0,0)
 ,(1,116,1,'Header Nav',0,'0',0,0)
 ,(1,116,184,'Header center',0,'0',0,0)
 ,(1,116,185,'Header left',0,'0',0,0)
 ,(1,116,186,'footer 1',0,'0',0,0)
 ,(1,116,192,'Col center : Layout 1 : Cell 1',0,'0',0,0)
 ,(1,116,194,'Col left',0,'0',0,0)
 ,(1,116,196,'footer 2',0,'0',0,0)
 ,(1,116,197,'Col right',0,'0',0,0)
 ,(1,117,1,'Header Nav',0,'0',0,0)
 ,(1,116,71,'Col center right',0,'0',0,0)
 ,(1,116,70,'Col center left',0,'0',0,0)
 ,(1,116,4,'Sidebar',0,'0',0,0)
 ,(1,116,5,'Main',0,'0',0,0)
 ,(1,116,203,'Col center : Layout 2 : Cell 1',0,'1',0,0)
 ,(1,116,64,'Header logo',0,'0',0,0)
 ,(1,116,190,'Col center : Layout 1 : Cell 1',1,'0',0,0)
 ,(1,116,202,'Col center : Layout 2 : Cell 2',0,'1',0,0)
 ,(1,116,72,'Col center left',1,'0',0,0)
 ,(1,116,62,'Sidebar',1,'0',0,0)
 ,(1,116,195,'Col left',1,'0',0,0)
 ,(1,116,61,'Main',1,'0',0,0)
 ,(1,116,193,'Header Nav',1,'0',0,0)
 ,(1,116,6,'Main',2,'0',0,0)
 ,(1,116,58,'Main',3,'0',0,0)
 ,(1,116,201,'Header nav',2,'1',0,0)
 ,(1,117,184,'Header center',0,'0',0,0)
 ,(1,117,185,'Header left',0,'0',0,0)
 ,(1,117,186,'footer 1',0,'0',0,0)
 ,(1,117,192,'Col center : Layout 1 : Cell 1',0,'0',0,0)
 ,(1,117,194,'Col left',0,'0',0,0)
 ,(1,117,196,'footer 2',0,'0',0,0)
 ,(1,117,197,'Col right',0,'0',0,0)
 ,(1,118,1,'Header Nav',0,'0',0,0)
 ,(1,117,71,'Col center right',0,'0',0,0)
 ,(1,117,70,'Col center left',0,'0',0,0)
 ,(1,152,72,'Col center left',1,'0',0,0)
 ,(1,117,4,'Sidebar',0,'0',0,0)
 ,(1,117,5,'Main',0,'0',0,0)
 ,(1,117,205,'Col center : Layout 2 : Cell 2',0,'1',0,0)
 ,(1,117,64,'Header logo',0,'0',0,0)
 ,(1,117,190,'Col center : Layout 1 : Cell 1',1,'0',0,0)
 ,(1,117,72,'Col center left',1,'0',0,0)
 ,(1,117,62,'Sidebar',1,'0',0,0)
 ,(1,117,195,'Col left',1,'0',0,0)
 ,(1,117,61,'Main',1,'0',0,0)
 ,(1,117,193,'Header Nav',1,'0',0,0)
 ,(1,117,6,'Main',2,'0',0,0)
 ,(1,117,201,'Header nav',2,'0',0,0)
 ,(1,117,58,'Main',3,'0',0,0)
 ,(1,117,204,'Col center : Layout 2 : Cell 1',0,'1',0,0)
 ,(1,118,184,'Header center',0,'0',0,0)
 ,(1,118,185,'Header left',0,'0',0,0)
 ,(1,118,186,'footer 1',0,'0',0,0)
 ,(1,118,192,'Col center : Layout 1 : Cell 1',0,'0',0,0)
 ,(1,118,194,'Col left',0,'0',0,0)
 ,(1,118,196,'footer 2',0,'0',0,0)
 ,(1,118,197,'Col right',0,'0',0,0)
 ,(1,118,204,'Col center : Layout 2 : Cell 1',0,'0',0,0)
 ,(1,118,71,'Col center right',0,'0',0,0)
 ,(1,118,70,'Col center left',0,'0',0,0)
 ,(1,118,4,'Sidebar',0,'0',0,0)
 ,(1,118,5,'Main',0,'0',0,0)
 ,(1,118,205,'Col center : Layout 2 : Cell 2',0,'0',0,0)
 ,(1,118,64,'Header logo',0,'0',0,0)
 ,(1,118,190,'Col center : Layout 1 : Cell 1',1,'0',0,0)
 ,(1,118,72,'Col center left',1,'0',0,0)
 ,(1,118,62,'Sidebar',1,'0',0,0)
 ,(1,118,195,'Col left',1,'0',0,0)
 ,(1,118,61,'Main',1,'0',0,0)
 ,(1,118,193,'Header Nav',1,'0',0,0)
 ,(1,118,6,'Main',2,'0',0,0)
 ,(1,118,201,'Header nav',2,'0',0,0)
 ,(1,118,58,'Main',3,'0',0,0)
 ,(1,118,206,'Col right',1,'1',0,0)
 ,(1,119,1,'Header Nav',0,'0',0,0)
 ,(1,119,185,'Header left',0,'0',0,0)
 ,(1,119,186,'footer 1',0,'0',0,0)
 ,(1,119,192,'Col center : Layout 1 : Cell 1',0,'0',0,0)
 ,(1,119,194,'Col left',0,'0',0,0)
 ,(1,119,196,'footer 2',0,'0',0,0)
 ,(1,119,197,'Col right',0,'0',0,0)
 ,(1,119,204,'Col center : Layout 2 : Cell 1',0,'0',0,0)
 ,(1,119,205,'Col center : Layout 2 : Cell 2',0,'0',0,0)
 ,(1,119,184,'Header center',0,'0',0,0)
 ,(1,119,71,'Col center right',0,'0',0,0)
 ,(1,119,70,'Col center left',0,'0',0,0)
 ,(1,119,64,'Header logo',0,'0',0,0)
 ,(1,152,62,'Sidebar',1,'0',0,0)
 ,(1,119,4,'Sidebar',0,'0',0,0)
 ,(1,119,5,'Main',0,'0',0,0)
 ,(1,119,72,'Col center left',1,'0',0,0)
 ,(1,119,195,'Col left',1,'0',0,0)
 ,(1,119,206,'Col right',1,'0',0,0)
 ,(1,119,193,'Header Nav',1,'0',0,0)
 ,(1,119,61,'Main',1,'0',0,0)
 ,(1,119,190,'Col center : Layout 1 : Cell 1',1,'0',0,0)
 ,(1,119,62,'Sidebar',1,'0',0,0)
 ,(1,119,6,'Main',2,'0',0,0)
 ,(1,119,201,'Header nav',2,'0',0,0)
 ,(1,119,58,'Main',3,'0',0,0)
 ,(1,120,1,'Header Nav',0,'0',0,0)
 ,(1,120,185,'Header left',0,'0',0,0)
 ,(1,120,186,'footer 1',0,'0',0,0)
 ,(1,120,192,'Col center : Layout 1 : Cell 1',0,'0',0,0)
 ,(1,120,194,'Col left',0,'0',0,0)
 ,(1,120,196,'footer 2',0,'0',0,0)
 ,(1,120,197,'Col right',0,'0',0,0)
 ,(1,120,204,'Col center : Layout 2 : Cell 1',0,'0',0,0)
 ,(1,120,205,'Col center : Layout 2 : Cell 2',0,'0',0,0)
 ,(1,120,184,'Header center',0,'0',0,0)
 ,(1,120,71,'Col center right',0,'0',0,0)
 ,(1,120,70,'Col center left',0,'0',0,0)
 ,(1,120,64,'Header logo',0,'0',0,0)
 ,(1,120,4,'Sidebar',0,'0',0,0)
 ,(1,120,5,'Main',0,'0',0,0)
 ,(1,120,72,'Col center left',1,'0',0,0)
 ,(1,120,195,'Col left',1,'0',0,0)
 ,(1,120,206,'Col right',1,'0',0,0)
 ,(1,120,193,'Header Nav',1,'0',0,0)
 ,(1,120,61,'Main',1,'0',0,0)
 ,(1,120,190,'Col center : Layout 1 : Cell 1',1,'0',0,0)
 ,(1,120,62,'Sidebar',1,'0',0,0)
 ,(1,120,6,'Main',2,'0',0,0)
 ,(1,120,201,'Header nav',2,'0',0,0)
 ,(1,120,58,'Main',3,'0',0,0)
 ,(1,121,1,'Header Nav',0,'0',0,0)
 ,(1,121,185,'Header left',0,'0',0,0)
 ,(1,121,186,'footer 1',0,'0',0,0)
 ,(1,121,192,'Col center : Layout 1 : Cell 1',0,'0',0,0)
 ,(1,121,194,'Col left',0,'0',0,0)
 ,(1,121,196,'footer 2',0,'0',0,0)
 ,(1,121,197,'Col right',0,'0',0,0)
 ,(1,121,204,'Col center : Layout 2 : Cell 1',0,'0',0,0)
 ,(1,121,205,'Col center : Layout 2 : Cell 2',0,'0',0,0)
 ,(1,121,184,'Header center',0,'0',0,0)
 ,(1,121,71,'Col center right',0,'0',0,0)
 ,(1,121,70,'Col center left',0,'0',0,0)
 ,(1,121,64,'Header logo',0,'0',0,0)
 ,(1,121,4,'Sidebar',0,'0',0,0)
 ,(1,121,5,'Main',0,'0',0,0)
 ,(1,121,72,'Col center left',1,'0',0,0)
 ,(1,121,195,'Col left',1,'0',0,0)
 ,(1,122,1,'Header Nav',0,'0',0,0)
 ,(1,121,193,'Header Nav',1,'0',0,0)
 ,(1,121,61,'Main',1,'0',0,0)
 ,(1,121,190,'Col center : Layout 1 : Cell 1',1,'0',0,0)
 ,(1,121,62,'Sidebar',1,'0',0,0)
 ,(1,121,6,'Main',2,'0',0,0)
 ,(1,121,201,'Header nav',2,'0',0,0)
 ,(1,121,58,'Main',3,'0',0,0)
 ,(1,121,207,'Col right',1,'1',0,0)
 ,(1,122,185,'Header left',0,'0',0,0)
 ,(1,122,186,'footer 1',0,'0',0,0)
 ,(1,122,192,'Col center : Layout 1 : Cell 1',0,'0',0,0)
 ,(1,122,194,'Col left',0,'0',0,0)
 ,(1,122,196,'footer 2',0,'0',0,0)
 ,(1,122,197,'Col right',0,'0',0,0)
 ,(1,122,204,'Col center : Layout 2 : Cell 1',0,'0',0,0)
 ,(1,122,205,'Col center : Layout 2 : Cell 2',0,'0',0,0)
 ,(1,122,184,'Header center',0,'0',0,0)
 ,(1,122,71,'Col center right',0,'0',0,0)
 ,(1,122,70,'Col center left',0,'0',0,0)
 ,(1,122,64,'Header logo',0,'0',0,0)
 ,(1,152,64,'Header logo',0,'0',0,0)
 ,(1,122,4,'Sidebar',0,'0',0,0)
 ,(1,122,5,'Main',0,'0',0,0)
 ,(1,122,72,'Col center left',1,'0',0,0)
 ,(1,122,195,'Col left',1,'0',0,0)
 ,(1,122,207,'Col right',1,'0',0,0)
 ,(1,122,193,'Header Nav',1,'0',0,0)
 ,(1,122,61,'Main',1,'0',0,0)
 ,(1,122,190,'Col center : Layout 1 : Cell 1',1,'0',0,0)
 ,(1,122,62,'Sidebar',1,'0',0,0)
 ,(1,122,6,'Main',2,'0',0,0)
 ,(1,122,201,'Header nav',2,'0',0,0)
 ,(1,122,58,'Main',3,'0',0,0)
 ,(1,123,1,'Header Nav',0,'0',0,0)
 ,(1,123,185,'Header left',0,'0',0,0)
 ,(1,123,186,'footer 1',0,'0',0,0)
 ,(1,123,192,'Col center : Layout 1 : Cell 1',0,'0',0,0)
 ,(1,123,194,'Col left',0,'0',0,0)
 ,(1,123,196,'footer 2',0,'0',0,0)
 ,(1,123,197,'Col right',0,'0',0,0)
 ,(1,123,204,'Col center : Layout 2 : Cell 1',0,'0',0,0)
 ,(1,123,205,'Col center : Layout 2 : Cell 2',0,'0',0,0)
 ,(1,123,184,'Header center',0,'0',0,0)
 ,(1,123,71,'Col center right',0,'0',0,0)
 ,(1,123,70,'Col center left',0,'0',0,0)
 ,(1,123,64,'Header logo',0,'0',0,0)
 ,(1,123,4,'Sidebar',0,'0',0,0)
 ,(1,123,5,'Main',0,'0',0,0)
 ,(1,123,72,'Col center left',1,'0',0,0)
 ,(1,123,195,'Col left',1,'0',0,0)
 ,(1,124,1,'Header Nav',0,'0',0,0)
 ,(1,123,193,'Header Nav',1,'0',0,0)
 ,(1,123,61,'Main',1,'0',0,0)
 ,(1,123,190,'Col center : Layout 1 : Cell 1',1,'0',0,0)
 ,(1,123,62,'Sidebar',1,'0',0,0)
 ,(1,123,6,'Main',2,'0',0,0)
 ,(1,123,201,'Header nav',2,'0',0,0)
 ,(1,123,58,'Main',3,'0',0,0)
 ,(1,123,208,'Col right',1,'1',0,0)
 ,(1,124,185,'Header left',0,'0',0,0)
 ,(1,124,186,'footer 1',0,'0',0,0)
 ,(1,124,192,'Col center : Layout 1 : Cell 1',0,'0',0,0)
 ,(1,124,194,'Col left',0,'0',0,0)
 ,(1,124,196,'footer 2',0,'0',0,0)
 ,(1,124,197,'Col right',0,'0',0,0)
 ,(1,124,204,'Col center : Layout 2 : Cell 1',0,'0',0,0)
 ,(1,124,205,'Col center : Layout 2 : Cell 2',0,'0',0,0)
 ,(1,124,184,'Header center',0,'0',0,0)
 ,(1,124,71,'Col center right',0,'0',0,0)
 ,(1,124,70,'Col center left',0,'0',0,0)
 ,(1,124,64,'Header logo',0,'0',0,0)
 ,(1,152,70,'Col center left',0,'0',0,0)
 ,(1,124,4,'Sidebar',0,'0',0,0)
 ,(1,124,5,'Main',0,'0',0,0)
 ,(1,124,72,'Col center left',1,'0',0,0)
 ,(1,124,195,'Col left',1,'0',0,0)
 ,(1,124,208,'Col right',1,'0',0,0)
 ,(1,124,193,'Header Nav',1,'0',0,0)
 ,(1,124,61,'Main',1,'0',0,0)
 ,(1,124,190,'Col center : Layout 1 : Cell 1',1,'0',0,0)
 ,(1,124,62,'Sidebar',1,'0',0,0)
 ,(1,124,6,'Main',2,'0',0,0)
 ,(1,124,201,'Header nav',2,'0',0,0)
 ,(1,124,58,'Main',3,'0',0,0)
 ,(1,124,209,'Header left',1,'1',0,0)
 ,(1,125,1,'Header Nav',0,'0',0,0)
 ,(1,125,185,'Header left',0,'0',0,0)
 ,(1,125,186,'footer 1',0,'0',0,0)
 ,(1,125,192,'Col center : Layout 1 : Cell 1',0,'0',0,0)
 ,(1,125,194,'Col left',0,'0',0,0)
 ,(1,125,196,'footer 2',0,'0',0,0)
 ,(1,125,197,'Col right',0,'0',0,0)
 ,(1,125,204,'Col center : Layout 2 : Cell 1',0,'0',0,0)
 ,(1,125,205,'Col center : Layout 2 : Cell 2',0,'0',0,0)
 ,(1,125,184,'Header center',0,'0',0,0)
 ,(1,125,71,'Col center right',0,'0',0,0)
 ,(1,125,70,'Col center left',0,'0',0,0)
 ,(1,125,64,'Header logo',0,'0',0,0)
 ,(1,125,4,'Sidebar',0,'0',0,0)
 ,(1,125,5,'Main',0,'0',0,0)
 ,(1,125,72,'Col center left',1,'0',0,0)
 ,(1,126,1,'Header Nav',0,'0',0,0)
 ,(1,125,195,'Col left',1,'0',0,0)
 ,(1,125,193,'Header Nav',1,'0',0,0)
 ,(1,125,61,'Main',1,'0',0,0)
 ,(1,125,190,'Col center : Layout 1 : Cell 1',1,'0',0,0)
 ,(1,125,62,'Sidebar',1,'0',0,0)
 ,(1,125,209,'Header left',1,'0',0,0)
 ,(1,125,6,'Main',2,'0',0,0)
 ,(1,125,201,'Header nav',2,'0',0,0)
 ,(1,125,58,'Main',3,'0',0,0)
 ,(1,125,210,'Col right',1,'1',0,0)
 ,(1,126,185,'Header left',0,'0',0,0)
 ,(1,126,186,'footer 1',0,'0',0,0)
 ,(1,126,192,'Col center : Layout 1 : Cell 1',0,'0',0,0)
 ,(1,126,194,'Col left',0,'0',0,0)
 ,(1,126,196,'footer 2',0,'0',0,0)
 ,(1,126,197,'Col right',0,'0',0,0)
 ,(1,126,204,'Col center : Layout 2 : Cell 1',0,'0',0,0)
 ,(1,126,205,'Col center : Layout 2 : Cell 2',0,'0',0,0)
 ,(1,126,184,'Header center',0,'0',0,0)
 ,(1,126,71,'Col center right',0,'0',0,0)
 ,(1,126,70,'Col center left',0,'0',0,0)
 ,(1,126,64,'Header logo',0,'0',0,0)
 ,(1,152,71,'Col center right',0,'0',0,0)
 ,(1,126,4,'Sidebar',0,'0',0,0)
 ,(1,126,5,'Main',0,'0',0,0)
 ,(1,126,72,'Col center left',1,'0',0,0)
 ,(1,127,1,'Header Nav',0,'0',0,0)
 ,(1,126,195,'Col left',1,'0',0,0)
 ,(1,126,193,'Header Nav',1,'0',0,0)
 ,(1,126,61,'Main',1,'0',0,0)
 ,(1,126,190,'Col center : Layout 1 : Cell 1',1,'0',0,0)
 ,(1,126,62,'Sidebar',1,'0',0,0)
 ,(1,126,210,'Col right',1,'0',0,0)
 ,(1,126,6,'Main',2,'0',0,0)
 ,(1,126,201,'Header nav',2,'0',0,0)
 ,(1,126,58,'Main',3,'0',0,0)
 ,(1,126,211,'Header left',1,'1',0,0)
 ,(1,127,185,'Header left',0,'0',0,0)
 ,(1,127,186,'footer 1',0,'0',0,0)
 ,(1,127,192,'Col center : Layout 1 : Cell 1',0,'0',0,0)
 ,(1,127,194,'Col left',0,'0',0,0)
 ,(1,127,196,'footer 2',0,'0',0,0)
 ,(1,127,197,'Col right',0,'0',0,0)
 ,(1,127,204,'Col center : Layout 2 : Cell 1',0,'0',0,0)
 ,(1,127,205,'Col center : Layout 2 : Cell 2',0,'0',0,0)
 ,(1,127,184,'Header center',0,'0',0,0)
 ,(1,127,71,'Col center right',0,'0',0,0)
 ,(1,127,70,'Col center left',0,'0',0,0)
 ,(1,127,64,'Header logo',0,'0',0,0)
 ,(1,127,4,'Sidebar',0,'0',0,0)
 ,(1,127,5,'Main',0,'0',0,0)
 ,(1,127,72,'Col center left',1,'0',0,0)
 ,(1,127,210,'Col right',1,'0',0,0)
 ,(1,127,195,'Col left',1,'0',0,0)
 ,(1,127,193,'Header Nav',1,'0',0,0)
 ,(1,127,61,'Main',1,'0',0,0)
 ,(1,127,190,'Col center : Layout 1 : Cell 1',1,'0',0,0)
 ,(1,127,62,'Sidebar',1,'0',0,0)
 ,(1,128,1,'Header Nav',0,'0',0,0)
 ,(1,127,6,'Main',2,'0',0,0)
 ,(1,127,201,'Header nav',2,'0',0,0)
 ,(1,127,58,'Main',3,'0',0,0)
 ,(1,127,212,'Header left',1,'1',0,0)
 ,(1,128,185,'Header left',0,'0',0,0)
 ,(1,128,186,'footer 1',0,'0',0,0)
 ,(1,128,192,'Col center : Layout 1 : Cell 1',0,'0',0,0)
 ,(1,128,194,'Col left',0,'0',0,0)
 ,(1,128,196,'footer 2',0,'0',0,0)
 ,(1,128,197,'Col right',0,'0',0,0)
 ,(1,128,204,'Col center : Layout 2 : Cell 1',0,'0',0,0)
 ,(1,128,205,'Col center : Layout 2 : Cell 2',0,'0',0,0)
 ,(1,128,184,'Header center',0,'0',0,0)
 ,(1,128,71,'Col center right',0,'0',0,0)
 ,(1,128,70,'Col center left',0,'0',0,0)
 ,(1,128,64,'Header logo',0,'0',0,0)
 ,(1,128,4,'Sidebar',0,'0',0,0)
 ,(1,128,5,'Main',0,'0',0,0)
 ,(1,128,72,'Col center left',1,'0',0,0)
 ,(1,128,210,'Col right',1,'0',0,0)
 ,(1,128,195,'Col left',1,'0',0,0)
 ,(1,128,193,'Header Nav',1,'0',0,0)
 ,(1,128,61,'Main',1,'0',0,0)
 ,(1,128,190,'Col center : Layout 1 : Cell 1',1,'0',0,0)
 ,(1,128,62,'Sidebar',1,'0',0,0)
 ,(1,129,1,'Header Nav',0,'0',0,0)
 ,(1,128,6,'Main',2,'0',0,0)
 ,(1,128,201,'Header nav',2,'0',0,0)
 ,(1,128,58,'Main',3,'0',0,0)
 ,(1,128,213,'Header left',1,'1',0,0)
 ,(1,129,185,'Header left',0,'0',0,0)
 ,(1,129,186,'footer 1',0,'0',0,0)
 ,(1,129,192,'Col center : Layout 1 : Cell 1',0,'0',0,0)
 ,(1,129,194,'Col left',0,'0',0,0)
 ,(1,129,196,'footer 2',0,'0',0,0)
 ,(1,129,197,'Col right',0,'0',0,0)
 ,(1,129,204,'Col center : Layout 2 : Cell 1',0,'0',0,0)
 ,(1,129,205,'Col center : Layout 2 : Cell 2',0,'0',0,0)
 ,(1,129,184,'Header center',0,'0',0,0)
 ,(1,129,71,'Col center right',0,'0',0,0)
 ,(1,129,70,'Col center left',0,'0',0,0)
 ,(1,129,64,'Header logo',0,'0',0,0)
 ,(1,152,190,'Col center : Layout 1 : Cell 1',0,'0',0,0)
 ,(1,129,4,'Sidebar',0,'0',0,0)
 ,(1,129,5,'Main',0,'0',0,0)
 ,(1,129,72,'Col center left',1,'0',0,0)
 ,(1,129,210,'Col right',1,'0',0,0)
 ,(1,129,195,'Col left',1,'0',0,0)
 ,(1,129,193,'Header Nav',1,'0',0,0)
 ,(1,129,61,'Main',1,'0',0,0)
 ,(1,129,190,'Col center : Layout 1 : Cell 1',1,'0',0,0)
 ,(1,129,62,'Sidebar',1,'0',0,0)
 ,(1,129,215,'Header left',2,'1',0,0)
 ,(1,129,6,'Main',2,'0',0,0)
 ,(1,129,201,'Header nav',2,'0',0,0)
 ,(1,129,58,'Main',3,'0',0,0)
 ,(1,129,214,'Header left',1,'1',0,0)
 ,(1,130,1,'Header Nav',0,'0',0,0)
 ,(1,130,185,'Header left',0,'0',0,0)
 ,(1,130,186,'footer 1',0,'0',0,0)
 ,(1,130,192,'Col center : Layout 1 : Cell 1',0,'0',0,0)
 ,(1,130,194,'Col left',0,'0',0,0)
 ,(1,130,196,'footer 2',0,'0',0,0)
 ,(1,130,197,'Col right',0,'0',0,0)
 ,(1,130,204,'Col center : Layout 2 : Cell 1',0,'0',0,0)
 ,(1,130,205,'Col center : Layout 2 : Cell 2',0,'0',0,0)
 ,(1,130,184,'Header center',0,'0',0,0)
 ,(1,130,71,'Col center right',0,'0',0,0)
 ,(1,130,70,'Col center left',0,'0',0,0)
 ,(1,130,64,'Header logo',0,'0',0,0)
 ,(1,152,210,'Col right',0,'0',0,0)
 ,(1,130,4,'Sidebar',0,'0',0,0)
 ,(1,130,5,'Main',0,'0',0,0)
 ,(1,130,72,'Col center left',1,'0',0,0)
 ,(1,131,1,'Header Nav',0,'0',0,0)
 ,(1,130,210,'Col right',1,'0',0,0)
 ,(1,130,195,'Col left',1,'0',0,0)
 ,(1,130,193,'Header Nav',1,'0',0,0)
 ,(1,130,61,'Main',1,'0',0,0)
 ,(1,130,190,'Col center : Layout 1 : Cell 1',1,'0',0,0)
 ,(1,130,62,'Sidebar',1,'0',0,0)
 ,(1,130,6,'Main',2,'0',0,0)
 ,(1,130,201,'Header nav',2,'0',0,0)
 ,(1,130,217,'Header left',1,'1',0,0)
 ,(1,130,58,'Main',3,'0',0,0)
 ,(1,130,216,'Header left',2,'1',0,0)
 ,(1,131,185,'Header left',0,'0',0,0)
 ,(1,131,186,'footer 1',0,'0',0,0)
 ,(1,131,192,'Col center : Layout 1 : Cell 1',0,'0',0,0)
 ,(1,131,194,'Col left',0,'0',0,0)
 ,(1,131,196,'footer 2',0,'0',0,0)
 ,(1,131,197,'Col right',0,'0',0,0)
 ,(1,131,219,'Col center : Layout 2 : Cell 2',0,'1',0,0)
 ,(1,132,1,'Header Nav',0,'0',0,0)
 ,(1,131,184,'Header center',0,'0',0,0)
 ,(1,131,71,'Col center right',0,'0',0,0)
 ,(1,131,70,'Col center left',0,'0',0,0)
 ,(1,131,64,'Header logo',0,'0',0,0)
 ,(1,131,4,'Sidebar',0,'0',0,0)
 ,(1,131,5,'Main',0,'0',0,0)
 ,(1,131,72,'Col center left',1,'0',0,0)
 ,(1,131,210,'Col right',1,'0',0,0)
 ,(1,131,195,'Col left',1,'0',0,0)
 ,(1,131,193,'Header Nav',1,'0',0,0)
 ,(1,131,61,'Main',1,'0',0,0)
 ,(1,131,190,'Col center : Layout 1 : Cell 1',1,'0',0,0)
 ,(1,131,62,'Sidebar',1,'0',0,0)
 ,(1,131,217,'Header left',1,'0',0,0)
 ,(1,131,6,'Main',2,'0',0,0)
 ,(1,131,201,'Header nav',2,'0',0,0)
 ,(1,131,216,'Header left',2,'0',0,0)
 ,(1,131,58,'Main',3,'0',0,0)
 ,(1,131,218,'Col center : Layout 2 : Cell 1',0,'1',0,0)
 ,(1,132,184,'Header center',0,'0',0,0)
 ,(1,132,185,'Header left',0,'0',0,0)
 ,(1,132,186,'footer 1',0,'0',0,0)
 ,(1,132,192,'Col center : Layout 1 : Cell 1',0,'0',0,0)
 ,(1,132,194,'Col left',0,'0',0,0)
 ,(1,132,196,'footer 2',0,'0',0,0)
 ,(1,132,197,'Col right',0,'0',0,0)
 ,(1,132,218,'Col center : Layout 2 : Cell 1',0,'0',0,0)
 ,(1,132,71,'Col center right',0,'0',0,0)
 ,(1,132,70,'Col center left',0,'0',0,0)
 ,(1,152,243,'Sidebar-Right',0,'0',0,0)
 ,(1,132,4,'Sidebar',0,'0',0,0)
 ,(1,132,5,'Main',0,'0',0,0)
 ,(1,132,219,'Col center : Layout 2 : Cell 2',0,'0',0,0)
 ,(1,132,64,'Header logo',0,'0',0,0)
 ,(1,132,72,'Col center left',1,'0',0,0)
 ,(1,132,221,'Header left',2,'1',0,0)
 ,(1,132,210,'Col right',1,'0',0,0)
 ,(1,132,190,'Col center : Layout 1 : Cell 1',1,'0',0,0)
 ,(1,132,62,'Sidebar',1,'0',0,0)
 ,(1,132,61,'Main',1,'0',0,0)
 ,(1,132,193,'Header Nav',1,'0',0,0)
 ,(1,132,195,'Col left',1,'0',0,0)
 ,(1,132,201,'Header nav',2,'0',0,0)
 ,(1,132,6,'Main',2,'0',0,0)
 ,(1,133,1,'Header Nav',0,'0',0,0)
 ,(1,132,58,'Main',3,'0',0,0)
 ,(1,132,220,'Header left',1,'1',0,0)
 ,(1,133,185,'Header left',0,'0',0,0)
 ,(1,133,186,'footer 1',0,'0',0,0)
 ,(1,133,192,'Col center : Layout 1 : Cell 1',0,'0',0,0)
 ,(1,133,194,'Col left',0,'0',0,0)
 ,(1,133,196,'footer 2',0,'0',0,0)
 ,(1,133,197,'Col right',0,'0',0,0)
 ,(1,133,218,'Col center : Layout 2 : Cell 1',0,'0',0,0)
 ,(1,133,219,'Col center : Layout 2 : Cell 2',0,'0',0,0)
 ,(1,133,184,'Header center',0,'0',0,0)
 ,(1,133,71,'Col center right',0,'0',0,0)
 ,(1,133,70,'Col center left',0,'0',0,0)
 ,(1,133,64,'Header logo',0,'0',0,0)
 ,(1,152,4,'Sidebar',0,'0',0,0)
 ,(1,133,4,'Sidebar',0,'0',0,0)
 ,(1,133,5,'Main',0,'0',0,0)
 ,(1,133,72,'Col center left',1,'0',0,0)
 ,(1,133,220,'Header left',1,'0',0,0)
 ,(1,133,210,'Col right',1,'0',0,0)
 ,(1,133,195,'Col left',1,'0',0,0)
 ,(1,133,193,'Header Nav',1,'0',0,0)
 ,(1,133,61,'Main',1,'0',0,0)
 ,(1,133,190,'Col center : Layout 1 : Cell 1',1,'0',0,0)
 ,(1,133,62,'Sidebar',1,'0',0,0)
 ,(1,133,6,'Main',2,'0',0,0)
 ,(1,133,201,'Header nav',2,'0',0,0)
 ,(1,133,221,'Header left',2,'0',0,0)
 ,(1,133,58,'Main',3,'0',0,0)
 ,(1,133,222,'Col left',2,'1',0,0)
 ,(83,1,223,'Header logo',0,'1',0,0)
 ,(83,1,224,'Header nav',0,'1',0,0)
 ,(84,1,223,'Header logo',0,'0',0,0)
 ,(84,1,224,'Header nav',0,'0',0,0)
 ,(84,2,223,'Header logo',0,'0',0,0)
 ,(84,2,224,'Header nav',0,'0',0,0)
 ,(1,134,1,'Header Nav',0,'0',0,0)
 ,(1,134,185,'Header left',0,'0',0,0)
 ,(1,134,186,'footer 1',0,'0',0,0)
 ,(1,134,192,'Col center : Layout 1 : Cell 1',0,'0',0,0)
 ,(1,134,194,'Col left',0,'0',0,0)
 ,(1,134,196,'footer 2',0,'0',0,0)
 ,(1,134,197,'Col right',0,'0',0,0)
 ,(1,134,218,'Col center : Layout 2 : Cell 1',0,'0',0,0)
 ,(1,134,219,'Col center : Layout 2 : Cell 2',0,'0',0,0)
 ,(1,134,184,'Header center',0,'0',0,0)
 ,(1,134,71,'Col center right',0,'0',0,0)
 ,(1,134,4,'Sidebar',0,'0',0,0)
 ,(1,134,70,'Col center left',0,'0',0,0)
 ,(1,134,64,'Header logo',0,'0',0,0)
 ,(1,135,1,'Header Nav',0,'0',0,0)
 ,(1,134,5,'Main',0,'0',0,0)
 ,(1,134,210,'Col right',1,'0',0,0)
 ,(1,134,220,'Header left',1,'0',0,0)
 ,(1,134,195,'Col left',1,'0',0,0)
 ,(1,134,72,'Col center left',1,'0',0,0)
 ,(1,134,193,'Header Nav',1,'0',0,0)
 ,(1,134,61,'Main',1,'0',0,0)
 ,(1,134,190,'Col center : Layout 1 : Cell 1',1,'0',0,0)
 ,(1,134,62,'Sidebar',1,'0',0,0)
 ,(1,134,221,'Header left',2,'0',0,0)
 ,(1,134,201,'Header nav',2,'0',0,0)
 ,(1,134,6,'Main',2,'0',0,0)
 ,(1,134,222,'Col left',2,'0',0,0)
 ,(1,134,58,'Main',3,'0',0,0)
 ,(1,135,192,'Col center : Layout 1 : Cell 1',0,'0',0,0)
 ,(1,135,196,'footer 2',0,'0',0,0)
 ,(1,135,186,'footer 1',0,'0',0,0)
 ,(1,135,185,'Header left',0,'0',0,0)
 ,(1,135,184,'Header center',0,'0',0,0)
 ,(1,135,197,'Col right',0,'0',0,0)
 ,(1,135,71,'Col center right',0,'0',0,0)
 ,(1,135,70,'Col center left',0,'0',0,0)
 ,(1,135,64,'Header logo',0,'0',0,0)
 ,(1,135,218,'Col center : Layout 2 : Cell 1',0,'0',0,0)
 ,(1,135,219,'Col center : Layout 2 : Cell 2',0,'0',0,0)
 ,(1,135,5,'Main',0,'0',0,0)
 ,(1,135,4,'Sidebar',0,'0',0,0)
 ,(1,135,194,'Col left',0,'0',0,0)
 ,(1,135,210,'Col right',1,'0',0,0)
 ,(1,135,220,'Header left',1,'0',0,0)
 ,(1,135,195,'Col left',1,'0',0,0)
 ,(1,135,193,'Header Nav',1,'0',0,0)
 ,(1,135,61,'Main',1,'0',0,0)
 ,(1,135,62,'Sidebar',1,'0',0,0)
 ,(1,135,72,'Col center left',1,'0',0,0)
 ,(1,135,190,'Col center : Layout 1 : Cell 1',1,'0',0,0)
 ,(1,135,201,'Header nav',2,'0',0,0)
 ,(1,135,6,'Main',2,'0',0,0)
 ,(1,135,221,'Header left',2,'0',0,0)
 ,(1,135,222,'Col left',2,'0',0,0)
 ,(1,135,58,'Main',3,'0',0,0)
 ,(1,135,225,'Header-nav',0,'1',0,0)
 ,(84,3,223,'Header logo',0,'0',0,0)
 ,(84,3,224,'Header nav',0,'0',0,0)
 ,(84,3,226,'Main',0,'1',0,0)
 ,(73,5,12,'Header Nav',0,'0',0,0)
 ,(73,5,14,'Blog Post Header',0,'0',0,0)
 ,(73,5,18,'Sidebar',0,'0',0,0)
 ,(1,151,251,'Sidebar',2,'0',0,0)
 ,(1,151,58,'Main',2,'0',0,0)
 ,(73,5,40,'Blog Post Footer',0,'0',0,0)
 ,(73,5,17,'Blog Post Footer',1,'0',0,0)
 ,(73,5,39,'Sidebar',1,'0',0,0)
 ,(84,4,223,'Header logo',0,'0',0,0)
 ,(84,4,224,'Header nav',0,'0',0,0)
 ,(84,4,226,'Main',0,'0',0,0)
 ,(84,4,227,'Main',1,'1',0,0)
 ,(84,5,223,'Header logo',0,'0',0,0)
 ,(84,5,224,'Header nav',0,'0',0,0)
 ,(84,5,226,'Main',0,'0',0,0)
 ,(84,6,223,'Header logo',0,'0',0,0)
 ,(84,5,229,'Main',1,'1',0,0)
 ,(84,6,224,'Header nav',0,'0',0,0)
 ,(84,6,226,'Main',0,'0',0,0)
 ,(84,7,223,'Header logo',0,'0',0,0)
 ,(84,6,230,'Main',1,'1',0,0)
 ,(84,7,224,'Header nav',0,'0',0,0)
 ,(84,7,226,'Main',0,'0',0,0)
 ,(1,136,1,'Header Nav',0,'0',0,0)
 ,(84,7,231,'Main',1,'1',0,0)
 ,(1,136,71,'Col center right',0,'0',0,0)
 ,(1,136,70,'Col center left',0,'0',0,0)
 ,(1,136,64,'Header logo',0,'0',0,0)
 ,(1,136,4,'Sidebar',0,'0',0,0)
 ,(1,136,5,'Main',0,'0',0,0)
 ,(1,136,72,'Col center left',1,'0',0,0)
 ,(1,136,210,'Col right',0,'0',0,0)
 ,(1,136,190,'Col center : Layout 1 : Cell 1',0,'0',0,0)
 ,(1,136,61,'Main',1,'0',0,0)
 ,(1,136,62,'Sidebar',1,'0',0,0)
 ,(1,136,6,'Main',2,'0',0,0)
 ,(1,136,58,'Main',3,'0',0,0)
 ,(1,136,232,'Main',4,'1',0,0)
 ,(1,136,233,'Main',5,'1',0,0)
 ,(1,137,1,'Header Nav',0,'0',0,0)
 ,(1,137,210,'Col right',0,'0',0,0)
 ,(1,137,190,'Col center : Layout 1 : Cell 1',0,'0',0,0)
 ,(1,137,71,'Col center right',0,'0',0,0)
 ,(1,137,70,'Col center left',0,'0',0,0)
 ,(1,137,64,'Header logo',0,'0',0,0)
 ,(1,137,5,'Main',0,'0',0,0)
 ,(1,137,4,'Sidebar',0,'0',0,0)
 ,(1,137,62,'Sidebar',1,'0',0,0)
 ,(1,137,61,'Main',1,'0',0,0)
 ,(1,137,72,'Col center left',1,'0',0,0)
 ,(1,137,6,'Main',2,'0',0,0)
 ,(1,137,58,'Main',3,'0',0,0)
 ,(1,138,1,'Header Nav',0,'0',0,0)
 ,(1,137,233,'Main',5,'0',0,0)
 ,(1,138,210,'Col right',0,'0',0,0)
 ,(1,138,190,'Col center : Layout 1 : Cell 1',0,'0',0,0)
 ,(1,138,71,'Col center right',0,'0',0,0)
 ,(1,138,70,'Col center left',0,'0',0,0)
 ,(1,138,64,'Header logo',0,'0',0,0)
 ,(1,138,5,'Main',0,'0',0,0)
 ,(1,138,4,'Sidebar',0,'0',0,0)
 ,(1,138,62,'Sidebar',1,'0',0,0)
 ,(1,138,234,'Main',4,'1',0,0)
 ,(1,138,72,'Col center left',1,'0',0,0)
 ,(1,138,6,'Main',2,'0',0,0)
 ,(1,138,58,'Main',3,'0',0,0)
 ,(1,139,1,'Header Nav',0,'0',0,0)
 ,(1,139,210,'Col right',0,'0',0,0)
 ,(1,139,190,'Col center : Layout 1 : Cell 1',0,'0',0,0)
 ,(1,139,71,'Col center right',0,'0',0,0)
 ,(1,139,70,'Col center left',0,'0',0,0)
 ,(1,139,64,'Header logo',0,'0',0,0)
 ,(1,139,5,'Main',0,'0',0,0)
 ,(1,139,4,'Sidebar',0,'0',0,0)
 ,(1,139,62,'Sidebar',1,'0',0,0)
 ,(1,139,72,'Col center left',1,'0',0,0)
 ,(1,139,6,'Main',1,'0',0,0)
 ,(1,139,58,'Main',2,'0',0,0)
 ,(1,140,1,'Header Nav',0,'0',0,0)
 ,(1,139,235,'Main',4,'1',0,0)
 ,(1,140,210,'Col right',0,'0',0,0)
 ,(1,140,190,'Col center : Layout 1 : Cell 1',0,'0',0,0)
 ,(1,140,71,'Col center right',0,'0',0,0)
 ,(1,140,70,'Col center left',0,'0',0,0)
 ,(1,140,64,'Header logo',0,'0',0,0)
 ,(1,140,5,'Main',0,'0',0,0)
 ,(1,140,4,'Sidebar',0,'0',0,0)
 ,(1,140,62,'Sidebar',1,'0',0,0)
 ,(1,140,6,'Main',1,'0',0,0)
 ,(1,140,72,'Col center left',1,'0',0,0)
 ,(1,140,58,'Main',2,'0',0,0)
 ,(1,141,1,'Header Nav',0,'0',0,0)
 ,(1,140,237,'Main',3,'1',0,0)
 ,(1,141,210,'Col right',0,'0',0,0)
 ,(1,141,190,'Col center : Layout 1 : Cell 1',0,'0',0,0)
 ,(1,141,71,'Col center right',0,'0',0,0)
 ,(1,141,70,'Col center left',0,'0',0,0)
 ,(1,141,64,'Header logo',0,'0',0,0)
 ,(1,141,5,'Main',0,'0',0,0)
 ,(1,141,4,'Sidebar',0,'0',0,0)
 ,(1,141,62,'Sidebar',1,'0',0,0)
 ,(1,141,6,'Main',1,'0',0,0)
 ,(1,141,72,'Col center left',1,'0',0,0)
 ,(1,141,58,'Main',2,'0',0,0)
 ,(1,141,239,'Main',4,'1',0,0)
 ,(1,141,238,'Main',3,'1',0,0)
 ,(1,141,240,'Main',5,'1',0,0)
 ,(1,142,1,'Header Nav',0,'0',0,0)
 ,(1,142,210,'Col right',0,'0',0,0)
 ,(1,142,190,'Col center : Layout 1 : Cell 1',0,'0',0,0)
 ,(1,142,71,'Col center right',0,'0',0,0)
 ,(1,142,70,'Col center left',0,'0',0,0)
 ,(1,142,64,'Header logo',0,'0',0,0)
 ,(1,142,5,'Main',0,'0',0,0)
 ,(1,142,4,'Sidebar',0,'0',0,0)
 ,(1,142,62,'Sidebar',1,'0',0,0)
 ,(1,142,6,'Main',1,'0',0,0)
 ,(1,142,72,'Col center left',1,'0',0,0)
 ,(1,142,58,'Main',2,'0',0,0)
 ,(1,143,1,'Header Nav',0,'0',0,0)
 ,(1,142,242,'Main',3,'1',0,0)
 ,(1,142,240,'Main',5,'0',0,0)
 ,(1,142,241,'Main',4,'1',0,0)
 ,(1,143,210,'Col right',0,'0',0,0)
 ,(1,143,190,'Col center : Layout 1 : Cell 1',0,'0',0,0)
 ,(1,143,71,'Col center right',0,'0',0,0)
 ,(1,143,70,'Col center left',0,'0',0,0)
 ,(1,143,64,'Header logo',0,'0',0,0)
 ,(1,143,5,'Main',0,'0',0,0)
 ,(1,143,4,'Sidebar',0,'0',0,0)
 ,(1,143,62,'Sidebar',1,'0',0,0)
 ,(1,143,6,'Main',1,'0',0,0)
 ,(1,143,72,'Col center left',1,'0',0,0)
 ,(1,143,58,'Main',2,'0',0,0)
 ,(1,143,242,'Main',3,'0',0,0)
 ,(1,143,241,'Main',4,'0',0,0)
 ,(1,143,243,'Sidebar-Right',0,'1',0,0)
 ,(1,144,210,'Col right',0,'0',0,0)
 ,(1,144,190,'Col center : Layout 1 : Cell 1',0,'0',0,0)
 ,(1,144,71,'Col center right',0,'0',0,0)
 ,(1,144,70,'Col center left',0,'0',0,0)
 ,(1,144,64,'Header logo',0,'0',0,0)
 ,(1,144,5,'Main',0,'0',0,0)
 ,(1,144,4,'Sidebar',0,'0',0,0)
 ,(1,144,243,'Sidebar-Right',0,'0',0,0)
 ,(1,144,62,'Sidebar',1,'0',0,0)
 ,(1,144,6,'Main',1,'0',0,0)
 ,(1,144,72,'Col center left',1,'0',0,0)
 ,(1,144,58,'Main',2,'0',0,0)
 ,(1,144,242,'Main',3,'0',0,0)
 ,(1,144,241,'Main',4,'0',0,0)
 ,(1,144,244,'Sidebar-Right',1,'1',0,0)
 ,(1,145,4,'Sidebar',0,'0',0,0)
 ,(1,145,243,'Sidebar-Right',0,'0',0,0)
 ,(1,145,210,'Col right',0,'0',0,0)
 ,(1,145,190,'Col center : Layout 1 : Cell 1',0,'0',0,0)
 ,(1,145,71,'Col center right',0,'0',0,0)
 ,(1,145,70,'Col center left',0,'0',0,0)
 ,(1,145,64,'Header logo',0,'0',0,0)
 ,(1,145,5,'Main',0,'0',0,0)
 ,(1,145,62,'Sidebar',1,'0',0,0)
 ,(1,145,72,'Col center left',1,'0',0,0)
 ,(1,145,6,'Main',1,'0',0,0)
 ,(1,145,58,'Main',2,'0',0,0)
 ,(1,145,245,'Sidebar',2,'1',0,0)
 ,(1,146,4,'Sidebar',0,'0',0,0)
 ,(1,146,243,'Sidebar-Right',0,'0',0,0)
 ,(1,146,210,'Col right',0,'0',0,0)
 ,(1,146,190,'Col center : Layout 1 : Cell 1',0,'0',0,0)
 ,(1,146,71,'Col center right',0,'0',0,0)
 ,(1,146,70,'Col center left',0,'0',0,0)
 ,(1,146,64,'Header logo',0,'0',0,0)
 ,(1,146,5,'Main',0,'0',0,0)
 ,(1,146,62,'Sidebar',1,'0',0,0)
 ,(1,146,72,'Col center left',1,'0',0,0)
 ,(1,146,6,'Main',1,'0',0,0)
 ,(1,146,58,'Main',2,'0',0,0)
 ,(1,147,4,'Sidebar',0,'0',0,0)
 ,(1,146,246,'Sidebar',2,'1',0,0)
 ,(1,147,243,'Sidebar-Right',0,'0',0,0)
 ,(1,147,210,'Col right',0,'0',0,0)
 ,(1,147,190,'Col center : Layout 1 : Cell 1',0,'0',0,0)
 ,(1,147,71,'Col center right',0,'0',0,0)
 ,(1,147,70,'Col center left',0,'0',0,0)
 ,(1,147,64,'Header logo',0,'0',0,0)
 ,(1,147,5,'Main',0,'0',0,0)
 ,(1,147,62,'Sidebar',1,'0',0,0)
 ,(1,147,72,'Col center left',1,'0',0,0)
 ,(1,147,6,'Main',1,'0',0,0)
 ,(1,147,58,'Main',2,'0',0,0)
 ,(1,148,4,'Sidebar',0,'0',0,0)
 ,(1,147,247,'Sidebar',2,'1',0,0)
 ,(1,148,243,'Sidebar-Right',0,'0',0,0)
 ,(1,148,210,'Col right',0,'0',0,0)
 ,(1,148,190,'Col center : Layout 1 : Cell 1',0,'0',0,0)
 ,(1,148,71,'Col center right',0,'0',0,0)
 ,(1,148,70,'Col center left',0,'0',0,0)
 ,(1,148,64,'Header logo',0,'0',0,0)
 ,(1,148,5,'Main',0,'0',0,0)
 ,(1,148,62,'Sidebar',1,'0',0,0)
 ,(1,148,72,'Col center left',1,'0',0,0)
 ,(1,148,6,'Main',1,'0',0,0)
 ,(1,148,58,'Main',2,'0',0,0)
 ,(1,149,4,'Sidebar',0,'0',0,0)
 ,(1,148,248,'Sidebar',2,'1',0,0)
 ,(1,149,243,'Sidebar-Right',0,'0',0,0)
 ,(1,149,210,'Col right',0,'0',0,0)
 ,(1,149,190,'Col center : Layout 1 : Cell 1',0,'0',0,0)
 ,(1,149,71,'Col center right',0,'0',0,0)
 ,(1,149,70,'Col center left',0,'0',0,0)
 ,(1,149,64,'Header logo',0,'0',0,0)
 ,(1,149,5,'Main',0,'0',0,0)
 ,(1,149,62,'Sidebar',1,'0',0,0)
 ,(1,149,72,'Col center left',1,'0',0,0)
 ,(1,149,6,'Main',1,'0',0,0)
 ,(1,149,58,'Main',2,'0',0,0)
 ,(1,149,249,'Sidebar',2,'1',0,0)
 ,(1,150,4,'Sidebar',0,'0',0,0)
 ,(1,150,243,'Sidebar-Right',0,'0',0,0)
 ,(1,150,210,'Col right',0,'0',0,0)
 ,(1,150,190,'Col center : Layout 1 : Cell 1',0,'0',0,0)
 ,(1,150,71,'Col center right',0,'0',0,0)
 ,(1,150,70,'Col center left',0,'0',0,0)
 ,(1,150,64,'Header logo',0,'0',0,0)
 ,(1,150,5,'Main',0,'0',0,0)
 ,(1,150,62,'Sidebar',1,'0',0,0)
 ,(1,150,72,'Col center left',1,'0',0,0)
 ,(1,150,6,'Main',1,'0',0,0)
 ,(1,150,58,'Main',2,'0',0,0)
 ,(1,150,250,'Sidebar',2,'1',0,0)
 ,(1,150,251,'Sidebar',3,'1',0,0)
 ,(1,150,252,'Sidebar',4,'1',0,0)
 ,(100,2,262,'Header-right',0,'0',0,0)
 ,(100,1,260,'Header',0,'0',0,0)
 ,(92,1,260,'Header',0,'0',0,0)
 ,(36,2,260,'Francais',0,'1',0,0)
 ,(92,1,262,'Header-right',0,'0',0,0)
 ,(36,2,262,'Francais',0,'1',0,0)
 ,(100,2,290,'Header-left',0,'0',0,0)
 ,(36,2,264,'Francais',1,'1',0,0)
 ,(1,153,243,'Sidebar-Right',0,'0',0,0)
 ,(85,1,290,'Header-left',0,'0',0,0)
 ,(100,2,274,'Footer-2',0,'0',0,0)
 ,(100,2,260,'Header',0,'0',0,0)
 ,(85,1,264,'Header-right',1,'0',0,0)
 ,(85,1,262,'Header-right',0,'0',0,0)
 ,(100,2,273,'Sidebar',0,'0',0,0)
 ,(100,1,264,'Header-right',1,'0',0,0)
 ,(115,1,274,'Footer-2',0,'0',0,0)
 ,(115,1,273,'Sidebar',0,'0',0,0)
 ,(100,1,273,'Sidebar',0,'0',0,0)
 ,(115,1,297,'Footer',0,'0',0,0)
 ,(115,1,290,'Header-left',0,'0',0,0)
 ,(92,1,290,'Header-left',0,'0',0,0)
 ,(100,1,262,'Header-right',0,'0',0,0)
 ,(36,2,321,'Francais',0,'1',0,0)
 ,(101,1,274,'Footer-2',0,'0',0,0)
 ,(101,1,273,'Sidebar',0,'0',0,0)
 ,(88,4,272,'Header-nav',0,'0',0,0)
 ,(101,1,262,'Header-right',0,'0',0,0)
 ,(101,1,260,'Header',0,'0',0,0)
 ,(36,2,272,'Francais',0,'1',0,0)
 ,(36,2,273,'Francais',0,'1',0,0)
 ,(36,2,274,'Francais',0,'1',0,0)
 ,(87,1,274,'Footer-2',0,'0',0,0)
 ,(101,2,260,'Header',0,'0',0,0)
 ,(88,5,272,'Header-nav',0,'0',0,0)
 ,(101,1,264,'Header-right',1,'0',0,0)
 ,(87,1,297,'Footer',0,'0',0,0)
 ,(101,1,297,'Footer',0,'0',0,0)
 ,(101,1,290,'Header-left',0,'0',0,0)
 ,(36,2,297,'Francais',0,'1',0,0)
 ,(101,2,273,'Sidebar',0,'0',0,0)
 ,(101,2,274,'Footer-2',0,'0',0,0)
 ,(88,6,272,'Header-nav',0,'0',0,0)
 ,(101,2,297,'Footer',0,'0',0,0)
 ,(101,2,290,'Header-left',0,'0',0,0)
 ,(101,2,262,'Header-right',0,'0',0,0)
 ,(87,1,273,'Sidebar',1,'0',0,0)
 ,(1,153,4,'Sidebar',0,'0',0,0)
 ,(88,7,272,'Header-nav',0,'0',0,0)
 ,(85,1,273,'Sidebar',1,'0',0,0)
 ,(104,3,260,'Header',0,'0',0,0)
 ,(101,2,264,'Header-right',1,'0',0,0)
 ,(100,1,297,'Footer',0,'0',0,0)
 ,(87,1,264,'Header-right',1,'0',0,0)
 ,(92,1,264,'Header-right',1,'0',0,0)
 ,(104,3,290,'Header-left',0,'0',0,0)
 ,(98,1,310,'Header',0,'1',0,0)
 ,(88,8,272,'Header-nav',0,'0',0,0)
 ,(1,153,210,'Col right',0,'0',0,0)
 ,(65,1,290,'Header-left',1,'0',0,0)
 ,(85,1,297,'Footer',0,'0',0,0)
 ,(85,1,274,'Footer-2',0,'0',0,0)
 ,(92,1,297,'Footer',0,'0',0,0)
 ,(1,153,70,'Col center left',0,'0',0,0)
 ,(1,153,64,'Header logo',0,'0',0,0)
 ,(100,3,260,'Header',0,'0',0,0)
 ,(1,153,72,'Col center left',1,'0',0,0)
 ,(1,153,71,'Col center right',0,'0',0,0)
 ,(100,1,290,'Header-left',0,'0',0,0)
 ,(1,153,190,'Col center : Layout 1 : Cell 1',0,'0',0,0)
 ,(115,1,264,'Header-right',0,'0',0,0)
 ,(92,1,274,'Footer-2',0,'0',0,0)
 ,(1,153,252,'Sidebar',3,'0',0,0)
 ,(1,153,313,'Main',0,'1',0,0)
 ,(100,3,262,'Header-right',0,'0',0,0)
 ,(100,3,273,'Sidebar',0,'0',0,0)
 ,(100,1,274,'Footer-2',0,'0',0,0)
 ,(1,153,251,'Sidebar',2,'0',0,0)
 ,(1,153,62,'Sidebar',1,'0',0,0)
 ,(92,1,273,'Sidebar',0,'0',0,0)
 ,(36,2,290,'Francais',0,'1',0,0)
 ,(100,2,297,'Footer',0,'0',0,0)
 ,(87,1,290,'Header-left',0,'0',0,0)
 ,(100,2,264,'Header-right',1,'0',0,0)
 ,(100,3,274,'Footer-2',0,'0',0,0)
 ,(100,3,290,'Header-left',0,'0',0,0)
 ,(100,3,297,'Footer',0,'0',0,0)
 ,(87,1,321,'Header',0,'0',0,0)
 ,(100,3,264,'Header-right',1,'0',0,0)
 ,(36,2,318,'Francais',0,'1',0,0)
 ,(36,2,322,'Francais',0,'1',0,0)
 ,(85,1,318,'Header',0,'0',0,0)
 ,(65,1,262,'Header-right',0,'0',0,0)
 ,(100,4,260,'Header',0,'0',0,0)
 ,(100,4,262,'Header-right',0,'0',0,0)
 ,(100,4,273,'Sidebar',0,'0',0,0)
 ,(100,4,274,'Footer-2',0,'0',0,0)
 ,(100,4,290,'Header-left',0,'0',0,0)
 ,(100,4,297,'Footer',0,'0',0,0)
 ,(100,4,264,'Header-right',1,'0',0,0)
 ,(100,5,341,'Main : Layout 1 : Cell 1',0,'1',0,0)
 ,(123,3,273,'Sidebar',1,'0',0,0)
 ,(123,3,262,'Header-right',0,'0',0,0)
 ,(123,1,264,'Header-right',1,'0',0,0)
 ,(123,1,274,'Footer-2',0,'0',0,0)
 ,(123,1,290,'Header-left',0,'0',0,0)
 ,(123,1,297,'Footer',0,'0',0,0)
 ,(104,3,274,'Footer-2',0,'0',0,0)
 ,(123,1,262,'Header-right',0,'0',0,0)
 ,(123,1,328,'Header-nav',0,'0',0,0)
 ,(123,1,318,'Header',0,'0',0,0)
 ,(123,1,331,'Sidebar',1,'0',0,0)
 ,(104,3,273,'Sidebar',0,'0',0,0)
 ,(123,1,273,'Sidebar',0,'0',0,0)
 ,(124,1,264,'Header-right',1,'0',0,0)
 ,(124,1,274,'Footer-2',0,'0',0,0)
 ,(124,1,290,'Header-left',0,'0',0,0)
 ,(124,1,297,'Footer',0,'0',0,0)
 ,(104,3,262,'Header-right',0,'0',0,0)
 ,(124,1,262,'Header-right',0,'0',0,0)
 ,(124,1,328,'Header-nav',0,'0',0,0)
 ,(124,1,318,'Header',0,'0',0,0)
 ,(124,1,331,'Sidebar',1,'0',0,0)
 ,(85,1,328,'Header-nav',0,'0',0,0)
 ,(124,1,273,'Sidebar',0,'0',0,0)
 ,(104,1,260,'Header',0,'0',0,0)
 ,(104,1,262,'Header-right',0,'0',0,0)
 ,(104,1,273,'Sidebar',0,'0',0,0)
 ,(104,1,274,'Footer-2',0,'0',0,0)
 ,(104,1,290,'Header-left',0,'0',0,0)
 ,(104,1,297,'Footer',0,'0',0,0)
 ,(104,1,264,'Header-right',1,'0',0,0)
 ,(104,2,260,'Header',0,'0',0,0)
 ,(104,2,262,'Header-right',0,'0',0,0)
 ,(104,2,273,'Sidebar',0,'0',0,0)
 ,(104,2,274,'Footer-2',0,'0',0,0)
 ,(104,2,290,'Header-left',0,'0',0,0)
 ,(104,2,297,'Footer',0,'0',0,0)
 ,(104,2,264,'Header-right',1,'0',0,0)
 ,(105,1,260,'Header',0,'0',0,0)
 ,(105,1,262,'Header-right',0,'0',0,0)
 ,(105,1,273,'Sidebar',0,'0',0,0)
 ,(105,1,274,'Footer-2',0,'0',0,0)
 ,(105,1,290,'Header-left',0,'0',0,0)
 ,(105,1,297,'Footer',0,'0',0,0)
 ,(105,1,264,'Header-right',1,'0',0,0)
 ,(105,2,260,'Header',0,'0',0,0)
 ,(105,2,262,'Header-right',0,'0',0,0)
 ,(105,2,273,'Sidebar',0,'0',0,0)
 ,(105,2,274,'Footer-2',0,'0',0,0)
 ,(105,2,290,'Header-left',0,'0',0,0)
 ,(105,2,297,'Footer',0,'0',0,0)
 ,(105,2,264,'Header-right',1,'0',0,0)
 ,(106,1,260,'Header',0,'0',0,0)
 ,(106,1,262,'Header-right',0,'0',0,0)
 ,(106,1,273,'Sidebar',0,'0',0,0)
 ,(106,1,274,'Footer-2',0,'0',0,0)
 ,(106,1,290,'Header-left',0,'0',0,0)
 ,(106,1,297,'Footer',0,'0',0,0)
 ,(106,1,264,'Header-right',1,'0',0,0)
 ,(106,2,260,'Header',0,'0',0,0)
 ,(106,2,262,'Header-right',0,'0',0,0)
 ,(106,2,273,'Sidebar',0,'0',0,0)
 ,(106,2,274,'Footer-2',0,'0',0,0)
 ,(106,2,290,'Header-left',0,'0',0,0)
 ,(106,2,297,'Footer',0,'0',0,0)
 ,(106,2,264,'Header-right',1,'0',0,0)
 ,(107,1,264,'Header-right',0,'0',0,0)
 ,(107,1,273,'Sidebar',0,'0',0,0)
 ,(107,1,274,'Footer-2',0,'0',0,0)
 ,(107,1,290,'Header-left',0,'0',0,0)
 ,(107,1,297,'Footer',0,'0',0,0)
 ,(107,1,321,'Header',0,'0',0,0)
 ,(107,1,322,'Header-nav',0,'0',0,0)
 ,(107,2,264,'Header-right',0,'0',0,0)
 ,(107,2,273,'Sidebar',0,'0',0,0)
 ,(107,2,274,'Footer-2',0,'0',0,0)
 ,(107,2,290,'Header-left',0,'0',0,0)
 ,(107,2,297,'Footer',0,'0',0,0)
 ,(107,2,321,'Header',0,'0',0,0)
 ,(107,2,322,'Header-nav',0,'0',0,0)
 ,(123,2,290,'Header-left',0,'0',0,0)
 ,(123,2,297,'Footer',0,'0',0,0)
 ,(123,2,318,'Header',0,'0',0,0)
 ,(123,2,328,'Header-nav',0,'0',0,0)
 ,(36,2,328,'Francais',0,'1',0,0)
 ,(123,2,262,'Header-right',0,'0',0,0)
 ,(132,1,318,'Header',0,'0',0,0)
 ,(104,3,297,'Footer',0,'0',0,0)
 ,(104,3,264,'Header-right',1,'0',0,0)
 ,(108,1,260,'Header',0,'0',0,0)
 ,(108,1,262,'Header-right',0,'0',0,0)
 ,(108,1,273,'Sidebar',0,'0',0,0)
 ,(108,1,274,'Footer-2',0,'0',0,0)
 ,(108,1,290,'Header-left',0,'0',0,0)
 ,(108,1,297,'Footer',0,'0',0,0)
 ,(108,1,264,'Header-right',1,'0',0,0)
 ,(108,2,260,'Header',0,'0',0,0)
 ,(108,2,262,'Header-right',0,'0',0,0)
 ,(108,2,273,'Sidebar',0,'0',0,0)
 ,(108,2,274,'Footer-2',0,'0',0,0)
 ,(108,2,290,'Header-left',0,'0',0,0)
 ,(108,2,297,'Footer',0,'0',0,0)
 ,(108,2,264,'Header-right',1,'0',0,0)
 ,(109,1,260,'Header',0,'0',0,0)
 ,(109,1,262,'Header-right',0,'0',0,0)
 ,(109,1,273,'Sidebar',0,'0',0,0)
 ,(109,1,274,'Footer-2',0,'0',0,0)
 ,(109,1,290,'Header-left',0,'0',0,0)
 ,(109,1,297,'Footer',0,'0',0,0)
 ,(109,1,264,'Header-right',1,'0',0,0)
 ,(109,2,260,'Header',0,'0',0,0)
 ,(109,2,262,'Header-right',0,'0',0,0)
 ,(109,2,273,'Sidebar',0,'0',0,0)
 ,(109,2,274,'Footer-2',0,'0',0,0)
 ,(109,2,290,'Header-left',0,'0',0,0)
 ,(109,2,297,'Footer',0,'0',0,0)
 ,(109,2,264,'Header-right',1,'0',0,0)
 ,(110,1,260,'Header',0,'0',0,0)
 ,(110,1,262,'Header-right',0,'0',0,0)
 ,(110,1,273,'Sidebar',0,'0',0,0)
 ,(110,1,274,'Footer-2',0,'0',0,0)
 ,(110,1,290,'Header-left',0,'0',0,0)
 ,(110,1,297,'Footer',0,'0',0,0)
 ,(110,1,264,'Header-right',1,'0',0,0)
 ,(110,2,260,'Header',0,'0',0,0)
 ,(110,2,262,'Header-right',0,'0',0,0)
 ,(110,2,273,'Sidebar',0,'0',0,0)
 ,(110,2,274,'Footer-2',0,'0',0,0)
 ,(110,2,290,'Header-left',0,'0',0,0)
 ,(110,2,297,'Footer',0,'0',0,0)
 ,(110,2,264,'Header-right',1,'0',0,0)
 ,(111,1,260,'Header',0,'0',0,0)
 ,(111,1,262,'Header-right',0,'0',0,0)
 ,(111,1,273,'Sidebar',0,'0',0,0)
 ,(111,1,274,'Footer-2',0,'0',0,0)
 ,(111,1,290,'Header-left',0,'0',0,0)
 ,(111,1,297,'Footer',0,'0',0,0)
 ,(111,1,264,'Header-right',1,'0',0,0)
 ,(111,2,260,'Header',0,'0',0,0)
 ,(111,2,262,'Header-right',0,'0',0,0)
 ,(111,2,273,'Sidebar',0,'0',0,0)
 ,(111,2,274,'Footer-2',0,'0',0,0)
 ,(111,2,290,'Header-left',0,'0',0,0)
 ,(111,2,297,'Footer',0,'0',0,0)
 ,(111,2,264,'Header-right',1,'0',0,0)
 ,(112,1,260,'Header',0,'0',0,0)
 ,(112,1,262,'Header-right',0,'0',0,0)
 ,(112,1,273,'Sidebar',0,'0',0,0)
 ,(112,1,274,'Footer-2',0,'0',0,0)
 ,(112,1,290,'Header-left',0,'0',0,0)
 ,(112,1,297,'Footer',0,'0',0,0)
 ,(112,1,264,'Header-right',1,'0',0,0)
 ,(112,2,260,'Header',0,'0',0,0)
 ,(112,2,262,'Header-right',0,'0',0,0)
 ,(112,2,273,'Sidebar',0,'0',0,0)
 ,(112,2,274,'Footer-2',0,'0',0,0)
 ,(112,2,290,'Header-left',0,'0',0,0)
 ,(112,2,297,'Footer',0,'0',0,0)
 ,(112,2,264,'Header-right',1,'0',0,0)
 ,(113,1,260,'Header',0,'0',0,0)
 ,(113,1,262,'Header-right',0,'0',0,0)
 ,(113,1,273,'Sidebar',0,'0',0,0)
 ,(113,1,274,'Footer-2',0,'0',0,0)
 ,(113,1,290,'Header-left',0,'0',0,0)
 ,(113,1,297,'Footer',0,'0',0,0)
 ,(113,1,264,'Header-right',1,'0',0,0)
 ,(113,2,260,'Header',0,'0',0,0)
 ,(113,2,262,'Header-right',0,'0',0,0)
 ,(113,2,273,'Sidebar',0,'0',0,0)
 ,(113,2,274,'Footer-2',0,'0',0,0)
 ,(113,2,290,'Header-left',0,'0',0,0)
 ,(113,2,297,'Footer',0,'0',0,0)
 ,(113,2,264,'Header-right',1,'0',0,0)
 ,(114,1,260,'Header',0,'0',0,0)
 ,(114,1,262,'Header-right',0,'0',0,0)
 ,(114,1,273,'Sidebar',0,'0',0,0)
 ,(114,1,274,'Footer-2',0,'0',0,0)
 ,(114,1,290,'Header-left',0,'0',0,0)
 ,(114,1,297,'Footer',0,'0',0,0)
 ,(114,1,264,'Header-right',1,'0',0,0)
 ,(114,2,260,'Header',0,'0',0,0)
 ,(114,2,262,'Header-right',0,'0',0,0)
 ,(114,2,273,'Sidebar',0,'0',0,0)
 ,(114,2,274,'Footer-2',0,'0',0,0)
 ,(114,2,290,'Header-left',0,'0',0,0)
 ,(114,2,297,'Footer',0,'0',0,0)
 ,(114,2,264,'Header-right',1,'0',0,0)
 ,(115,1,321,'Header',0,'0',0,0)
 ,(115,1,322,'Header-nav',0,'0',0,0)
 ,(115,2,264,'Header-right',0,'0',0,0)
 ,(115,2,273,'Sidebar',0,'0',0,0)
 ,(115,2,274,'Footer-2',0,'0',0,0)
 ,(115,2,290,'Header-left',0,'0',0,0)
 ,(115,2,297,'Footer',0,'0',0,0)
 ,(115,2,321,'Header',0,'0',0,0)
 ,(115,2,322,'Header-nav',0,'0',0,0)
 ,(140,1,290,'Header-left',0,'0',0,0)
 ,(140,1,297,'Footer',0,'0',0,0)
 ,(140,1,321,'Header',0,'0',0,0)
 ,(140,1,322,'Header-nav',0,'0',0,0)
 ,(140,1,336,'Sidebar-Right',0,'0',0,0)
 ,(140,1,262,'Header-right',0,'0',0,0)
 ,(140,1,264,'Header-right',1,'0',0,0)
 ,(140,1,273,'Sidebar',1,'0',0,0)
 ,(140,1,338,'Sidebar',0,'0',0,0)
 ,(140,1,274,'Footer-2',0,'0',0,0)
 ,(141,1,290,'Header-left',0,'0',0,0)
 ,(141,1,297,'Footer',0,'0',0,0)
 ,(141,1,321,'Header',0,'0',0,0)
 ,(141,1,322,'Header-nav',0,'0',0,0)
 ,(141,1,336,'Sidebar-Right',0,'0',0,0)
 ,(141,1,262,'Header-right',0,'0',0,0)
 ,(141,1,264,'Header-right',1,'0',0,0)
 ,(141,1,273,'Sidebar',1,'0',0,0)
 ,(141,1,338,'Sidebar',0,'0',0,0)
 ,(141,1,274,'Footer-2',0,'0',0,0)
 ,(142,1,290,'Header-left',0,'0',0,0)
 ,(142,1,297,'Footer',0,'0',0,0)
 ,(142,1,321,'Header',0,'0',0,0)
 ,(142,1,322,'Header-nav',0,'0',0,0)
 ,(142,1,336,'Sidebar-Right',0,'0',0,0)
 ,(142,1,262,'Header-right',0,'0',0,0)
 ,(142,1,264,'Header-right',1,'0',0,0)
 ,(142,1,273,'Sidebar',1,'0',0,0)
 ,(142,1,338,'Sidebar',0,'0',0,0)
 ,(142,1,274,'Footer-2',0,'0',0,0)
 ,(143,1,290,'Header-left',0,'0',0,0)
 ,(143,1,297,'Footer',0,'0',0,0)
 ,(143,1,321,'Header',0,'0',0,0)
 ,(143,1,322,'Header-nav',0,'0',0,0)
 ,(143,1,336,'Sidebar-Right',0,'0',0,0)
 ,(143,1,262,'Header-right',0,'0',0,0)
 ,(143,1,264,'Header-right',1,'0',0,0)
 ,(143,1,273,'Sidebar',1,'0',0,0)
 ,(143,1,338,'Sidebar',0,'0',0,0)
 ,(143,1,274,'Footer-2',0,'0',0,0)
 ,(120,1,264,'Header-right',0,'0',0,0)
 ,(120,1,273,'Sidebar',0,'0',0,0)
 ,(120,1,274,'Footer-2',0,'0',0,0)
 ,(120,1,290,'Header-left',0,'0',0,0)
 ,(120,1,297,'Footer',0,'0',0,0)
 ,(120,1,321,'Header',0,'0',0,0)
 ,(120,1,322,'Header-nav',0,'0',0,0)
 ,(120,2,264,'Header-right',0,'0',0,0)
 ,(120,2,273,'Sidebar',0,'0',0,0)
 ,(120,2,274,'Footer-2',0,'0',0,0)
 ,(120,2,290,'Header-left',0,'0',0,0)
 ,(120,2,297,'Footer',0,'0',0,0)
 ,(120,2,321,'Header',0,'0',0,0)
 ,(120,2,322,'Header-nav',0,'0',0,0)
 ,(122,1,322,'Header-nav',0,'0',0,0)
 ,(122,1,321,'Header',0,'0',0,0)
 ,(122,1,297,'Footer',0,'0',0,0)
 ,(122,1,290,'Header-left',0,'0',0,0)
 ,(122,1,274,'Footer-2',0,'0',0,0)
 ,(122,1,273,'Sidebar',0,'0',0,0)
 ,(122,1,264,'Header-right',0,'0',0,0)
 ,(122,2,321,'Header',0,'0',0,0)
 ,(122,2,297,'Footer',0,'0',0,0)
 ,(122,2,290,'Header-left',0,'0',0,0)
 ,(122,2,274,'Footer-2',0,'0',0,0)
 ,(122,2,273,'Sidebar',0,'0',0,0)
 ,(122,2,264,'Header-right',0,'0',0,0)
 ,(122,2,322,'Header-nav',0,'0',0,0)
 ,(85,1,331,'Sidebar-Right',0,'0',0,0)
 ,(36,2,331,'Francais',0,'1',0,0)
 ,(132,1,297,'Footer',0,'0',0,0)
 ,(132,1,290,'Header-left',0,'0',0,0)
 ,(123,2,273,'Sidebar',0,'0',0,0)
 ,(123,2,274,'Footer-2',0,'0',0,0)
 ,(123,2,264,'Header-right',1,'0',0,0)
 ,(123,2,331,'Sidebar',1,'0',0,0)
 ,(132,1,274,'Footer-2',0,'0',0,0)
 ,(132,1,273,'Sidebar',0,'0',0,0)
 ,(124,2,262,'Header-right',0,'0',0,0)
 ,(124,2,328,'Header-nav',0,'0',0,0)
 ,(124,2,318,'Header',0,'0',0,0)
 ,(124,2,297,'Footer',0,'0',0,0)
 ,(124,2,290,'Header-left',0,'0',0,0)
 ,(124,2,274,'Footer-2',0,'0',0,0)
 ,(124,2,273,'Sidebar',0,'0',0,0)
 ,(124,2,264,'Header-right',1,'0',0,0)
 ,(124,2,331,'Sidebar',1,'0',0,0)
 ,(132,1,262,'Header-right',0,'0',0,0)
 ,(87,1,336,'Sidebar-Right',0,'0',0,0)
 ,(107,3,264,'Header-right',1,'0',0,0)
 ,(36,2,336,'Francais',1,'1',0,0)
 ,(125,1,264,'Header-right',0,'0',0,0)
 ,(125,1,274,'Footer-2',0,'0',0,0)
 ,(125,1,290,'Header-left',0,'0',0,0)
 ,(125,1,297,'Footer',0,'0',0,0)
 ,(125,1,321,'Header',0,'0',0,0)
 ,(125,1,322,'Header-nav',0,'0',0,0)
 ,(125,1,336,'Sidebar',0,'0',0,0)
 ,(125,1,273,'Sidebar',1,'0',0,0)
 ,(125,2,264,'Header-right',0,'0',0,0)
 ,(125,2,274,'Footer-2',0,'0',0,0)
 ,(125,2,290,'Header-left',0,'0',0,0)
 ,(125,2,297,'Footer',0,'0',0,0)
 ,(125,2,321,'Header',0,'0',0,0)
 ,(125,2,322,'Header-nav',0,'0',0,0)
 ,(125,2,336,'Sidebar',0,'0',0,0)
 ,(125,2,273,'Sidebar',1,'0',0,0)
 ,(136,1,338,'Sidebar',0,'0',0,0)
 ,(136,1,274,'Footer-2',0,'0',0,0)
 ,(136,1,290,'Header-left',0,'0',0,0)
 ,(136,1,297,'Footer',0,'0',0,0)
 ,(136,1,321,'Header',0,'0',0,0)
 ,(136,1,322,'Header-nav',0,'0',0,0)
 ,(136,1,262,'Header-right',0,'0',0,0)
 ,(136,1,336,'Sidebar-Right',0,'0',0,0)
 ,(136,2,262,'Header-right',0,'0',0,0)
 ,(136,1,264,'Header-right',1,'0',0,0)
 ,(136,1,273,'Sidebar',1,'0',0,0)
 ,(134,1,338,'Sidebar',0,'0',0,0)
 ,(134,1,274,'Footer-2',0,'0',0,0)
 ,(134,1,290,'Header-left',0,'0',0,0)
 ,(134,1,297,'Footer',0,'0',0,0)
 ,(134,1,321,'Header',0,'0',0,0)
 ,(134,1,322,'Header-nav',0,'0',0,0)
 ,(134,1,262,'Header-right',0,'0',0,0)
 ,(134,1,336,'Sidebar-Right',0,'0',0,0)
 ,(134,2,262,'Header-right',0,'0',0,0)
 ,(134,1,264,'Header-right',1,'0',0,0)
 ,(134,1,273,'Sidebar',1,'0',0,0)
 ,(135,1,338,'Sidebar',0,'0',0,0)
 ,(135,1,274,'Footer-2',0,'0',0,0)
 ,(135,1,290,'Header-left',0,'0',0,0)
 ,(135,1,297,'Footer',0,'0',0,0)
 ,(135,1,321,'Header',0,'0',0,0)
 ,(135,1,322,'Header-nav',0,'0',0,0)
 ,(135,1,262,'Header-right',0,'0',0,0)
 ,(135,1,336,'Sidebar-Right',0,'0',0,0)
 ,(135,2,262,'Header-right',0,'0',0,0)
 ,(135,1,264,'Header-right',1,'0',0,0)
 ,(135,1,273,'Sidebar',1,'0',0,0)
 ,(137,1,338,'Sidebar',0,'0',0,0)
 ,(137,1,274,'Footer-2',0,'0',0,0)
 ,(137,1,290,'Header-left',0,'0',0,0)
 ,(137,1,297,'Footer',0,'0',0,0)
 ,(137,1,321,'Header',0,'0',0,0)
 ,(137,1,322,'Header-nav',0,'0',0,0)
 ,(137,1,262,'Header-right',0,'0',0,0)
 ,(137,1,336,'Sidebar-Right',0,'0',0,0)
 ,(137,2,262,'Header-right',0,'0',0,0)
 ,(137,1,264,'Header-right',1,'0',0,0)
 ,(137,1,273,'Sidebar',1,'0',0,0)
 ,(138,1,338,'Sidebar',0,'0',0,0)
 ,(138,1,274,'Footer-2',0,'0',0,0)
 ,(138,1,290,'Header-left',0,'0',0,0)
 ,(138,1,297,'Footer',0,'0',0,0)
 ,(138,1,321,'Header',0,'0',0,0)
 ,(138,1,322,'Header-nav',0,'0',0,0)
 ,(138,1,262,'Header-right',0,'0',0,0)
 ,(138,1,336,'Sidebar-Right',0,'0',0,0)
 ,(138,2,262,'Header-right',0,'0',0,0)
 ,(138,1,264,'Header-right',1,'0',0,0)
 ,(138,1,273,'Sidebar',1,'0',0,0)
 ,(139,1,338,'Sidebar',0,'0',0,0)
 ,(139,1,274,'Footer-2',0,'0',0,0)
 ,(139,1,290,'Header-left',0,'0',0,0)
 ,(139,1,297,'Footer',0,'0',0,0)
 ,(139,1,321,'Header',0,'0',0,0)
 ,(139,1,322,'Header-nav',0,'0',0,0)
 ,(139,1,262,'Header-right',0,'0',0,0)
 ,(139,1,336,'Sidebar-Right',0,'0',0,0)
 ,(139,2,262,'Header-right',0,'0',0,0)
 ,(139,1,264,'Header-right',1,'0',0,0)
 ,(139,1,273,'Sidebar',1,'0',0,0)
 ,(87,1,338,'Sidebar',0,'0',0,0)
 ,(36,2,338,'Francais',0,'1',0,0)
 ,(87,1,262,'Header-right',0,'0',0,0)
 ,(107,3,273,'Sidebar',0,'0',0,0)
 ,(107,3,274,'Footer-2',0,'0',0,0)
 ,(107,3,290,'Header-left',0,'0',0,0)
 ,(107,3,297,'Footer',0,'0',0,0)
 ,(107,3,321,'Header',0,'0',0,0)
 ,(107,3,322,'Header-nav',0,'0',0,0)
 ,(107,3,262,'Header-right',0,'0',0,0)
 ,(107,3,338,'Sidebar',1,'0',0,0)
 ,(107,4,262,'Header-right',0,'0',0,0)
 ,(107,4,273,'Sidebar',1,'0',0,0)
 ,(107,4,274,'Footer-2',0,'0',0,0)
 ,(107,4,290,'Header-left',0,'0',0,0)
 ,(107,4,297,'Footer',0,'0',0,0)
 ,(107,4,321,'Header',0,'0',0,0)
 ,(107,4,322,'Header-nav',0,'0',0,0)
 ,(107,4,264,'Header-right',1,'0',0,0)
 ,(107,4,338,'Sidebar',0,'0',0,0)
 ,(107,4,336,'Sidebar-Right',0,'0',0,0)
 ,(132,1,328,'Header-nav',0,'0',0,0)
 ,(132,1,331,'Sidebar-Right',0,'0',0,0)
 ,(132,1,264,'Header-right',1,'0',0,0)
 ,(132,2,262,'Header-right',0,'0',0,0)
 ,(132,2,273,'Sidebar',0,'0',0,0)
 ,(132,2,274,'Footer-2',0,'0',0,0)
 ,(132,2,290,'Header-left',0,'0',0,0)
 ,(132,2,297,'Footer',0,'0',0,0)
 ,(132,2,318,'Header',0,'0',0,0)
 ,(132,2,328,'Header-nav',0,'0',0,0)
 ,(132,2,331,'Sidebar-Right',0,'0',0,0)
 ,(132,2,264,'Header-right',1,'0',0,0)
 ,(133,1,262,'Header-right',0,'0',0,0)
 ,(133,1,273,'Sidebar',0,'0',0,0)
 ,(133,1,274,'Footer-2',0,'0',0,0)
 ,(133,1,290,'Header-left',0,'0',0,0)
 ,(133,1,297,'Footer',0,'0',0,0)
 ,(133,1,318,'Header',0,'0',0,0)
 ,(133,1,328,'Header-nav',0,'0',0,0)
 ,(133,1,331,'Sidebar-Right',0,'0',0,0)
 ,(133,1,264,'Header-right',1,'0',0,0)
 ,(133,2,262,'Header-right',0,'0',0,0)
 ,(133,2,273,'Sidebar',0,'0',0,0)
 ,(133,2,274,'Footer-2',0,'0',0,0)
 ,(133,2,290,'Header-left',0,'0',0,0)
 ,(133,2,297,'Footer',0,'0',0,0)
 ,(133,2,318,'Header',0,'0',0,0)
 ,(133,2,328,'Header-nav',0,'0',0,0)
 ,(133,2,331,'Sidebar-Right',0,'0',0,0)
 ,(133,2,264,'Header-right',1,'0',0,0)
 ,(85,1,340,'Sidebar',0,'0',0,0)
 ,(132,3,262,'Header-right',0,'0',0,0)
 ,(132,3,273,'Sidebar',0,'0',0,0)
 ,(132,3,274,'Footer-2',0,'0',0,0)
 ,(132,3,290,'Header-left',0,'0',0,0)
 ,(132,3,297,'Footer',0,'0',0,0)
 ,(132,3,318,'Header',0,'0',0,0)
 ,(132,3,328,'Header-nav',0,'0',0,0)
 ,(132,3,331,'Sidebar-Right',0,'0',0,0)
 ,(132,3,264,'Header-right',1,'0',0,0)
 ,(36,2,340,'Francais',1,'1',0,0)
 ,(100,5,260,'Header',0,'0',0,0)
 ,(100,5,262,'Header-right',0,'0',0,0)
 ,(100,5,273,'Sidebar',0,'0',0,0)
 ,(100,5,274,'Footer-2',0,'0',0,0)
 ,(100,5,290,'Header-left',0,'0',0,0)
 ,(100,5,297,'Footer',0,'0',0,0)
 ,(100,5,342,'Main : Layout 1 : Cell 2',0,'1',0,0)
 ,(100,5,264,'Header-right',1,'0',0,0)
 ,(123,3,274,'Footer-2',0,'0',0,0)
 ,(123,3,290,'Header-left',0,'0',0,0)
 ,(123,3,297,'Footer',0,'0',0,0)
 ,(123,3,318,'Header',0,'0',0,0)
 ,(123,3,328,'Header-nav',0,'0',0,0)
 ,(123,3,264,'Header-right',1,'0',0,0)
 ,(123,3,331,'Sidebar-Right',0,'0',0,0)
 ,(123,3,340,'Sidebar',0,'0',0,0)
 ,(133,3,262,'Header-right',0,'0',0,0)
 ,(133,3,273,'Sidebar',1,'0',0,0)
 ,(133,3,274,'Footer-2',0,'0',0,0)
 ,(133,3,290,'Header-left',0,'0',0,0)
 ,(133,3,297,'Footer',0,'0',0,0)
 ,(133,3,318,'Header',0,'0',0,0)
 ,(133,3,328,'Header-nav',0,'0',0,0)
 ,(133,3,331,'Sidebar-Right',0,'0',0,0)
 ,(133,3,264,'Header-right',1,'0',0,0)
 ,(133,3,340,'Sidebar',0,'0',0,0)
 ,(92,1,336,'Sidebar-Right',0,'0',0,0)
 ,(92,1,331,'Sidebar-Right',1,'0',0,0)
 ,(110,3,260,'Header',0,'0',0,0)
 ,(110,3,262,'Header-right',0,'0',0,0)
 ,(110,3,273,'Sidebar',0,'0',0,0)
 ,(110,3,274,'Footer-2',0,'0',0,0)
 ,(110,3,290,'Header-left',0,'0',0,0)
 ,(110,3,297,'Footer',0,'0',0,0)
 ,(110,3,264,'Header-right',1,'0',0,0)
 ,(110,3,336,'Sidebar-Right',0,'0',0,0)
 ,(110,3,331,'Sidebar-Right',1,'0',0,0)
 ,(111,3,260,'Header',0,'0',0,0)
 ,(111,3,262,'Header-right',0,'0',0,0)
 ,(111,3,273,'Sidebar',0,'0',0,0)
 ,(111,3,274,'Footer-2',0,'0',0,0)
 ,(111,3,290,'Header-left',0,'0',0,0)
 ,(111,3,297,'Footer',0,'0',0,0)
 ,(111,3,264,'Header-right',1,'0',0,0)
 ,(111,3,331,'Sidebar-Right',1,'0',0,0)
 ,(111,3,336,'Sidebar-Right',0,'0',0,0)
 ,(112,3,260,'Header',0,'0',0,0)
 ,(112,3,262,'Header-right',0,'0',0,0)
 ,(112,3,273,'Sidebar',0,'0',0,0)
 ,(112,3,274,'Footer-2',0,'0',0,0)
 ,(112,3,290,'Header-left',0,'0',0,0)
 ,(112,3,297,'Footer',0,'0',0,0)
 ,(112,3,264,'Header-right',1,'0',0,0)
 ,(112,3,336,'Sidebar-Right',0,'0',0,0)
 ,(112,3,331,'Sidebar-Right',1,'0',0,0)
 ,(113,3,260,'Header',0,'0',0,0)
 ,(113,3,262,'Header-right',0,'0',0,0)
 ,(113,3,273,'Sidebar',0,'0',0,0)
 ,(113,3,274,'Footer-2',0,'0',0,0)
 ,(113,3,290,'Header-left',0,'0',0,0)
 ,(113,3,297,'Footer',0,'0',0,0)
 ,(113,3,264,'Header-right',1,'0',0,0)
 ,(113,3,336,'Sidebar-Right',0,'0',0,0)
 ,(113,3,331,'Sidebar-Right',1,'0',0,0)
 ,(114,3,260,'Header',0,'0',0,0)
 ,(114,3,262,'Header-right',0,'0',0,0)
 ,(114,3,273,'Sidebar',0,'0',0,0)
 ,(114,3,274,'Footer-2',0,'0',0,0)
 ,(114,3,290,'Header-left',0,'0',0,0)
 ,(114,3,297,'Footer',0,'0',0,0)
 ,(114,3,264,'Header-right',1,'0',0,0)
 ,(114,3,336,'Sidebar-Right',0,'0',0,0)
 ,(114,3,331,'Sidebar-Right',1,'0',0,0)
 ,(106,3,260,'Header',0,'0',0,0)
 ,(106,3,262,'Header-right',0,'0',0,0)
 ,(106,3,273,'Sidebar',0,'0',0,0)
 ,(106,3,274,'Footer-2',0,'0',0,0)
 ,(106,3,290,'Header-left',0,'0',0,0)
 ,(106,3,297,'Footer',0,'0',0,0)
 ,(106,3,264,'Header-right',1,'0',0,0)
 ,(106,3,336,'Sidebar-Right',0,'0',0,0)
 ,(106,3,331,'Sidebar-Right',1,'0',0,0)
 ,(108,3,260,'Header',0,'0',0,0)
 ,(108,3,262,'Header-right',0,'0',0,0)
 ,(108,3,273,'Sidebar',0,'0',0,0)
 ,(108,3,274,'Footer-2',0,'0',0,0)
 ,(108,3,290,'Header-left',0,'0',0,0)
 ,(108,3,297,'Footer',0,'0',0,0)
 ,(108,3,264,'Header-right',1,'0',0,0)
 ,(108,3,336,'Sidebar-Right',0,'0',0,0)
 ,(108,3,331,'Sidebar-Right',1,'0',0,0)
 ,(105,3,260,'Header',0,'0',0,0)
 ,(105,3,262,'Header-right',0,'0',0,0)
 ,(105,3,273,'Sidebar',0,'0',0,0)
 ,(105,3,274,'Footer-2',0,'0',0,0)
 ,(105,3,290,'Header-left',0,'0',0,0)
 ,(105,3,297,'Footer',0,'0',0,0)
 ,(105,3,264,'Header-right',1,'0',0,0)
 ,(105,3,336,'Sidebar-Right',0,'0',0,0)
 ,(105,3,331,'Sidebar-Right',1,'0',0,0)
 ,(109,3,260,'Header',0,'0',0,0)
 ,(109,3,262,'Header-right',0,'0',0,0)
 ,(109,3,273,'Sidebar',0,'0',0,0)
 ,(109,3,274,'Footer-2',0,'0',0,0)
 ,(109,3,290,'Header-left',0,'0',0,0)
 ,(109,3,297,'Footer',0,'0',0,0)
 ,(109,3,264,'Header-right',1,'0',0,0)
 ,(109,3,336,'Sidebar-Right',0,'0',0,0)
 ,(109,3,331,'Sidebar-Right',1,'0',0,0)
 ,(136,2,338,'Sidebar',0,'0',0,0)
 ,(136,2,274,'Footer-2',0,'0',0,0)
 ,(136,2,290,'Header-left',0,'0',0,0)
 ,(136,2,297,'Footer',0,'0',0,0)
 ,(136,2,321,'Header',0,'0',0,0)
 ,(136,2,322,'Header-nav',0,'0',0,0)
 ,(136,2,336,'Sidebar-Right',0,'0',0,0)
 ,(134,2,336,'Sidebar-Right',0,'0',0,0)
 ,(134,2,322,'Header-nav',0,'0',0,0)
 ,(134,2,321,'Header',0,'0',0,0)
 ,(134,2,297,'Footer',0,'0',0,0)
 ,(134,2,290,'Header-left',0,'0',0,0)
 ,(134,2,274,'Footer-2',0,'0',0,0)
 ,(134,2,338,'Sidebar',0,'0',0,0)
 ,(134,2,273,'Sidebar',1,'0',0,0)
 ,(134,2,264,'Header-right',1,'0',0,0)
 ,(135,2,336,'Sidebar-Right',0,'0',0,0)
 ,(135,2,322,'Header-nav',0,'0',0,0)
 ,(135,2,321,'Header',0,'0',0,0)
 ,(135,2,297,'Footer',0,'0',0,0)
 ,(135,2,290,'Header-left',0,'0',0,0)
 ,(135,2,274,'Footer-2',0,'0',0,0)
 ,(135,2,338,'Sidebar',0,'0',0,0)
 ,(135,2,273,'Sidebar',1,'0',0,0)
 ,(135,2,264,'Header-right',1,'0',0,0)
 ,(136,2,273,'Sidebar',1,'0',0,0)
 ,(136,2,264,'Header-right',1,'0',0,0)
 ,(137,2,336,'Sidebar-Right',0,'0',0,0)
 ,(137,2,322,'Header-nav',0,'0',0,0)
 ,(137,2,321,'Header',0,'0',0,0)
 ,(137,2,297,'Footer',0,'0',0,0)
 ,(137,2,290,'Header-left',0,'0',0,0)
 ,(137,2,274,'Footer-2',0,'0',0,0)
 ,(137,2,338,'Sidebar',0,'0',0,0)
 ,(137,2,273,'Sidebar',1,'0',0,0)
 ,(137,2,264,'Header-right',1,'0',0,0)
 ,(138,2,336,'Sidebar-Right',0,'0',0,0)
 ,(138,2,322,'Header-nav',0,'0',0,0)
 ,(138,2,321,'Header',0,'0',0,0)
 ,(138,2,297,'Footer',0,'0',0,0)
 ,(138,2,290,'Header-left',0,'0',0,0)
 ,(138,2,274,'Footer-2',0,'0',0,0)
 ,(138,2,338,'Sidebar',0,'0',0,0)
 ,(138,2,273,'Sidebar',1,'0',0,0)
 ,(139,2,336,'Sidebar-Right',0,'0',0,0)
 ,(139,2,322,'Header-nav',0,'0',0,0)
 ,(139,2,321,'Header',0,'0',0,0)
 ,(139,2,297,'Footer',0,'0',0,0)
 ,(139,2,290,'Header-left',0,'0',0,0)
 ,(139,2,274,'Footer-2',0,'0',0,0)
 ,(139,2,338,'Sidebar',0,'0',0,0)
 ,(139,2,273,'Sidebar',1,'0',0,0)
 ,(139,2,264,'Header-right',1,'0',0,0)
 ,(140,2,262,'Header-right',0,'0',0,0)
 ,(140,2,336,'Sidebar-Right',0,'0',0,0)
 ,(140,2,322,'Header-nav',0,'0',0,0)
 ,(140,2,321,'Header',0,'0',0,0)
 ,(140,2,297,'Footer',0,'0',0,0)
 ,(140,2,290,'Header-left',0,'0',0,0)
 ,(140,2,274,'Footer-2',0,'0',0,0)
 ,(140,2,338,'Sidebar',0,'0',0,0)
 ,(140,2,273,'Sidebar',1,'0',0,0)
 ,(140,2,264,'Header-right',1,'0',0,0)
 ,(141,2,262,'Header-right',0,'0',0,0)
 ,(141,2,336,'Sidebar-Right',0,'0',0,0)
 ,(141,2,322,'Header-nav',0,'0',0,0)
 ,(141,2,321,'Header',0,'0',0,0)
 ,(141,2,297,'Footer',0,'0',0,0)
 ,(141,2,290,'Header-left',0,'0',0,0)
 ,(141,2,274,'Footer-2',0,'0',0,0)
 ,(141,2,338,'Sidebar',0,'0',0,0)
 ,(141,2,273,'Sidebar',1,'0',0,0)
 ,(141,2,264,'Header-right',1,'0',0,0)
 ,(142,2,262,'Header-right',0,'0',0,0)
 ,(142,2,336,'Sidebar-Right',0,'0',0,0)
 ,(142,2,322,'Header-nav',0,'0',0,0)
 ,(142,2,321,'Header',0,'0',0,0)
 ,(142,2,297,'Footer',0,'0',0,0)
 ,(142,2,290,'Header-left',0,'0',0,0)
 ,(142,2,274,'Footer-2',0,'0',0,0)
 ,(142,2,338,'Sidebar',0,'0',0,0)
 ,(142,2,273,'Sidebar',1,'0',0,0)
 ,(142,2,264,'Header-right',1,'0',0,0)
 ,(143,2,262,'Header-right',0,'0',0,0)
 ,(143,2,336,'Sidebar-Right',0,'0',0,0)
 ,(143,2,322,'Header-nav',0,'0',0,0)
 ,(143,2,321,'Header',0,'0',0,0)
 ,(143,2,297,'Footer',0,'0',0,0)
 ,(115,3,264,'Header-right',1,'0',0,0)
 ,(115,3,273,'Sidebar',1,'0',0,0)
 ,(115,3,274,'Footer-2',0,'0',0,0)
 ,(115,3,290,'Header-left',0,'0',0,0)
 ,(115,3,297,'Footer',0,'0',0,0)
 ,(115,3,321,'Header',0,'0',0,0)
 ,(115,3,322,'Header-nav',0,'0',0,0)
 ,(115,3,338,'Sidebar',0,'0',0,0)
 ,(115,3,336,'Sidebar-Right',0,'0',0,0)
 ,(115,3,262,'Header-right',0,'0',0,0)
 ,(120,3,264,'Header-right',1,'0',0,0)
 ,(120,3,273,'Sidebar',1,'0',0,0)
 ,(120,3,274,'Footer-2',0,'0',0,0)
 ,(120,3,290,'Header-left',0,'0',0,0)
 ,(120,3,297,'Footer',0,'0',0,0)
 ,(120,3,321,'Header',0,'0',0,0)
 ,(120,3,322,'Header-nav',0,'0',0,0)
 ,(120,3,262,'Header-right',0,'0',0,0)
 ,(120,3,336,'Sidebar-Right',0,'0',0,0)
 ,(120,3,338,'Sidebar',0,'0',0,0)
 ,(122,3,264,'Header-right',1,'0',0,0)
 ,(122,3,273,'Sidebar',1,'0',0,0)
 ,(122,3,274,'Footer-2',0,'0',0,0)
 ,(122,3,290,'Header-left',0,'0',0,0)
 ,(122,3,297,'Footer',0,'0',0,0)
 ,(122,3,321,'Header',0,'0',0,0)
 ,(122,3,322,'Header-nav',0,'0',0,0)
 ,(122,3,262,'Header-right',0,'0',0,0)
 ,(122,3,336,'Sidebar-Right',0,'0',0,0)
 ,(122,3,338,'Sidebar',0,'0',0,0)
 ,(105,4,260,'Header',0,'0',0,0)
 ,(105,4,262,'Header-right',0,'0',0,0)
 ,(105,4,273,'Sidebar',0,'0',0,0)
 ,(105,4,274,'Footer-2',0,'0',0,0)
 ,(105,4,290,'Header-left',0,'0',0,0)
 ,(105,4,297,'Footer',0,'0',0,0)
 ,(105,4,336,'Sidebar-Right',0,'0',0,0)
 ,(105,4,264,'Header-right',1,'0',0,0)
 ,(105,4,331,'Sidebar-Right',1,'0',0,0)
 ,(105,4,343,'Main',1,'1',0,0)
 ,(105,4,344,'Main',0,'1',0,0)
 ,(100,6,260,'Header',0,'0',0,0)
 ,(100,6,262,'Header-right',0,'0',0,0)
 ,(100,6,273,'Sidebar',0,'0',0,0)
 ,(100,6,274,'Footer-2',0,'0',0,0)
 ,(100,6,290,'Header-left',0,'0',0,0)
 ,(100,6,297,'Footer',0,'0',0,0)
 ,(100,6,341,'Main : Layout 1 : Cell 1',0,'0',0,0)
 ,(100,6,342,'Main : Layout 1 : Cell 2',0,'0',0,0)
 ,(100,6,264,'Header-right',1,'0',0,0)
 ,(115,4,262,'Header-right',0,'0',0,0)
 ,(115,4,336,'Sidebar-Right',0,'0',0,0)
 ,(115,4,322,'Header-nav',0,'0',0,0)
 ,(115,4,321,'Header',0,'0',0,0)
 ,(115,4,297,'Footer',0,'0',0,0)
 ,(115,4,290,'Header-left',0,'0',0,0)
 ,(115,4,274,'Footer-2',0,'0',0,0)
 ,(115,4,338,'Sidebar',0,'0',0,0)
 ,(115,4,273,'Sidebar',1,'0',0,0)
 ,(115,4,264,'Header-right',1,'0',0,0)
 ,(101,3,262,'Header-right',0,'0',0,0)
 ,(90,5,273,'Sidebar',1,'0',0,0)
 ,(90,5,297,'Footer',0,'0',0,0)
 ,(90,5,274,'Footer-2',0,'0',0,0)
 ,(101,3,260,'Header',0,'0',0,0)
 ,(90,5,290,'Header-left',0,'0',0,0)
 ,(90,5,318,'Header',0,'0',0,0)
 ,(90,5,262,'Header-right',0,'0',0,0)
 ,(90,5,264,'Header-right',1,'0',0,0)
 ,(90,5,331,'Sidebar-Right',0,'0',0,0)
 ,(90,5,328,'Header-nav',0,'0',0,0)
 ,(90,5,340,'Sidebar',0,'0',0,0)
 ,(91,5,290,'Header-left',0,'0',0,0)
 ,(91,5,321,'Header',0,'0',0,0)
 ,(91,5,262,'Header-right',0,'0',0,0)
 ,(91,5,264,'Header-right',1,'0',0,0)
 ,(91,5,336,'Sidebar-Right',0,'0',0,0)
 ,(91,5,322,'Header-nav',0,'0',0,0)
 ,(91,5,338,'Sidebar',0,'0',0,0)
 ,(91,5,273,'Sidebar',1,'0',0,0)
 ,(91,5,297,'Footer',0,'0',0,0)
 ,(91,5,274,'Footer',1,'0',0,0)
 ,(101,3,273,'Sidebar',0,'0',0,0)
 ,(101,3,274,'Footer-2',0,'0',0,0)
 ,(101,3,290,'Header-left',0,'0',0,0)
 ,(101,3,297,'Footer',0,'0',0,0)
 ,(101,3,264,'Header-right',1,'0',0,0)
 ,(101,3,336,'Sidebar-Right',0,'0',0,0)
 ,(101,3,331,'Sidebar-Right',1,'0',0,0)
 ,(104,4,260,'Header',0,'0',0,0)
 ,(104,4,262,'Header-right',0,'0',0,0)
 ,(104,4,273,'Sidebar',0,'0',0,0)
 ,(104,4,274,'Footer-2',0,'0',0,0)
 ,(104,4,290,'Header-left',0,'0',0,0)
 ,(104,4,297,'Footer',0,'0',0,0)
 ,(104,4,264,'Header-right',1,'0',0,0)
 ,(104,4,336,'Sidebar-Right',0,'0',0,0)
 ,(104,4,331,'Sidebar-Right',1,'0',0,0)
 ,(132,4,262,'Header-right',0,'0',0,0)
 ,(132,4,273,'Sidebar',1,'0',0,0)
 ,(132,4,274,'Footer-2',0,'0',0,0)
 ,(132,4,290,'Header-left',0,'0',0,0)
 ,(132,4,297,'Footer',0,'0',0,0)
 ,(132,4,318,'Header',0,'0',0,0)
 ,(132,4,328,'Header-nav',0,'0',0,0)
 ,(132,4,331,'Sidebar-Right',0,'0',0,0)
 ,(132,4,264,'Header-right',1,'0',0,0)
 ,(132,4,340,'Sidebar',0,'0',0,0)
 ,(125,3,264,'Header-right',1,'0',0,0)
 ,(125,3,274,'Footer-2',0,'0',0,0)
 ,(125,3,290,'Header-left',0,'0',0,0)
 ,(125,3,297,'Footer',0,'0',0,0)
 ,(125,3,321,'Header',0,'0',0,0)
 ,(125,3,322,'Header-nav',0,'0',0,0)
 ,(125,3,336,'Sidebar-Right',0,'0',0,0)
 ,(125,3,273,'Sidebar',1,'0',0,0)
 ,(125,3,338,'Sidebar',0,'0',0,0)
 ,(125,3,262,'Header-right',0,'0',0,0)
 ,(100,7,260,'Header',0,'0',0,0)
 ,(100,7,262,'Header-right',0,'0',0,0)
 ,(100,7,273,'Sidebar',0,'0',0,0)
 ,(100,7,274,'Footer-2',0,'0',0,0)
 ,(100,7,290,'Header-left',0,'0',0,0)
 ,(100,7,297,'Footer',0,'0',0,0)
 ,(100,7,341,'Main : Layout 1 : Cell 1',0,'0',0,0)
 ,(100,7,342,'Main : Layout 1 : Cell 2',0,'0',0,0)
 ,(100,7,264,'Header-right',1,'0',0,0)
 ,(100,8,260,'Header',0,'0',0,0)
 ,(100,8,262,'Header-right',0,'0',0,0)
 ,(100,8,273,'Sidebar',0,'0',0,0)
 ,(100,8,274,'Footer-2',0,'0',0,0)
 ,(100,8,290,'Header-left',0,'0',0,0)
 ,(100,8,297,'Footer',0,'0',0,0)
 ,(100,8,341,'Main : Layout 1 : Cell 1',0,'0',0,0)
 ,(100,8,342,'Main : Layout 1 : Cell 2',0,'0',0,0)
 ,(100,8,264,'Header-right',1,'0',0,0)
 ,(107,5,262,'Header-right',0,'0',0,0)
 ,(107,5,336,'Sidebar-Right',0,'0',0,0)
 ,(107,5,322,'Header-nav',0,'0',0,0)
 ,(107,5,321,'Header',0,'0',0,0)
 ,(107,5,297,'Footer',0,'0',0,0)
 ,(107,5,290,'Header-left',0,'0',0,0)
 ,(107,5,274,'Footer-2',0,'0',0,0)
 ,(107,5,338,'Sidebar',0,'0',0,0)
 ,(107,5,273,'Sidebar',1,'0',0,0)
 ,(107,5,264,'Header-right',1,'0',0,0)
 ,(107,6,262,'Header-right',0,'0',0,0)
 ,(107,6,336,'Sidebar-Right',0,'0',0,0)
 ,(107,6,322,'Header-nav',0,'0',0,0)
 ,(107,6,321,'Header',0,'0',0,0)
 ,(107,6,297,'Footer',0,'0',0,0)
 ,(107,6,290,'Header-left',0,'0',0,0)
 ,(107,6,274,'Footer-2',0,'0',0,0)
 ,(107,6,338,'Sidebar',0,'0',0,0)
 ,(107,6,273,'Sidebar',1,'0',0,0)
 ,(107,6,264,'Header-right',1,'0',0,0)
 ,(115,5,262,'Header-right',0,'0',0,0)
 ,(115,5,336,'Sidebar-Right',0,'0',0,0)
 ,(115,5,322,'Header-nav',0,'0',0,0)
 ,(115,5,321,'Header',0,'0',0,0)
 ,(115,5,297,'Footer',0,'0',0,0)
 ,(115,5,290,'Header-left',0,'0',0,0)
 ,(115,5,274,'Footer-2',0,'0',0,0)
 ,(115,5,338,'Sidebar',0,'0',0,0)
 ,(115,5,273,'Sidebar',1,'0',0,0)
 ,(115,5,264,'Header-right',1,'0',0,0)
 ,(143,3,262,'Header-right',0,'0',0,0)
 ,(143,3,297,'Footer',0,'0',0,0)
 ,(143,3,321,'Header',0,'0',0,0)
 ,(143,3,322,'Header-nav',0,'0',0,0)
 ,(143,3,336,'Sidebar-Right',0,'0',0,0)
 ,(143,3,290,'Header-left',0,'0',0,0)
 ,(143,3,264,'Header-right',1,'0',0,0)
 ,(143,3,338,'Sidebar',0,'0',0,0)
 ,(143,3,273,'Sidebar',1,'0',0,0)
 ,(143,3,274,'Footer-2',0,'0',0,0)
 ,(143,4,262,'Header-right',0,'0',0,0)
 ,(143,4,336,'Sidebar-Right',0,'0',0,0)
 ,(143,4,322,'Header-nav',0,'0',0,0)
 ,(143,4,321,'Header',0,'0',0,0)
 ,(143,4,297,'Footer',0,'0',0,0)
 ,(143,4,290,'Header-left',0,'0',0,0)
 ,(143,4,274,'Footer-2',0,'0',0,0)
 ,(143,4,338,'Sidebar',0,'0',0,0)
 ,(143,4,273,'Sidebar',1,'0',0,0)
 ,(143,4,264,'Header-right',1,'0',0,0)
 ,(100,9,260,'Header',0,'0',0,0)
 ,(100,9,262,'Header-right',0,'0',0,0)
 ,(100,9,273,'Sidebar',0,'0',0,0)
 ,(100,9,274,'Footer-2',0,'0',0,0)
 ,(100,9,290,'Header-left',0,'0',0,0)
 ,(100,9,297,'Footer',0,'0',0,0)
 ,(110,4,260,'Header',0,'0',0,0)
 ,(100,9,346,'Main : Layout 1 : Cell 1',0,'1',0,0)
 ,(100,9,264,'Header-right',1,'0',0,0)
 ,(100,9,345,'Main : Layout 1 : Cell 2',0,'1',0,0)
 ,(110,4,262,'Header-right',0,'0',0,0)
 ,(110,4,273,'Sidebar',0,'0',0,0)
 ,(110,4,274,'Footer-2',0,'0',0,0)
 ,(110,4,290,'Header-left',0,'0',0,0)
 ,(110,4,297,'Footer',0,'0',0,0)
 ,(110,4,336,'Sidebar-Right',0,'0',0,0)
 ,(110,4,264,'Header-right',1,'0',0,0)
 ,(110,4,331,'Sidebar-Right',1,'0',0,0)
 ,(110,4,347,'Main',0,'1',0,0)
 ,(110,4,348,'Main',1,'1',0,0)
 ,(110,5,260,'Header',0,'0',0,0)
 ,(110,6,260,'Header',0,'0',0,0)
 ,(110,5,336,'Sidebar-Right',0,'0',0,0)
 ,(110,5,297,'Footer',0,'0',0,0)
 ,(110,5,290,'Header-left',0,'0',0,0)
 ,(110,5,274,'Footer-2',0,'0',0,0)
 ,(110,5,273,'Sidebar',0,'0',0,0)
 ,(110,5,262,'Header-right',0,'0',0,0)
 ,(110,5,331,'Sidebar-Right',1,'0',0,0)
 ,(110,5,264,'Header-right',1,'0',0,0)
 ,(110,5,350,'Main',0,'1',0,0)
 ,(110,5,349,'Main',1,'1',0,0)
 ,(110,6,336,'Sidebar-Right',0,'0',0,0)
 ,(110,6,297,'Footer',0,'0',0,0)
 ,(110,6,290,'Header-left',0,'0',0,0)
 ,(110,6,274,'Footer-2',0,'0',0,0)
 ,(110,6,273,'Sidebar',0,'0',0,0)
 ,(110,6,262,'Header-right',0,'0',0,0)
 ,(110,6,350,'Main',0,'0',0,0)
 ,(110,6,264,'Header-right',1,'0',0,0)
 ,(110,6,331,'Sidebar-Right',1,'0',0,0)
 ,(110,6,349,'Main',1,'0',0,0)
 ,(110,6,351,'Main',2,'1',0,0)
 ,(110,7,260,'Header',0,'0',0,0)
 ,(110,8,260,'Header',0,'0',0,0)
 ,(110,7,336,'Sidebar-Right',0,'0',0,0)
 ,(110,7,297,'Footer',0,'0',0,0)
 ,(110,7,290,'Header-left',0,'0',0,0)
 ,(110,7,274,'Footer-2',0,'0',0,0)
 ,(110,7,273,'Sidebar',0,'0',0,0)
 ,(110,7,262,'Header-right',0,'0',0,0)
 ,(110,7,331,'Sidebar-Right',1,'0',0,0)
 ,(110,7,264,'Header-right',1,'0',0,0)
 ,(110,7,349,'Main',1,'0',0,0)
 ,(110,7,351,'Main',2,'0',0,0)
 ,(110,7,352,'Main',0,'1',0,0)
 ,(110,8,336,'Sidebar-Right',0,'0',0,0)
 ,(110,8,297,'Footer',0,'0',0,0)
 ,(110,8,290,'Header-left',0,'0',0,0)
 ,(110,8,274,'Footer-2',0,'0',0,0)
 ,(110,8,273,'Sidebar',0,'0',0,0)
 ,(110,8,262,'Header-right',0,'0',0,0)
 ,(110,8,352,'Main',0,'0',0,0)
 ,(110,8,264,'Header-right',1,'0',0,0)
 ,(110,8,331,'Sidebar-Right',1,'0',0,0)
 ,(110,8,354,'Main',2,'1',0,0)
 ,(110,9,260,'Header',0,'0',0,0)
 ,(110,8,353,'Main',1,'1',0,0)
 ,(110,9,352,'Main',0,'0',0,0)
 ,(110,9,336,'Sidebar-Right',0,'0',0,0)
 ,(110,9,297,'Footer',0,'0',0,0)
 ,(110,9,290,'Header-left',0,'0',0,0)
 ,(110,9,274,'Footer-2',0,'0',0,0)
 ,(110,9,273,'Sidebar',0,'0',0,0)
 ,(110,9,262,'Header-right',0,'0',0,0)
 ,(110,9,331,'Sidebar-Right',1,'0',0,0)
 ,(110,9,264,'Header-right',1,'0',0,0)
 ,(110,9,353,'Main',1,'0',0,0)
 ,(110,9,354,'Main',2,'0',0,0)
 ,(110,9,355,'Sidebar-Right',2,'1',0,0)
 ,(110,10,260,'Header',0,'0',0,0)
 ,(110,10,352,'Main',0,'0',0,0)
 ,(110,10,336,'Sidebar-Right',0,'0',0,0)
 ,(110,10,297,'Footer',0,'0',0,0)
 ,(110,10,290,'Header-left',0,'0',0,0)
 ,(110,10,274,'Footer-2',0,'0',0,0)
 ,(110,10,273,'Sidebar',0,'0',0,0)
 ,(110,10,262,'Header-right',0,'0',0,0)
 ,(110,10,331,'Sidebar-Right',1,'0',0,0)
 ,(110,10,264,'Header-right',1,'0',0,0)
 ,(110,10,353,'Main',1,'0',0,0)
 ,(110,10,354,'Main',2,'0',0,0)
 ,(110,11,260,'Header',0,'0',0,0)
 ,(110,10,356,'Sidebar-Right',2,'1',0,0)
 ,(110,11,352,'Main',0,'0',0,0)
 ,(110,11,336,'Sidebar-Right',0,'0',0,0)
 ,(110,11,297,'Footer',0,'0',0,0)
 ,(110,11,290,'Header-left',0,'0',0,0)
 ,(110,11,274,'Footer-2',0,'0',0,0)
 ,(110,11,273,'Sidebar',0,'0',0,0)
 ,(110,11,262,'Header-right',0,'0',0,0)
 ,(110,11,331,'Sidebar-Right',1,'0',0,0)
 ,(110,11,264,'Header-right',1,'0',0,0)
 ,(110,11,353,'Main',1,'0',0,0)
 ,(110,11,354,'Main',2,'0',0,0)
 ,(110,12,260,'Header',0,'0',0,0)
 ,(110,11,357,'Sidebar-Right',2,'1',0,0)
 ,(110,12,352,'Main',0,'0',0,0)
 ,(110,12,336,'Sidebar-Right',0,'0',0,0)
 ,(110,12,297,'Footer',0,'0',0,0)
 ,(110,12,290,'Header-left',0,'0',0,0)
 ,(110,12,274,'Footer-2',0,'0',0,0)
 ,(110,12,273,'Sidebar',0,'0',0,0)
 ,(110,12,262,'Header-right',0,'0',0,0)
 ,(110,12,331,'Sidebar-Right',1,'0',0,0)
 ,(110,12,264,'Header-right',1,'0',0,0)
 ,(110,12,353,'Main',1,'0',0,0)
 ,(110,12,354,'Main',2,'0',0,0)
 ,(110,12,357,'Sidebar-Right',2,'0',0,0)
 ,(123,4,262,'Header-right',0,'0',0,0)
 ,(123,4,331,'Sidebar-Right',0,'0',0,0)
 ,(123,4,328,'Header-nav',0,'0',0,0)
 ,(123,4,318,'Header',0,'0',0,0)
 ,(123,4,297,'Footer',0,'0',0,0)
 ,(123,4,290,'Header-left',0,'0',0,0)
 ,(123,4,274,'Footer-2',0,'0',0,0)
 ,(123,4,340,'Sidebar',0,'0',0,0)
 ,(123,4,273,'Sidebar',1,'0',0,0)
 ,(123,4,264,'Header-right',1,'0',0,0)
 ,(123,4,358,'Main',0,'1',0,0)
 ,(123,4,359,'Main',1,'1',0,0)
 ,(123,5,262,'Header-right',0,'0',0,0)
 ,(123,5,358,'Main',0,'0',0,0)
 ,(123,5,340,'Sidebar',0,'0',0,0)
 ,(123,5,331,'Sidebar-Right',0,'0',0,0)
 ,(123,5,328,'Header-nav',0,'0',0,0)
 ,(123,5,318,'Header',0,'0',0,0)
 ,(123,5,297,'Footer',0,'0',0,0)
 ,(123,5,290,'Header-left',0,'0',0,0)
 ,(123,5,274,'Footer-2',0,'0',0,0)
 ,(123,5,273,'Sidebar',1,'0',0,0)
 ,(123,5,264,'Header-right',1,'0',0,0)
 ,(123,5,359,'Main',1,'0',0,0)
 ,(123,5,360,'Main',2,'1',0,0)
 ,(107,7,262,'Header-right',0,'0',0,0)
 ,(107,7,336,'Sidebar-Right',0,'0',0,0)
 ,(107,7,322,'Header-nav',0,'0',0,0)
 ,(107,7,321,'Header',0,'0',0,0)
 ,(107,7,297,'Footer',0,'0',0,0)
 ,(107,7,290,'Header-left',0,'0',0,0)
 ,(107,7,274,'Footer-2',0,'0',0,0)
 ,(107,7,338,'Sidebar',0,'0',0,0)
 ,(107,7,273,'Sidebar',1,'0',0,0)
 ,(107,7,264,'Header-right',1,'0',0,0)
 ,(107,7,361,'Main',0,'1',0,0)
 ,(107,7,362,'Main',1,'1',0,0)
 ,(86,1,364,'Header-left',0,'0',0,0)
 ,(36,2,364,'Anglais',0,'1',0,0)
 ,(86,1,366,'Header',0,'0',0,0)
 ,(36,2,366,'Anglais',0,'1',0,0)
 ,(86,1,368,'Header-right',0,'0',0,0)
 ,(36,2,368,'Anglais',0,'1',0,0)
 ,(86,1,370,'Header-right',1,'0',0,0)
 ,(36,2,370,'Anglais',1,'1',0,0)
 ,(86,1,372,'Sidebar',0,'0',0,0)
 ,(36,2,372,'Anglais',0,'1',0,0)
 ,(86,1,374,'Footer',0,'0',0,0)
 ,(36,2,374,'Anglais',0,'1',0,0)
 ,(86,1,385,'Footer-2',0,'0',0,0)
 ,(93,1,364,'Header-left',0,'0',0,0)
 ,(93,1,377,'Header',0,'0',0,0)
 ,(93,1,368,'Header-right',0,'0',0,0)
 ,(93,1,370,'Header-right',1,'0',0,0)
 ,(36,2,377,'Anglais',0,'1',0,0)
 ,(93,1,379,'Header-nav',0,'0',0,0)
 ,(36,2,379,'Anglais',0,'1',0,0)
 ,(93,1,381,'Sidebar',0,'0',0,0)
 ,(36,2,381,'Anglais',0,'1',0,0)
 ,(93,1,372,'Sidebar',1,'0',0,0)
 ,(93,1,383,'Sidebar-Right',0,'0',0,0)
 ,(36,2,383,'Anglais',0,'1',0,0)
 ,(93,1,374,'Footer',0,'0',0,0)
 ,(93,1,385,'Footer-2',0,'0',0,0)
 ,(36,2,385,'Anglais',0,'1',0,0)
 ,(94,1,364,'Header-left',0,'0',0,0)
 ,(94,1,387,'Header',0,'0',0,0)
 ,(36,2,387,'Anglais',0,'1',0,0)
 ,(94,1,368,'Header-right',0,'0',0,0)
 ,(94,1,370,'Header-right',1,'0',0,0)
 ,(94,1,389,'Header-nav',0,'0',0,0)
 ,(36,2,389,'Anglais',0,'1',0,0)
 ,(94,1,393,'Sidebar-Right',0,'0',0,0)
 ,(94,1,392,'Sidebar',0,'0',0,0)
 ,(36,2,392,'Anglais',0,'1',0,0)
 ,(94,1,372,'Sidebar',1,'0',0,0)
 ,(94,1,374,'Footer',0,'0',0,0)
 ,(94,1,385,'Footer-2',0,'0',0,0)
 ,(36,2,393,'Anglais',0,'1',0,0)
 ,(149,3,364,'Header-left',0,'0',0,0)
 ,(149,3,377,'Header',0,'0',0,0)
 ,(149,3,368,'Header-right',0,'0',0,0)
 ,(149,3,370,'Header-right',1,'0',0,0)
 ,(149,3,383,'Sidebar-Right',0,'0',0,0)
 ,(149,3,381,'Sidebar',0,'0',0,0)
 ,(149,3,372,'Sidebar',1,'0',0,0)
 ,(149,3,374,'Footer',0,'0',0,0)
 ,(149,3,385,'Footer-2',0,'0',0,0)
 ,(149,4,364,'Header-left',0,'0',0,0)
 ,(149,4,368,'Header-right',0,'0',0,0)
 ,(149,4,374,'Footer',0,'0',0,0)
 ,(149,4,377,'Header',0,'0',0,0)
 ,(149,4,381,'Sidebar',0,'0',0,0)
 ,(149,4,383,'Sidebar-Right',0,'0',0,0)
 ,(149,4,385,'Footer-2',0,'0',0,0)
 ,(149,4,370,'Header-right',1,'0',0,0)
 ,(149,4,372,'Sidebar',1,'0',0,0)
 ,(149,4,379,'Header-nav',0,'0',0,0)
 ,(152,3,364,'Header-left',0,'0',0,0)
 ,(152,3,387,'Header',0,'0',0,0)
 ,(152,3,368,'Header-right',0,'0',0,0)
 ,(152,3,370,'Header-right',1,'0',0,0)
 ,(152,3,389,'Header-nav',0,'0',0,0)
 ,(152,3,393,'Sidebar-Right',0,'0',0,0)
 ,(152,3,392,'Sidebar',0,'0',0,0)
 ,(152,3,372,'Sidebar',1,'0',0,0)
 ,(152,3,374,'Footer',0,'0',0,0)
 ,(152,3,385,'Footer-2',0,'0',0,0)
 ,(157,1,364,'Header-left',0,'0',0,0)
 ,(157,1,392,'Sidebar',0,'0',0,0)
 ,(157,1,389,'Header-nav',0,'0',0,0)
 ,(157,1,387,'Header',0,'0',0,0)
 ,(157,1,385,'Footer-2',0,'0',0,0)
 ,(157,1,374,'Footer',0,'0',0,0)
 ,(157,1,368,'Header-right',0,'0',0,0)
 ,(157,1,393,'Sidebar-Right',0,'0',0,0)
 ,(157,1,372,'Sidebar',1,'0',0,0)
 ,(157,1,370,'Header-right',1,'0',0,0)
 ,(157,2,364,'Header-left',0,'0',0,0)
 ,(157,2,392,'Sidebar',0,'0',0,0)
 ,(157,2,389,'Header-nav',0,'0',0,0)
 ,(157,2,387,'Header',0,'0',0,0)
 ,(157,2,385,'Footer-2',0,'0',0,0)
 ,(157,2,374,'Footer',0,'0',0,0)
 ,(157,2,368,'Header-right',0,'0',0,0)
 ,(157,2,393,'Sidebar-Right',0,'0',0,0)
 ,(157,2,372,'Sidebar',1,'0',0,0)
 ,(157,2,370,'Header-right',1,'0',0,0)
 ,(158,1,364,'Header-left',0,'0',0,0)
 ,(158,1,366,'Header',0,'0',0,0)
 ,(158,1,368,'Header-right',0,'0',0,0)
 ,(158,1,372,'Sidebar',0,'0',0,0)
 ,(158,1,374,'Footer',0,'0',0,0)
 ,(158,1,385,'Footer-2',0,'0',0,0)
 ,(158,1,370,'Header-right',1,'0',0,0)
 ,(158,2,364,'Header-left',0,'0',0,0)
 ,(158,2,366,'Header',0,'0',0,0)
 ,(158,2,368,'Header-right',0,'0',0,0)
 ,(158,2,372,'Sidebar',0,'0',0,0)
 ,(158,2,374,'Footer',0,'0',0,0)
 ,(158,2,385,'Footer-2',0,'0',0,0)
 ,(158,2,370,'Header-right',1,'0',0,0)
 ,(159,1,364,'Header-left',0,'0',0,0)
 ,(159,1,366,'Header',0,'0',0,0)
 ,(159,1,368,'Header-right',0,'0',0,0)
 ,(159,1,372,'Sidebar',0,'0',0,0)
 ,(159,1,374,'Footer',0,'0',0,0)
 ,(159,1,385,'Footer-2',0,'0',0,0)
 ,(159,1,370,'Header-right',1,'0',0,0)
 ,(159,2,364,'Header-left',0,'0',0,0)
 ,(159,2,366,'Header',0,'0',0,0)
 ,(159,2,368,'Header-right',0,'0',0,0)
 ,(159,2,372,'Sidebar',0,'0',0,0)
 ,(159,2,374,'Footer',0,'0',0,0)
 ,(159,2,385,'Footer-2',0,'0',0,0)
 ,(159,2,370,'Header-right',1,'0',0,0)
 ,(86,1,393,'Sidebar-Right',0,'0',0,0)
 ,(86,1,383,'Sidebar-Right',1,'0',0,0)
 ,(89,8,364,'Header-left',0,'0',0,0)
 ,(89,8,366,'Header',0,'0',0,0)
 ,(89,8,368,'Header-right',0,'0',0,0)
 ,(89,8,370,'Header-right',1,'0',0,0)
 ,(89,8,372,'Sidebar',0,'0',0,0)
 ,(89,8,374,'Footer',0,'0',0,0)
 ,(89,8,385,'Footer-2',0,'0',0,0)
 ,(89,9,364,'Header-left',0,'0',0,0)
 ,(89,9,366,'Header',0,'0',0,0)
 ,(89,9,368,'Header-right',0,'0',0,0)
 ,(89,9,372,'Sidebar',0,'0',0,0)
 ,(89,9,374,'Footer',0,'0',0,0)
 ,(89,9,385,'Footer-2',0,'0',0,0)
 ,(89,9,370,'Header-right',1,'0',0,0)
 ,(89,9,394,'Main : Layout 1 : Cell 1',0,'1',0,0)
 ,(89,9,395,'Main : Layout 1 : Cell 2',0,'1',0,0)
 ,(89,10,364,'Header-left',0,'0',0,0)
 ,(89,10,366,'Header',0,'0',0,0)
 ,(89,10,368,'Header-right',0,'0',0,0)
 ,(89,10,372,'Sidebar',0,'0',0,0)
 ,(89,10,374,'Footer',0,'0',0,0)
 ,(89,10,385,'Footer-2',0,'0',0,0)
 ,(89,10,397,'Main : Layout 1 : Cell 2',0,'1',0,0)
 ,(89,11,364,'Header-left',0,'0',0,0)
 ,(89,10,370,'Header-right',1,'0',0,0)
 ,(89,10,396,'Main : Layout 1 : Cell 1',0,'1',0,0)
 ,(89,11,366,'Header',0,'0',0,0)
 ,(89,11,368,'Header-right',0,'0',0,0)
 ,(89,11,372,'Sidebar',0,'0',0,0)
 ,(89,11,374,'Footer',0,'0',0,0)
 ,(89,11,385,'Footer-2',0,'0',0,0)
 ,(89,11,399,'Main : Layout 1 : Cell 2',0,'1',0,0)
 ,(158,3,364,'Header-left',0,'0',0,0)
 ,(89,11,370,'Header-right',1,'0',0,0)
 ,(89,11,398,'Main : Layout 1 : Cell 1',0,'1',0,0)
 ,(158,3,366,'Header',0,'0',0,0)
 ,(158,3,368,'Header-right',0,'0',0,0)
 ,(158,3,372,'Sidebar',0,'0',0,0)
 ,(158,3,374,'Footer',0,'0',0,0)
 ,(158,3,385,'Footer-2',0,'0',0,0)
 ,(158,3,370,'Header-right',1,'0',0,0)
 ,(158,3,393,'Sidebar-Right',0,'0',0,0)
 ,(158,3,383,'Sidebar-Right',1,'0',0,0)
 ,(159,3,364,'Header-left',0,'0',0,0)
 ,(159,3,366,'Header',0,'0',0,0)
 ,(159,3,368,'Header-right',0,'0',0,0)
 ,(159,3,372,'Sidebar',0,'0',0,0)
 ,(159,3,374,'Footer',0,'0',0,0)
 ,(159,3,385,'Footer-2',0,'0',0,0)
 ,(159,3,370,'Header-right',1,'0',0,0)
 ,(159,3,393,'Sidebar-Right',0,'0',0,0)
 ,(159,3,383,'Sidebar-Right',1,'0',0,0)
 ,(159,4,364,'Header-left',0,'0',0,0)
 ,(159,4,366,'Header',0,'0',0,0)
 ,(159,4,368,'Header-right',0,'0',0,0)
 ,(159,4,372,'Sidebar',0,'0',0,0)
 ,(159,4,374,'Footer',0,'0',0,0)
 ,(159,4,385,'Footer-2',0,'0',0,0)
 ,(159,4,393,'Sidebar-Right',0,'0',0,0)
 ,(159,4,370,'Header-right',1,'0',0,0)
 ,(159,4,383,'Sidebar-Right',1,'0',0,0)
 ,(159,4,400,'Main',0,'1',0,0)
 ,(89,12,364,'Header-left',0,'0',0,0)
 ,(89,12,366,'Header',0,'0',0,0)
 ,(89,12,368,'Header-right',0,'0',0,0)
 ,(89,12,372,'Sidebar',0,'0',0,0)
 ,(89,12,374,'Footer',0,'0',0,0)
 ,(89,12,385,'Footer-2',0,'0',0,0)
 ,(86,1,403,'Main',0,'0',0,0)
 ,(89,12,399,'Main : Layout 1 : Cell 2',0,'0',0,0)
 ,(89,12,370,'Header-right',1,'0',0,0)
 ,(89,12,401,'Main : Layout 1 : Cell 1',0,'1',0,0)
 ,(36,2,403,'Anglais',0,'1',0,0)
 ,(93,1,403,'Main',0,'0',0,0)
 ,(94,1,403,'Main',0,'0',0,0)
 ,(92,1,405,'Main',0,'0',0,0)
 ,(36,2,405,'Francais',0,'1',0,0)
 ,(85,1,405,'Main',0,'0',0,0)
 ,(87,1,405,'Main',0,'0',0,0);

